(6983,4,20,NULL,NULL,0,'D3C-R31-02',NULL,'D3C-31',NULL,'2','STORAGE',NULL,NULL,NULL,1,'2026-07-12 12:13:07','2026-07-12 12:13:07'),
(6984,4,20,NULL,NULL,0,'D3C-R31-03',NULL,'D3C-31',NULL,'3','STORAGE',NULL,NULL,NULL,1,'2026-07-12 12:13:07','2026-07-12 12:13:07'),
(6985,4,20,NULL,NULL,0,'D3C-R31-04',NULL,'D3C-31',NULL,'4','STORAGE',NULL,NULL,NULL,1,'2026-07-12 12:13:07','2026-07-12 12:13:07'),
(6986,4,20,NULL,NULL,0,'D3C-R31-05',NULL,'D3C-31',NULL,'5','STORAGE',NULL,NULL,NULL,1,'2026-07-12 12:13:07','2026-07-12 12:13:07'),
(6987,4,20,NULL,NULL,0,'D3C-R31-06',NULL,'D3C-31',NULL,'6','STORAGE',NULL,NULL,NULL,1,'2026-07-12 12:13:07','2026-07-12 12:13:07'),
(6988,4,20,NULL,NULL,0,'D3C-R31-07',NULL,'D3C-31',NULL,'7','STORAGE',NULL,NULL,NULL,1,'2026-07-12 12:13:07','2026-07-12 12:13:07'),
(6989,4,20,NULL,NULL,0,'D3C-R31-08',NULL,'D3C-31',NULL,'8','STORAGE',NULL,NULL,NULL,1,'2026-07-12 12:13:07','2026-07-12 12:13:07'),
(6990,4,20,NULL,NULL,0,'D3C-R31-09',NULL,'D3C-31',NULL,'9','STORAGE',NULL,NULL,NULL,1,'2026-07-12 12:13:07','2026-07-12 12:13:07'),
(6991,4,20,NULL,NULL,0,'D3C-R31-10',NULL,'D3C-31',NULL,'10','STORAGE',NULL,NULL,NULL,1,'2026-07-12 12:13:07','2026-07-12 12:13:07'),
(6992,4,20,NULL,NULL,0,'D3C-R31-11',NULL,'D3C-31',NULL,'11','STORAGE',NULL,NULL,NULL,1,'2026-07-12 12:13:07','2026-07-12 12:13:07'),
(6993,4,20,NULL,NULL,0,'D3C-R31-12',NULL,'D3C-31',NULL,'12','STORAGE',NULL,NULL,NULL,1,'2026-07-12 12:13:07','2026-07-12 12:13:07'),
(6994,4,20,NULL,NULL,0,'D3C-R31-13',NULL,'D3C-31',NULL,'13','STORAGE',NULL,NULL,NULL,1,'2026-07-12 12:13:07','2026-07-12 12:13:07'),
(6995,4,20,NULL,NULL,0,'D3C-R31-14',NULL,'D3C-31',NULL,'14','STORAGE',NULL,NULL,NULL,1,'2026-07-12 12:13:07','2026-07-12 12:13:07'),
(6996,4,20,NULL,NULL,0,'D3C-R31-15',NULL,'D3C-31',NULL,'15','STORAGE',NULL,NULL,NULL,1,'2026-07-12 12:13:07','2026-07-12 12:13:07'),
(6997,4,20,NULL,NULL,0,'D3C-R31-16',NULL,'D3C-31',NULL,'16','STORAGE',NULL,NULL,NULL,1,'2026-07-12 12:13:07','2026-07-12 12:13:07'),
(6998,4,20,NULL,NULL,0,'D3C-R31-17',NULL,'D3C-31',NULL,'17','STORAGE',NULL,NULL,NULL,1,'2026-07-12 12:13:07','2026-07-12 12:13:07'),
(6999,4,20,NULL,NULL,0,'D3C-R31-18',NULL,'D3C-31',NULL,'18','STORAGE',NULL,NULL,NULL,1,'2026-07-12 12:13:07','2026-07-12 12:13:07'),
(7000,4,20,NULL,NULL,0,'D3C-R31-19',NULL,'D3C-31',NULL,'19','STORAGE',NULL,NULL,NULL,1,'2026-07-12 12:13:07','2026-07-12 12:13:07'),
(7001,4,20,NULL,NULL,0,'D3C-R31-20',NULL,'D3C-31',NULL,'20','STORAGE',NULL,NULL,NULL,1,'2026-07-12 12:13:07','2026-07-12 12:13:07'),
(7002,4,20,NULL,NULL,0,'D3C-R31-21',NULL,'D3C-31',NULL,'21','STORAGE',NULL,NULL,NULL,1,'2026-07-12 12:13:07','2026-07-12 12:13:07'),
(7003,4,20,NULL,NULL,0,'D3C-R31-22',NULL,'D3C-31',NULL,'22','STORAGE',NULL,NULL,NULL,1,'2026-07-12 12:13:07','2026-07-12 12:13:07'),
(7004,4,20,NULL,NULL,0,'D3C-R31-23',NULL,'D3C-31',NULL,'23','STORAGE',NULL,NULL,NULL,1,'2026-07-12 12:13:07','2026-07-12 12:13:07'),
(7005,4,20,NULL,NULL,0,'D3C-R31-24',NULL,'D3C-31',NULL,'24','STORAGE',NULL,NULL,NULL,1,'2026-07-12 12:13:07','2026-07-12 12:13:07'),
(7006,4,20,NULL,NULL,0,'D3C-R31-25',NULL,'D3C-31',NULL,'25','STORAGE',NULL,NULL,NULL,1,'2026-07-12 12:13:07','2026-07-12 12:13:07'),
(7007,4,20,NULL,NULL,0,'D3C-R31-26',NULL,'D3C-31',NULL,'26','STORAGE',NULL,NULL,NULL,1,'2026-07-12 12:13:07','2026-07-12 12:13:07'),
(7008,4,20,NULL,NULL,0,'D3C-R31-27',NULL,'D3C-31',NULL,'27','STORAGE',NULL,NULL,NULL,1,'2026-07-12 12:13:07','2026-07-12 12:13:07'),
(7009,4,20,NULL,NULL,0,'D3C-R31-28',NULL,'D3C-31',NULL,'28','STORAGE',NULL,NULL,NULL,1,'2026-07-12 12:13:07','2026-07-12 12:13:07'),
(7010,4,20,NULL,NULL,0,'D3C-R31-29',NULL,'D3C-31',NULL,'29','STORAGE',NULL,NULL,NULL,1,'2026-07-12 12:13:07','2026-07-12 12:13:07'),
(7011,4,20,NULL,NULL,0,'D3C-R31-30',NULL,'D3C-31',NULL,'30','STORAGE',NULL,NULL,NULL,1,'2026-07-12 12:13:07','2026-07-12 12:13:07'),
(7012,4,20,NULL,NULL,0,'D3C-R31-31',NULL,'D3C-31',NULL,'31','STORAGE',NULL,NULL,NULL,1,'2026-07-12 12:13:07','2026-07-12 12:13:07'),
(7013,4,20,NULL,NULL,0,'D3C-R31-32',NULL,'D3C-31',NULL,'32','STORAGE',NULL,NULL,NULL,1,'2026-07-12 12:13:07','2026-07-12 12:13:07'),
(7014,4,20,NULL,NULL,0,'D3C-R31-33',NULL,'D3C-31',NULL,'33','STORAGE',NULL,NULL,NULL,1,'2026-07-12 12:13:07','2026-07-12 12:13:07'),
(7015,4,20,NULL,NULL,0,'D3C-R32-01',NULL,'D3C-32',NULL,'1','STORAGE',NULL,NULL,NULL,1,'2026-07-12 12:13:07','2026-07-12 12:13:07'),
(7016,4,20,NULL,NULL,0,'D3C-R32-02',NULL,'D3C-32',NULL,'2','STORAGE',NULL,NULL,NULL,1,'2026-07-12 12:13:07','2026-07-12 12:13:07'),
(7017,4,20,NULL,NULL,0,'D3C-R32-03',NULL,'D3C-32',NULL,'3','STORAGE',NULL,NULL,NULL,1,'2026-07-12 12:13:07','2026-07-12 12:13:07'),
(7018,4,20,NULL,NULL,0,'D3C-R32-04',NULL,'D3C-32',NULL,'4','STORAGE',NULL,NULL,NULL,1,'2026-07-12 12:13:07','2026-07-12 12:13:07'),
(7019,4,20,NULL,NULL,0,'D3C-R32-05',NULL,'D3C-32',NULL,'5','STORAGE',NULL,NULL,NULL,1,'2026-07-12 12:13:07','2026-07-12 12:13:07'),
(7020,4,20,NULL,NULL,0,'D3C-R32-06',NULL,'D3C-32',NULL,'6','STORAGE',NULL,NULL,NULL,1,'2026-07-12 12:13:07','2026-07-12 12:13:07'),
(7021,4,20,NULL,NULL,0,'D3C-R32-07',NULL,'D3C-32',NULL,'7','STORAGE',NULL,NULL,NULL,1,'2026-07-12 12:13:07','2026-07-12 12:13:07'),
(7022,4,20,NULL,NULL,0,'D3C-R32-08',NULL,'D3C-32',NULL,'8','STORAGE',NULL,NULL,NULL,1,'2026-07-12 12:13:07','2026-07-12 12:13:07'),
(7023,4,20,NULL,NULL,0,'D3C-R32-09',NULL,'D3C-32',NULL,'9','STORAGE',NULL,NULL,NULL,1,'2026-07-12 12:13:07','2026-07-12 12:13:07'),
(7024,4,20,NULL,NULL,0,'D3C-R32-10',NULL,'D3C-32',NULL,'10','STORAGE',NULL,NULL,NULL,1,'2026-07-12 12:13:07','2026-07-12 12:13:07'),
(7025,4,20,NULL,NULL,0,'D3C-R32-11',NULL,'D3C-32',NULL,'11','STORAGE',NULL,NULL,NULL,1,'2026-07-12 12:13:07','2026-07-12 12:13:07'),
(7026,4,20,NULL,NULL,0,'D3C-R32-12',NULL,'D3C-32',NULL,'12','STORAGE',NULL,NULL,NULL,1,'2026-07-12 12:13:07','2026-07-12 12:13:07'),
(7027,4,20,NULL,NULL,0,'D3C-R32-13',NULL,'D3C-32',NULL,'13','STORAGE',NULL,NULL,NULL,1,'2026-07-12 12:13:07','2026-07-12 12:13:07'),
(7028,4,20,NULL,NULL,0,'D3C-R32-14',NULL,'D3C-32',NULL,'14','STORAGE',NULL,NULL,NULL,1,'2026-07-12 12:13:07','2026-07-12 12:13:07'),
(7029,4,20,NULL,NULL,0,'D3C-R32-15',NULL,'D3C-32',NULL,'15','STORAGE',NULL,NULL,NULL,1,'2026-07-12 12:13:07','2026-07-12 12:13:07'),
(7030,4,20,NULL,NULL,0,'D3C-R32-16',NULL,'D3C-32',NULL,'16','STORAGE',NULL,NULL,NULL,1,'2026-07-12 12:13:07','2026-07-12 12:13:07'),
(7031,4,20,NULL,NULL,0,'D3C-R32-17',NULL,'D3C-32',NULL,'17','STORAGE',NULL,NULL,NULL,1,'2026-07-12 12:13:07','2026-07-12 12:13:07'),
(7032,4,20,NULL,NULL,0,'D3C-R32-18',NULL,'D3C-32',NULL,'18','STORAGE',NULL,NULL,NULL,1,'2026-07-12 12:13:07','2026-07-12 12:13:07'),
(7033,4,20,NULL,NULL,0,'D3C-R32-19',NULL,'D3C-32',NULL,'19','STORAGE',NULL,NULL,NULL,1,'2026-07-12 12:13:07','2026-07-12 12:13:07'),
(7034,4,20,NULL,NULL,0,'D3C-R32-20',NULL,'D3C-32',NULL,'20','STORAGE',NULL,NULL,NULL,1,'2026-07-12 12:13:07','2026-07-12 12:13:07'),
(7035,4,20,NULL,NULL,0,'D3C-R32-21',NULL,'D3C-32',NULL,'21','STORAGE',NULL,NULL,NULL,1,'2026-07-12 12:13:07','2026-07-12 12:13:07'),
(7036,4,20,NULL,NULL,0,'D3C-R32-22',NULL,'D3C-32',NULL,'22','STORAGE',NULL,NULL,NULL,1,'2026-07-12 12:13:07','2026-07-12 12:13:07'),
(7037,4,20,NULL,NULL,0,'D3C-R32-23',NULL,'D3C-32',NULL,'23','STORAGE',NULL,NULL,NULL,1,'2026-07-12 12:13:07','2026-07-12 12:13:07'),
(7038,4,20,NULL,NULL,0,'D3C-R32-24',NULL,'D3C-32',NULL,'24','STORAGE',NULL,NULL,NULL,1,'2026-07-12 12:13:07','2026-07-12 12:13:07'),
(7039,4,20,NULL,NULL,0,'D3C-R32-25',NULL,'D3C-32',NULL,'25','STORAGE',NULL,NULL,NULL,1,'2026-07-12 12:13:07','2026-07-12 12:13:07'),
(7040,4,20,NULL,NULL,0,'D3C-R32-26',NULL,'D3C-32',NULL,'26','STORAGE',NULL,NULL,NULL,1,'2026-07-12 12:13:07','2026-07-12 12:13:07'),
(7041,4,20,NULL,NULL,0,'D3C-R32-27',NULL,'D3C-32',NULL,'27','STORAGE',NULL,NULL,NULL,1,'2026-07-12 12:13:07','2026-07-12 12:13:07'),
(7042,4,20,NULL,NULL,0,'D3C-R32-28',NULL,'D3C-32',NULL,'28','STORAGE',NULL,NULL,NULL,1,'2026-07-12 12:13:07','2026-07-12 12:13:07'),
(7043,4,20,NULL,NULL,0,'D3C-R32-29',NULL,'D3C-32',NULL,'29','STORAGE',NULL,NULL,NULL,1,'2026-07-12 12:13:07','2026-07-12 12:13:07'),
(7044,4,20,NULL,NULL,0,'D3C-R32-30',NULL,'D3C-32',NULL,'30','STORAGE',NULL,NULL,NULL,1,'2026-07-12 12:13:07','2026-07-12 12:13:07'),
(7045,4,20,NULL,NULL,0,'D3C-R32-31',NULL,'D3C-32',NULL,'31','STORAGE',NULL,NULL,NULL,1,'2026-07-12 12:13:07','2026-07-12 12:13:07'),
(7046,4,20,NULL,NULL,0,'D3C-R32-32',NULL,'D3C-32',NULL,'32','STORAGE',NULL,NULL,NULL,1,'2026-07-12 12:13:07','2026-07-12 12:13:07'),
(7047,4,20,NULL,NULL,0,'D3C-R32-33',NULL,'D3C-32',NULL,'33','STORAGE',NULL,NULL,NULL,1,'2026-07-12 12:13:07','2026-07-12 12:13:07'),
(7048,1,NULL,NULL,NULL,0,'RECEIVING-01',NULL,NULL,NULL,NULL,'RECEIVING',NULL,NULL,NULL,1,'2026-07-12 12:52:33','2026-07-12 12:52:33');

--
-- Table structure for table `companies`
--

CREATE TABLE `companies` (
  `id` int(10) unsigned NOT NULL AUTO_INCREMENT,
  `code` varchar(20) NOT NULL,
  `name` varchar(150) NOT NULL,
  `contact_name` varchar(100) DEFAULT NULL,
  `contact_email` varchar(150) DEFAULT NULL,
  `contact_phone` varchar(50) DEFAULT NULL,
  `address` varchar(255) DEFAULT NULL,
  `is_active` tinyint(1) NOT NULL DEFAULT 1,
  `created_at` datetime NOT NULL DEFAULT current_timestamp(),
  `updated_at` datetime NOT NULL DEFAULT current_timestamp() ON UPDATE current_timestamp(),
  PRIMARY KEY (`id`),
  UNIQUE KEY `uq_companies_code` (`code`)
) ENGINE=InnoDB AUTO_INCREMENT=2 DEFAULT CHARSET=utf8mb4 COLLATE=utf8mb4_unicode_ci COMMENT='Segmentacion operativa interna (marca/sucursal) - todas comparten la unica conexion SAP B1 de sap_config';

--
-- Dumping data for table `companies`
--

INSERT INTO `companies` VALUES
(1,'PRODUCTORA','LA PRODUCTORA SACI','Administración Cimplast','contacto@cimplast.com.py','+595 21 000-000','Mariano Roque Alonso, Departamento Central, Paraguay',1,'2026-07-12 11:41:06','2026-07-13 10:35:57');

--
-- Table structure for table `company_settings`
--

CREATE TABLE `company_settings` (
  `company_id` int(10) unsigned NOT NULL,
  `storage_mode` enum('CHAOTIC','DIRECTED') NOT NULL DEFAULT 'CHAOTIC' COMMENT 'CHAOTIC = cualquier ubicacion libre; DIRECTED = ubicacion fija asignada por SKU',
  `picking_method` enum('FEFO','FIFO') NOT NULL DEFAULT 'FEFO',
  `location_policy` enum('MULTI_SKU','SINGLE_SKU_LOT') NOT NULL DEFAULT 'MULTI_SKU' COMMENT 'MULTI_SKU = una ubicacion puede tener varios item/lote (multireferencia); SINGLE_SKU_LOT = 1 solo item+lote por ubicacion, cumplimiento estricto',
  `requires_quarantine` tinyint(1) NOT NULL DEFAULT 0 COMMENT 'Stock recibido entra en QA hasta liberacion manual (estilo DINAVISA)',
  `requires_cold_chain` tinyint(1) NOT NULL DEFAULT 0 COMMENT 'Requiere almacenamiento refrigerado - solo puede ubicarse en zonas con is_refrigerated=1',
  `shelf_life_policy` enum('BLOCK','WARN') NOT NULL DEFAULT 'BLOCK' COMMENT 'Que hacer si un lote llega con menos dias remanentes que items.min_remaining_shelf_life_days',
  `count_tolerance_pct` decimal(5,2) NOT NULL DEFAULT 5.00 COMMENT 'Variacion %% (respecto de system_qty) que dispara reconteo automatico en vez de ir directo a aprobacion',
  `uses_presentations` tinyint(1) NOT NULL DEFAULT 0 COMMENT 'Si el catalogo de esta empresa maneja multiples presentaciones (unidad/caja/pallet) por item',
  `barcode_type` enum('CODE128','EAN13','UPC_A','QR') NOT NULL DEFAULT 'CODE128' COMMENT 'Simbologia de codigo de barras que usa esta empresa (para impresion de etiquetas)',
  `notes` text DEFAULT NULL,
  `created_at` datetime NOT NULL DEFAULT current_timestamp(),
  `updated_at` datetime NOT NULL DEFAULT current_timestamp() ON UPDATE current_timestamp(),
  `manage_master_data_in_xpert` tinyint(1) NOT NULL DEFAULT 1 COMMENT 'Si esta en 1, el Catalogo de Items es editable en XPERT y los cambios se empujan a SAP; si esta en 0, es de solo lectura y se nutre solo por Pull desde SAP',
  `abc_count_freq_a_days` int(10) unsigned NOT NULL DEFAULT 30,
  `abc_count_freq_b_days` int(10) unsigned NOT NULL DEFAULT 90,
  `abc_count_freq_c_days` int(10) unsigned NOT NULL DEFAULT 365,
  `abc_replenishment_coverage_days` int(10) unsigned NOT NULL DEFAULT 7,
  `dispatch_cutoff_time` time NOT NULL DEFAULT '10:00:00',
  `picking_wave_enabled` tinyint(1) NOT NULL DEFAULT 0 COMMENT 'Apagado por defecto -- si esta en 0, el corte horario no se calcula al importar y la cola de tareas ignora fecha/zona (igual que antes de la 047)',
  `pallet_priority_strategy` enum('PALLET_FIRST','METHOD_STRICT','PALLET_IF_NOT_WORSE') NOT NULL DEFAULT 'PALLET_FIRST' COMMENT 'Prioridad entre pallet completo y el metodo de picking (FEFO/FIFO) configurado -- ver PickingService::resolvePalletStrategy',
  `pallet_priority_max_diff_days` int(10) unsigned NOT NULL DEFAULT 30 COMMENT 'Solo aplica con PALLET_IF_NOT_WORSE: dias maximos de diferencia (vencimiento si FEFO, antiguedad de recepcion si FIFO) tolerados para preferir el pallet completo',
  PRIMARY KEY (`company_id`),
  CONSTRAINT `fk_settings_company` FOREIGN KEY (`company_id`) REFERENCES `companies` (`id`)
) ENGINE=InnoDB DEFAULT CHARSET=utf8mb4 COLLATE=utf8mb4_unicode_ci COMMENT='Parametros operativos declarados por empresa - el sistema hace cumplir location_policy de forma estricta';

--
-- Dumping data for table `company_settings`
--

INSERT INTO `company_settings` VALUES
(1,'CHAOTIC','FEFO','MULTI_SKU',1,0,'BLOCK',5.00,1,'CODE128','Fabricante de envases y tapas plasticas de alta ingenieria para agroquimicos, bebidas, higiene y farmaceutica. Maestros cargados a partir del perfil institucional de Cimplast S.A.C.I.','2026-07-12 11:41:06','2026-07-19 03:11:06',1,30,90,365,7,'10:00:00',0,'PALLET_FIRST',30);

--
-- Table structure for table `customers`
--

CREATE TABLE `customers` (
  `id` int(10) unsigned NOT NULL AUTO_INCREMENT,
  `company_id` int(10) unsigned NOT NULL,
  `code` varchar(30) NOT NULL,
  `sap_card_code` varchar(20) DEFAULT NULL,
  `name` varchar(150) NOT NULL,
  `contact_name` varchar(100) DEFAULT NULL,
  `contact_email` varchar(150) DEFAULT NULL,
  `contact_phone` varchar(50) DEFAULT NULL,
  `address` varchar(255) DEFAULT NULL,
  `is_active` tinyint(1) NOT NULL DEFAULT 1,
  `created_at` datetime NOT NULL DEFAULT current_timestamp(),
  `updated_at` datetime NOT NULL DEFAULT current_timestamp() ON UPDATE current_timestamp(),
  `delivery_zone_id` int(10) unsigned DEFAULT NULL,
  `min_remaining_shelf_life_days` int(10) unsigned DEFAULT NULL COMMENT 'Minimo de dias de vida util remanente que este cliente exige por contrato -- opt-in, NULL = sin exigencia. Se verifica en Empaque, nunca bloquea el Picking.',
  PRIMARY KEY (`id`),
  UNIQUE KEY `uq_customers_company_code` (`company_id`,`code`),
  UNIQUE KEY `uq_customers_company_sap_code` (`company_id`,`sap_card_code`),
  KEY `fk_customer_deliveryzone` (`delivery_zone_id`),
  CONSTRAINT `fk_customer_deliveryzone` FOREIGN KEY (`delivery_zone_id`) REFERENCES `delivery_zones` (`id`),
  CONSTRAINT `fk_customers_company` FOREIGN KEY (`company_id`) REFERENCES `companies` (`id`)
) ENGINE=InnoDB AUTO_INCREMENT=16 DEFAULT CHARSET=utf8mb4 COLLATE=utf8mb4_unicode_ci COMMENT='Clientes de cada empresa (destinatarios de despacho) - no confundir con companies (los tenants del deposito)';

--
-- Dumping data for table `customers`
--

INSERT INTO `customers` VALUES
(1,1,'CLI001','CLI001','Tecnomyl S.A.','Contacto Comercial',NULL,NULL,'Paraguay',1,'2026-07-12 11:41:06','2026-07-19 00:46:49',NULL,NULL),
(2,1,'CLI002','CLI002','Agroquímica del Paraguay S.A.','Contacto Comercial',NULL,NULL,'Paraguay',1,'2026-07-12 11:41:06','2026-07-19 00:53:07',5,NULL),
(3,1,'CLI003','CLI003','Fitosanitarios Guaraní S.R.L.','Contacto Comercial',NULL,NULL,'Paraguay',1,'2026-07-12 11:41:06','2026-07-12 12:49:00',NULL,NULL),
(4,1,'CLI004','CLI004','Laboratorio Veterinario San Roque','Contacto Comercial',NULL,NULL,'Paraguay',1,'2026-07-12 11:41:06','2026-07-12 12:49:00',NULL,NULL),
(5,1,'CLI005','CLI005','Embotelladora Pindó S.A.','Contacto Comercial',NULL,NULL,'Paraguay',1,'2026-07-12 11:41:06','2026-07-12 12:49:00',NULL,NULL),
(6,1,'CLI006','CLI006','Aguas del Este S.A.','Contacto Comercial',NULL,NULL,'Paraguay',1,'2026-07-12 11:41:06','2026-07-19 00:54:24',7,NULL),
(7,1,'CLI007','CLI007','Jugos Naturales Guairá S.A.','Contacto Comercial',NULL,NULL,'Paraguay',1,'2026-07-12 11:41:06','2026-07-12 12:49:00',NULL,NULL),
(8,1,'CLI008','CLI008','Aceites y Condimentos Paraguay S.A.','Contacto Comercial',NULL,NULL,'Paraguay',1,'2026-07-12 11:41:06','2026-07-19 00:53:02',5,NULL),
(9,1,'CLI009','CLI009','Alimentos del Sur S.A.','Contacto Comercial',NULL,NULL,'Paraguay',1,'2026-07-12 11:41:06','2026-07-19 00:54:31',8,NULL),
(10,1,'CLI010','CLI010','Detergentes Ycuá S.A.','Contacto Comercial',NULL,NULL,'Paraguay',1,'2026-07-12 11:41:06','2026-07-12 12:49:00',NULL,NULL),
(11,1,'CLI011','CLI011','Química Domisanitaria Central S.A.','Contacto Comercial',NULL,NULL,'Paraguay',1,'2026-07-12 11:41:06','2026-07-12 12:49:00',NULL,NULL),
(12,1,'CLI012','CLI012','Laboratorio Cosmético Iguazú S.A.','Contacto Comercial',NULL,NULL,'Paraguay',1,'2026-07-12 11:41:06','2026-07-12 12:49:00',NULL,NULL),
(13,1,'CLI013','CLI013','Farmoquímica Paraguaya S.A.','Contacto Comercial',NULL,NULL,'Paraguay',1,'2026-07-12 11:41:06','2026-07-12 12:49:00',NULL,NULL),
(14,1,'CLI014','CLI014','La Caoba Tabacalera S.A.','Contacto Comercial',NULL,NULL,'Paraguay',1,'2026-07-12 11:41:06','2026-07-12 12:49:00',NULL,NULL),
(15,1,'CLI015','CLI015','Distribuidora Central de Envases S.A.','Contacto Comercial',NULL,NULL,'Paraguay',1,'2026-07-12 11:41:06','2026-07-12 12:49:00',NULL,NULL);

--
-- Table structure for table `delivery_zones`
--

CREATE TABLE `delivery_zones` (
  `id` int(10) unsigned NOT NULL AUTO_INCREMENT,
  `company_id` int(10) unsigned NOT NULL,
  `code` varchar(20) NOT NULL,
  `name` varchar(100) NOT NULL,
  `pick_sequence` int(10) unsigned NOT NULL DEFAULT 100 COMMENT 'Orden de picking entre zonas -- menor = se pickea primero',
  `is_active` tinyint(1) NOT NULL DEFAULT 1,
  `created_at` datetime NOT NULL DEFAULT current_timestamp(),
  `updated_at` datetime NOT NULL DEFAULT current_timestamp() ON UPDATE current_timestamp(),
  PRIMARY KEY (`id`),
  UNIQUE KEY `uq_deliveryzone_code` (`company_id`,`code`),
  CONSTRAINT `fk_deliveryzone_company` FOREIGN KEY (`company_id`) REFERENCES `companies` (`id`)
) ENGINE=InnoDB AUTO_INCREMENT=9 DEFAULT CHARSET=utf8mb4 COLLATE=utf8mb4_unicode_ci COMMENT='Zona de entrega/ruta del cliente -- nunca se borra, se desactiva';

--
-- Dumping data for table `delivery_zones`
--

INSERT INTO `delivery_zones` VALUES
(5,1,'ASU','ASUNCION CENTRO',100,1,'2026-07-19 00:52:20','2026-07-19 00:52:20'),
(6,1,'ASU1','ASUNCION PERIFERIA',100,1,'2026-07-19 00:52:54','2026-07-19 00:52:54'),
(7,1,'CDE','CIUDAD DEL ESTE',1000,1,'2026-07-19 00:53:53','2026-07-19 00:53:53'),
(8,1,'ENC','ENCARNACION',1000,1,'2026-07-19 00:54:18','2026-07-19 00:54:18');

--
-- Table structure for table `dispatch_trip_documents`
--

CREATE TABLE `dispatch_trip_documents` (
  `id` int(10) unsigned NOT NULL AUTO_INCREMENT,
  `trip_id` int(10) unsigned NOT NULL,
  `outbound_document_id` int(10) unsigned NOT NULL,
  `added_at` datetime NOT NULL DEFAULT current_timestamp(),
  PRIMARY KEY (`id`),
  UNIQUE KEY `uq_tripdoc` (`trip_id`,`outbound_document_id`),
  UNIQUE KEY `uq_tripdoc_document` (`outbound_document_id`) COMMENT 'Un documento solo puede viajar en un viaje a la vez',
  CONSTRAINT `fk_tripdoc_document` FOREIGN KEY (`outbound_document_id`) REFERENCES `outbound_documents` (`id`),
  CONSTRAINT `fk_tripdoc_trip` FOREIGN KEY (`trip_id`) REFERENCES `dispatch_trips` (`id`)
) ENGINE=InnoDB AUTO_INCREMENT=9 DEFAULT CHARSET=utf8mb4 COLLATE=utf8mb4_unicode_ci;

--
-- Dumping data for table `dispatch_trip_documents`
--

INSERT INTO `dispatch_trip_documents` VALUES
(1,1,1,'2026-07-12 17:06:14'),
(2,2,3,'2026-07-12 21:24:23'),
(3,2,4,'2026-07-12 21:24:23'),
(4,3,6,'2026-07-13 00:07:58'),
(5,4,2,'2026-07-13 00:10:06'),
(6,5,7,'2026-07-14 00:36:07'),
(7,6,5,'2026-07-14 02:09:24'),
(8,7,9,'2026-07-19 01:14:56');

--
-- Table structure for table `dispatch_trips`
--

CREATE TABLE `dispatch_trips` (
  `id` int(10) unsigned NOT NULL AUTO_INCREMENT,
  `trip_number` varchar(30) NOT NULL,
  `warehouse_id` int(10) unsigned NOT NULL,
  `vehicle_id` int(10) unsigned NOT NULL,
  `driver_id` int(10) unsigned NOT NULL,
  `status` enum('PLANNING','DISPATCHED','CANCELLED') NOT NULL DEFAULT 'PLANNING',
  `notes` text DEFAULT NULL,
  `dispatched_at` datetime DEFAULT NULL,
  `created_at` datetime NOT NULL DEFAULT current_timestamp(),
  `updated_at` datetime NOT NULL DEFAULT current_timestamp() ON UPDATE current_timestamp(),
  `created_by` int(10) unsigned DEFAULT NULL,
  PRIMARY KEY (`id`),
  UNIQUE KEY `uq_trip_number` (`trip_number`),
  KEY `idx_trip_warehouse` (`warehouse_id`),
  KEY `idx_trip_status` (`status`),
  KEY `fk_trip_vehicle` (`vehicle_id`),
  KEY `fk_trip_driver` (`driver_id`),
  CONSTRAINT `fk_trip_driver` FOREIGN KEY (`driver_id`) REFERENCES `drivers` (`id`),
  CONSTRAINT `fk_trip_vehicle` FOREIGN KEY (`vehicle_id`) REFERENCES `vehicles` (`id`),
  CONSTRAINT `fk_trip_warehouse` FOREIGN KEY (`warehouse_id`) REFERENCES `warehouses` (`id`)
) ENGINE=InnoDB AUTO_INCREMENT=8 DEFAULT CHARSET=utf8mb4 COLLATE=utf8mb4_unicode_ci COMMENT='Hoja de ruta / viaje de despacho. Puede llevar documentos de varias empresas a la vez';

--
-- Dumping data for table `dispatch_trips`
--

INSERT INTO `dispatch_trips` VALUES
(1,'VIA-00000001',1,1,1,'DISPATCHED',NULL,'2026-07-12 17:06:25','2026-07-12 17:05:58','2026-07-12 17:06:25',1),
(2,'VIA-00000002',1,1,1,'DISPATCHED',NULL,'2026-07-12 21:24:23','2026-07-12 21:24:13','2026-07-12 21:24:23',1),
(3,'VIA-00000003',1,1,1,'DISPATCHED',NULL,'2026-07-13 00:08:06','2026-07-13 00:07:50','2026-07-13 00:08:06',1),
(4,'VIA-00000004',1,2,2,'DISPATCHED',NULL,'2026-07-13 00:10:09','2026-07-13 00:09:57','2026-07-13 00:10:09',1),
(5,'VIA-00000005',1,1,1,'DISPATCHED',NULL,'2026-07-14 00:36:24','2026-07-14 00:35:44','2026-07-14 00:36:24',1),
(6,'VIA-00000006',1,3,6,'DISPATCHED',NULL,'2026-07-14 02:09:34','2026-07-14 02:09:11','2026-07-14 02:09:34',1),
(7,'VIA-00000007',1,1,1,'DISPATCHED',NULL,'2026-07-19 01:15:06','2026-07-19 01:14:39','2026-07-19 01:15:06',1);

--
-- Table structure for table `doc_sequences`
--

CREATE TABLE `doc_sequences` (
  `sequence_key` varchar(30) NOT NULL,
  `prefix` varchar(10) NOT NULL DEFAULT '',
  `current_value` int(10) unsigned NOT NULL DEFAULT 0,
  `pad_length` tinyint(3) unsigned NOT NULL DEFAULT 8,
  PRIMARY KEY (`sequence_key`)
) ENGINE=InnoDB DEFAULT CHARSET=utf8mb4 COLLATE=utf8mb4_unicode_ci;

--
-- Dumping data for table `doc_sequences`
--

INSERT INTO `doc_sequences` VALUES
('INBOUND','IN-',23,8),
('ITEM_BARCODE','INT',1,9),
('LPN','LPN-',859,8),
('OUTBOUND','OUT-',15,8),
('PACKING','PACK-',9,8),
('STOCK_COUNT','AJ-',7,8),
('TASK','TSK-',0,8),
('TRIP','VIA-',7,8);

--
-- Table structure for table `drivers`
--

CREATE TABLE `drivers` (
  `id` int(10) unsigned NOT NULL AUTO_INCREMENT,
  `full_name` varchar(150) NOT NULL,
  `document_number` varchar(30) DEFAULT NULL,
  `license_number` varchar(30) DEFAULT NULL,
  `license_category` varchar(10) DEFAULT NULL COMMENT 'Ej: B, C, E segun categoria de licencia de conducir',
  `phone` varchar(30) DEFAULT NULL,
  `is_active` tinyint(1) NOT NULL DEFAULT 1,
  `created_at` datetime NOT NULL DEFAULT current_timestamp(),
  `updated_at` datetime NOT NULL DEFAULT current_timestamp() ON UPDATE current_timestamp(),
  PRIMARY KEY (`id`)
) ENGINE=InnoDB AUTO_INCREMENT=7 DEFAULT CHARSET=utf8mb4 COLLATE=utf8mb4_unicode_ci COMMENT='Choferes - nunca se borra, se desactiva';

--
-- Dumping data for table `drivers`
--

INSERT INTO `drivers` VALUES
(1,'Carlos Benítez','3456789','LIC-3456789','E','+595 981 111-111',1,'2026-07-12 11:41:06','2026-07-12 11:41:06'),
(2,'Miguel Ángel Duarte','3567890','LIC-3567890','E','+595 981 222-222',1,'2026-07-12 11:41:06','2026-07-12 11:41:06'),
(3,'José Ramón Flores','3678901','LIC-3678901','C','+595 981 333-333',1,'2026-07-12 11:41:06','2026-07-12 11:41:06'),
(4,'Rubén Darío Ortiz','3789012','LIC-3789012','C','+595 981 444-444',1,'2026-07-12 11:41:06','2026-07-12 11:41:06'),
(5,'Diego Armando Vera','3890123','LIC-3890123','B','+595 981 555-555',1,'2026-07-12 11:41:06','2026-07-12 11:41:06'),
(6,'Fernando Gómez','3901234','LIC-3901234','B','+595 981 666-666',1,'2026-07-12 11:41:06','2026-07-12 11:41:06');

--
-- Table structure for table `drp_branch_item_params`
--

CREATE TABLE `drp_branch_item_params` (
  `id` int(10) unsigned NOT NULL AUTO_INCREMENT,
  `company_id` int(10) unsigned NOT NULL,
  `warehouse_id` int(10) unsigned NOT NULL COMMENT 'Sucursal (managed_by_wms=0)',
  `item_id` int(10) unsigned NOT NULL,
  `coverage_days` int(10) unsigned DEFAULT NULL COMMENT 'Override opcional de drp_company_settings.default_coverage_days',
  `lead_time_days` int(10) unsigned DEFAULT NULL COMMENT 'Override opcional de drp_company_settings.default_lead_time_days',
  `min_qty` decimal(15,4) DEFAULT NULL COMMENT 'Piso opcional independiente del calculo por cobertura',
  `is_active` tinyint(1) NOT NULL DEFAULT 1,
  `created_at` datetime NOT NULL DEFAULT current_timestamp(),
  `updated_at` datetime NOT NULL DEFAULT current_timestamp() ON UPDATE current_timestamp(),
  `created_by` int(10) unsigned DEFAULT NULL,
  PRIMARY KEY (`id`),
  UNIQUE KEY `uq_drpparams_wh_item` (`warehouse_id`,`item_id`),
  KEY `idx_drpparams_company` (`company_id`),
  KEY `fk_drpparams_item` (`item_id`),
  KEY `fk_drpparams_user` (`created_by`),
  CONSTRAINT `fk_drpparams_company` FOREIGN KEY (`company_id`) REFERENCES `companies` (`id`),
  CONSTRAINT `fk_drpparams_item` FOREIGN KEY (`item_id`) REFERENCES `items` (`id`),
  CONSTRAINT `fk_drpparams_user` FOREIGN KEY (`created_by`) REFERENCES `users` (`id`),
  CONSTRAINT `fk_drpparams_warehouse` FOREIGN KEY (`warehouse_id`) REFERENCES `warehouses` (`id`)
) ENGINE=InnoDB AUTO_INCREMENT=2 DEFAULT CHARSET=utf8mb4 COLLATE=utf8mb4_unicode_ci;

--
-- Dumping data for table `drp_branch_item_params`
--

INSERT INTO `drp_branch_item_params` VALUES
(1,1,6,1,10,NULL,5.0000,1,'2026-07-19 15:19:19','2026-07-19 15:19:19',1);

--
-- Table structure for table `drp_branch_sales_history`
--

CREATE TABLE `drp_branch_sales_history` (
  `id` int(10) unsigned NOT NULL AUTO_INCREMENT,
  `company_id` int(10) unsigned NOT NULL,
  `warehouse_id` int(10) unsigned NOT NULL,
  `item_id` int(10) unsigned DEFAULT NULL COMMENT 'NULL = fila sin matchear todavia, ver sap_item_code_text',
  `sap_item_code_text` varchar(50) NOT NULL COMMENT 'Codigo tal cual vino en la columna item_code del CSV',
  `sale_date` date NOT NULL,
  `qty_sold` decimal(15,4) NOT NULL,
  `uom` varchar(20) NOT NULL DEFAULT 'UN',
  `upload_batch_id` int(10) unsigned NOT NULL,
  `created_at` datetime NOT NULL DEFAULT current_timestamp(),
  PRIMARY KEY (`id`),
  KEY `idx_drpsales_wh_item_date` (`warehouse_id`,`item_id`,`sale_date`),
  KEY `idx_drpsales_code` (`sap_item_code_text`),
  KEY `idx_drpsales_batch` (`upload_batch_id`),
  KEY `fk_drpsales_company` (`company_id`),
  KEY `fk_drpsales_item` (`item_id`),
  CONSTRAINT `fk_drpsales_batch` FOREIGN KEY (`upload_batch_id`) REFERENCES `drp_sales_uploads` (`id`),
  CONSTRAINT `fk_drpsales_company` FOREIGN KEY (`company_id`) REFERENCES `companies` (`id`),
  CONSTRAINT `fk_drpsales_item` FOREIGN KEY (`item_id`) REFERENCES `items` (`id`),
  CONSTRAINT `fk_drpsales_warehouse` FOREIGN KEY (`warehouse_id`) REFERENCES `warehouses` (`id`)
) ENGINE=InnoDB AUTO_INCREMENT=5 DEFAULT CHARSET=utf8mb4 COLLATE=utf8mb4_unicode_ci;

--
-- Dumping data for table `drp_branch_sales_history`
--

INSERT INTO `drp_branch_sales_history` VALUES
(1,1,6,1,'ENV-1L-PEAD','2026-06-01',12.0000,'UN',1,'2026-07-19 15:19:40'),
(2,1,6,1,'ENV-1L-PEAD','2026-06-02',8.0000,'UN',1,'2026-07-19 15:19:40'),
(3,1,6,1,'CODIGO-INEXISTENTE','2026-06-02',4.0000,'UN',1,'2026-07-19 15:19:40'),
(4,1,6,1,'ENV-1L-PEAD','2026-06-05',7.0000,'UN',2,'2026-07-19 15:37:18');

--
-- Table structure for table `drp_company_settings`
--

CREATE TABLE `drp_company_settings` (
  `company_id` int(10) unsigned NOT NULL,
  `cd_warehouse_id` int(10) unsigned NOT NULL COMMENT 'Almacen central (managed_by_wms=1) origen de los traslados',
  `default_coverage_days` int(10) unsigned NOT NULL DEFAULT 7,
  `default_lead_time_days` int(10) unsigned NOT NULL DEFAULT 3,
  `sales_window_days` int(10) unsigned NOT NULL DEFAULT 90,
  `allocation_strategy` enum('PRO_RATA','ABC_PRIORITY') NOT NULL DEFAULT 'PRO_RATA',
  `is_enabled` tinyint(1) NOT NULL DEFAULT 0 COMMENT 'Solo lo setea XPEAS via scripts/drp_toggle.php -- no hay pantalla de cliente para esto',
  `enabled_at` datetime DEFAULT NULL,
  `enabled_by_note` varchar(255) DEFAULT NULL COMMENT 'Texto libre: quien de XPEAS lo activo y por que (no es un user_id del cliente)',
  `updated_at` datetime NOT NULL DEFAULT current_timestamp() ON UPDATE current_timestamp(),
  PRIMARY KEY (`company_id`),
  KEY `fk_drpsettings_warehouse` (`cd_warehouse_id`),
  CONSTRAINT `fk_drpsettings_company` FOREIGN KEY (`company_id`) REFERENCES `companies` (`id`),
  CONSTRAINT `fk_drpsettings_warehouse` FOREIGN KEY (`cd_warehouse_id`) REFERENCES `warehouses` (`id`)
) ENGINE=InnoDB DEFAULT CHARSET=utf8mb4 COLLATE=utf8mb4_unicode_ci;

--
-- Dumping data for table `drp_company_settings`
--

INSERT INTO `drp_company_settings` VALUES
(1,1,7,3,90,'PRO_RATA',1,'2026-07-19 15:44:13','Habilitado para revision del usuario','2026-07-19 15:44:13');

--
-- Table structure for table `drp_sales_uploads`
--

CREATE TABLE `drp_sales_uploads` (
  `id` int(10) unsigned NOT NULL AUTO_INCREMENT,
  `company_id` int(10) unsigned NOT NULL,
  `warehouse_id` int(10) unsigned NOT NULL COMMENT 'Sucursal (managed_by_wms=0) duena del historial subido',
  `original_filename` varchar(255) NOT NULL,
  `period_from` date DEFAULT NULL,
  `period_to` date DEFAULT NULL,
  `row_count` int(10) unsigned NOT NULL DEFAULT 0,
  `matched_row_count` int(10) unsigned NOT NULL DEFAULT 0,
  `unmatched_row_count` int(10) unsigned NOT NULL DEFAULT 0,
  `status` enum('PROCESSED','PROCESSED_WITH_WARNINGS') NOT NULL DEFAULT 'PROCESSED',
  `uploaded_by` int(10) unsigned DEFAULT NULL,
  `created_at` datetime NOT NULL DEFAULT current_timestamp(),
  PRIMARY KEY (`id`),
  KEY `idx_drpuploads_company` (`company_id`),
  KEY `idx_drpuploads_warehouse` (`warehouse_id`),
  KEY `fk_drpuploads_user` (`uploaded_by`),
  CONSTRAINT `fk_drpuploads_company` FOREIGN KEY (`company_id`) REFERENCES `companies` (`id`),
  CONSTRAINT `fk_drpuploads_user` FOREIGN KEY (`uploaded_by`) REFERENCES `users` (`id`),
  CONSTRAINT `fk_drpuploads_warehouse` FOREIGN KEY (`warehouse_id`) REFERENCES `warehouses` (`id`)
) ENGINE=InnoDB AUTO_INCREMENT=3 DEFAULT CHARSET=utf8mb4 COLLATE=utf8mb4_unicode_ci;

--
-- Dumping data for table `drp_sales_uploads`
--

INSERT INTO `drp_sales_uploads` VALUES
(1,1,6,'test_sales.csv',NULL,NULL,3,2,1,'PROCESSED_WITH_WARNINGS',1,'2026-07-19 15:19:40'),
(2,1,6,'ventas_ui.csv',NULL,NULL,1,1,0,'PROCESSED',1,'2026-07-19 15:37:18');

--
-- Table structure for table `inbound_document_lines`
--

CREATE TABLE `inbound_document_lines` (
  `id` int(10) unsigned NOT NULL AUTO_INCREMENT,
  `document_id` int(10) unsigned NOT NULL,
  `line_num` int(11) NOT NULL,
  `sap_line_num` int(11) DEFAULT NULL COMMENT 'LineNum de SAP (BaseLine para el push-back de GRPO/StockTransfer)',
  `item_id` int(10) unsigned DEFAULT NULL COMMENT 'NULL si el item todavia no existe en el catalogo (se crea durante la recepcion)',
  `presentation_id` int(10) unsigned DEFAULT NULL COMMENT 'Presentacion en la que se anuncio la linea. expected_qty ya esta convertido a unidad base',
  `presentation_qty` decimal(15,4) DEFAULT NULL COMMENT 'Cantidad anunciada en la presentacion original (antes de convertir a unidad base)',
  `sku_text` varchar(50) DEFAULT NULL COMMENT 'SKU tal como vino en el archivo/API, aunque el item no exista aun',
  `description_text` varchar(255) DEFAULT NULL,
  `expected_qty` decimal(15,4) NOT NULL,
  `received_qty` decimal(15,4) NOT NULL DEFAULT 0.0000,
  `uom` varchar(20) NOT NULL DEFAULT 'UN',
  `batch_number` varchar(50) DEFAULT NULL,
  `expiry_date` date DEFAULT NULL,
  `status` enum('PENDING','PARTIAL','COMPLETED','CANCELLED') NOT NULL DEFAULT 'PENDING',
  `created_at` datetime NOT NULL DEFAULT current_timestamp(),
  `updated_at` datetime NOT NULL DEFAULT current_timestamp() ON UPDATE current_timestamp(),
  PRIMARY KEY (`id`),
  UNIQUE KEY `uq_inboundline` (`document_id`,`line_num`),
  KEY `idx_inboundline_item` (`item_id`),
  KEY `fk_inboundline_presentation` (`presentation_id`),
  CONSTRAINT `fk_inboundline_doc` FOREIGN KEY (`document_id`) REFERENCES `inbound_documents` (`id`),
  CONSTRAINT `fk_inboundline_item` FOREIGN KEY (`item_id`) REFERENCES `items` (`id`),
  CONSTRAINT `fk_inboundline_presentation` FOREIGN KEY (`presentation_id`) REFERENCES `item_presentations` (`id`)
) ENGINE=InnoDB AUTO_INCREMENT=68 DEFAULT CHARSET=utf8mb4 COLLATE=utf8mb4_unicode_ci;

--
-- Dumping data for table `inbound_document_lines`
--

INSERT INTO `inbound_document_lines` VALUES
(1,1,1,0,28,NULL,NULL,'MP-PET-VIRGEN','Resina PET Virgen (grado botella)',5000.0000,5000.0000,'KG','LOTE-5601-1',NULL,'COMPLETED','2026-07-12 12:54:49','2026-07-12 12:54:49'),
(2,1,2,1,29,NULL,NULL,'MP-PP-VIRGEN','Resina PP Virgen',3000.0000,3000.0000,'KG','LOTE-5601-2',NULL,'COMPLETED','2026-07-12 12:54:49','2026-07-12 12:54:50'),
(3,2,1,0,30,NULL,NULL,'MP-PEAD-VIRGEN','Resina PEAD Virgen (HDPE)',4000.0000,4000.0000,'KG','LOTE-5602-1',NULL,'COMPLETED','2026-07-12 12:54:50','2026-07-12 12:54:50'),
(4,2,2,1,31,NULL,NULL,'MP-PEMD-VIRGEN','Resina PEMD Virgen (MDPE)',2000.0000,2000.0000,'KG','LOTE-5602-2',NULL,'COMPLETED','2026-07-12 12:54:50','2026-07-12 12:54:50'),
(5,3,1,0,33,NULL,NULL,'MP-EVOH','EVOH (Etileno-Vinil-Alcohol) barrera',800.0000,800.0000,'KG','LOTE-5603-1',NULL,'COMPLETED','2026-07-12 12:54:51','2026-07-12 12:54:51'),
(6,3,2,1,34,NULL,NULL,'MP-NYLON','Nylon / Poliamida barrera',600.0000,600.0000,'KG','LOTE-5603-2',NULL,'COMPLETED','2026-07-12 12:54:51','2026-07-12 12:54:51'),
(7,4,1,0,35,NULL,NULL,'MP-ADHESIVO','Adhesivo Tecnológico (tie layer)',500.0000,500.0000,'KG','LOTE-5604-1',NULL,'COMPLETED','2026-07-12 12:54:51','2026-07-12 12:54:51'),
(8,5,1,0,36,NULL,NULL,'MP-MASTERBATCH','Masterbatch (pigmento concentrado)',750.0000,750.0000,'KG','LOTE-5605-1',NULL,'COMPLETED','2026-07-12 12:54:51','2026-07-12 12:54:51'),
(9,6,1,0,32,NULL,NULL,'MP-PEBD-VIRGEN','Resina PEBD Virgen (LDPE)',2500.0000,2500.0000,'KG','LOTE-5606-1',NULL,'COMPLETED','2026-07-12 12:54:51','2026-07-12 12:54:51'),
(10,6,2,1,29,NULL,NULL,'MP-PP-VIRGEN','Resina PP Virgen',1500.0000,1500.0000,'KG','LOTE-5606-2',NULL,'COMPLETED','2026-07-12 12:54:51','2026-07-12 12:54:52'),
(11,7,1,0,1,NULL,NULL,'ENV-1L-PEAD','Envase 1 Litro PEAD',2000.0000,2000.0000,'UN',NULL,NULL,'COMPLETED','2026-07-12 12:54:52','2026-07-12 12:54:52'),
(12,7,2,1,3,NULL,NULL,'BID-5L-PEAD','Bidón 5 Litros PEAD',1000.0000,1000.0000,'UN',NULL,NULL,'COMPLETED','2026-07-12 12:54:52','2026-07-12 12:54:53'),
(13,7,3,2,7,NULL,NULL,'BID-10L-COEX','Bidón 10 Litros COEX Barrera',600.0000,600.0000,'UN',NULL,NULL,'COMPLETED','2026-07-12 12:54:52','2026-07-12 12:54:53'),
(14,7,4,3,11,NULL,NULL,'TAPA-43-SEG','Tapa Seguridad 43mm sello aluminio',5000.0000,5000.0000,'UN',NULL,NULL,'COMPLETED','2026-07-12 12:54:52','2026-07-12 12:54:54'),
(15,8,1,0,17,NULL,NULL,'BOT-PET-330','Botella PET 330cc',3000.0000,3000.0000,'UN',NULL,NULL,'COMPLETED','2026-07-12 12:54:55','2026-07-12 12:54:55'),
(16,8,2,1,19,NULL,NULL,'BOT-PET-500','Botella PET 500cc',2500.0000,2500.0000,'UN',NULL,NULL,'COMPLETED','2026-07-12 12:54:55','2026-07-12 12:54:55'),
(17,8,3,2,20,NULL,NULL,'BOT-PET-1000','Botella PET 1000cc (1 Litro)',1200.0000,1200.0000,'UN',NULL,NULL,'COMPLETED','2026-07-12 12:54:55','2026-07-12 12:54:56'),
(18,8,4,3,21,NULL,NULL,'TAPA-ROSCA-BEB','Tapa Rosca Inyección Bebidas',6000.0000,6000.0000,'UN',NULL,NULL,'COMPLETED','2026-07-12 12:54:55','2026-07-12 12:54:57'),
(19,9,1,0,23,NULL,NULL,'ENV-DETER-500','Envase Detergente 500cc',1800.0000,1800.0000,'UN',NULL,NULL,'COMPLETED','2026-07-12 12:54:58','2026-07-12 12:54:58'),
(20,9,2,1,25,NULL,NULL,'ENV-COSM-250','Envase Cosmético/Farmacéutico 250cc',900.0000,900.0000,'UN',NULL,NULL,'COMPLETED','2026-07-12 12:54:58','2026-07-12 12:54:58'),
(21,9,3,2,26,NULL,NULL,'PICO-DOSIF','Pico Dosificador',4000.0000,4000.0000,'UN',NULL,NULL,'COMPLETED','2026-07-12 12:54:58','2026-07-12 12:54:59'),
(22,9,4,3,9,NULL,NULL,'FRASCO-PET-AMBAR','Frasco Anillado PET Ámbar',1500.0000,1500.0000,'UN',NULL,NULL,'COMPLETED','2026-07-12 12:54:58','2026-07-12 12:54:59'),
(23,10,1,0,5,NULL,NULL,'BID-20L-PEAD','Bidón 20 Litros PEAD',400.0000,400.0000,'UN',NULL,NULL,'COMPLETED','2026-07-12 12:55:00','2026-07-12 12:55:00'),
(24,10,2,1,14,NULL,NULL,'TAPA-63-VALV','Tapa Seguridad 63mm valvulada',2200.0000,2200.0000,'UN',NULL,NULL,'COMPLETED','2026-07-12 12:55:00','2026-07-12 12:55:01'),
(25,10,3,2,24,NULL,NULL,'ENV-DETER-1000','Envase Detergente 1 Litro',1300.0000,1300.0000,'UN',NULL,NULL,'COMPLETED','2026-07-12 12:55:00','2026-07-12 12:55:01'),
(26,10,4,3,27,NULL,NULL,'TAPA-SEG-INF','Tapa Seguridad Infantil',2800.0000,2800.0000,'UN',NULL,NULL,'COMPLETED','2026-07-12 12:55:00','2026-07-12 12:55:02'),
(27,11,1,0,28,NULL,NULL,'MP-PET-VIRGEN','Resina PET Virgen (grado botella)',1000.0000,1000.0000,'KG','26254',NULL,'COMPLETED','2026-07-12 15:34:29','2026-07-12 15:37:32'),
(28,11,2,1,29,NULL,NULL,'MP-PP-VIRGEN','Resina PP Virgen',800.0000,800.0000,'KG','45852',NULL,'COMPLETED','2026-07-12 15:34:29','2026-07-12 15:38:48'),
(29,12,1,0,30,NULL,NULL,'MP-PEAD-VIRGEN','Resina PEAD Virgen (HDPE)',1000.0000,1000.0000,'KG','LOTE-5607-1',NULL,'COMPLETED','2026-07-12 21:16:42','2026-07-12 21:17:53'),
(30,12,2,1,31,NULL,NULL,'MP-PEMD-VIRGEN','Resina PEMD Virgen (MDPE)',800.0000,800.0000,'KG','LOTE-5607-2',NULL,'COMPLETED','2026-07-12 21:16:42','2026-07-12 21:17:53'),
(31,13,1,0,36,NULL,NULL,'MP-MASTERBATCH','Masterbatch (pigmento concentrado)',300.0000,300.0000,'KG','LOTE-5608-1',NULL,'COMPLETED','2026-07-12 21:19:53','2026-07-12 21:19:53'),
(32,14,1,0,7,NULL,NULL,'BID-10L-COEX','Bidón 10 Litros COEX Barrera',2100.0000,2100.0000,'UN',NULL,NULL,'COMPLETED','2026-07-12 21:53:05','2026-07-12 21:53:05'),
(33,14,2,1,4,NULL,NULL,'BID-10L-PEAD','Bidón 10 Litros PEAD',2100.0000,2100.0000,'UN',NULL,NULL,'COMPLETED','2026-07-12 21:53:05','2026-07-12 21:53:05'),
(34,14,3,2,8,NULL,NULL,'BID-20L-COEX','Bidón 20 Litros COEX Barrera',2100.0000,2100.0000,'UN',NULL,NULL,'COMPLETED','2026-07-12 21:53:05','2026-07-12 21:53:05'),
(35,14,4,3,5,NULL,NULL,'BID-20L-PEAD','Bidón 20 Litros PEAD',2100.0000,2100.0000,'UN',NULL,NULL,'COMPLETED','2026-07-12 21:53:05','2026-07-12 21:53:05'),
(36,14,5,4,6,NULL,NULL,'BID-5L-COEX','Bidón 5 Litros COEX Barrera',2100.0000,2100.0000,'UN',NULL,NULL,'COMPLETED','2026-07-12 21:53:05','2026-07-12 21:53:05'),
(37,14,6,5,3,NULL,NULL,'BID-5L-PEAD','Bidón 5 Litros PEAD',2100.0000,2100.0000,'UN',NULL,NULL,'COMPLETED','2026-07-12 21:53:05','2026-07-12 21:53:05'),
(38,14,7,6,20,NULL,NULL,'BOT-PET-1000','Botella PET 1000cc (1 Litro)',2100.0000,2100.0000,'UN',NULL,NULL,'COMPLETED','2026-07-12 21:53:05','2026-07-12 21:53:05'),
(39,14,8,7,15,NULL,NULL,'BOT-PET-150','Botella PET 150cc',2100.0000,2100.0000,'UN',NULL,NULL,'COMPLETED','2026-07-12 21:53:05','2026-07-12 21:53:05'),
(40,14,9,8,16,NULL,NULL,'BOT-PET-200','Botella PET 200cc',2100.0000,2100.0000,'UN',NULL,NULL,'COMPLETED','2026-07-12 21:53:05','2026-07-12 21:53:05'),
(41,14,10,9,17,NULL,NULL,'BOT-PET-330','Botella PET 330cc',2100.0000,2100.0000,'UN',NULL,NULL,'COMPLETED','2026-07-12 21:53:05','2026-07-12 21:53:05'),
(42,14,11,10,18,NULL,NULL,'BOT-PET-450','Botella PET 450cc',2040.0000,2040.0000,'UN',NULL,NULL,'COMPLETED','2026-07-12 21:53:05','2026-07-12 21:53:05'),
(43,14,12,11,19,NULL,NULL,'BOT-PET-500','Botella PET 500cc',2040.0000,2040.0000,'UN',NULL,NULL,'COMPLETED','2026-07-12 21:53:05','2026-07-12 21:53:05'),
(44,14,13,12,2,NULL,NULL,'ENV-1L-COEX','Envase 1 Litro COEX Barrera',2040.0000,2040.0000,'UN',NULL,NULL,'COMPLETED','2026-07-12 21:53:05','2026-07-12 21:53:05'),
(45,14,14,13,1,NULL,NULL,'ENV-1L-PEAD','Envase 1 Litro PEAD',2040.0000,2040.0000,'UN',NULL,NULL,'COMPLETED','2026-07-12 21:53:05','2026-07-12 21:53:05'),
(46,14,15,14,25,NULL,NULL,'ENV-COSM-250','Envase Cosmético/Farmacéutico 250cc',2040.0000,2040.0000,'UN',NULL,NULL,'COMPLETED','2026-07-12 21:53:05','2026-07-12 21:53:05'),
(47,14,16,15,24,NULL,NULL,'ENV-DETER-1000','Envase Detergente 1 Litro',2040.0000,2040.0000,'UN',NULL,NULL,'COMPLETED','2026-07-12 21:53:05','2026-07-12 21:53:05'),
(48,14,17,16,23,NULL,NULL,'ENV-DETER-500','Envase Detergente 500cc',2040.0000,2040.0000,'UN',NULL,NULL,'COMPLETED','2026-07-12 21:53:05','2026-07-12 21:53:05'),
(49,14,18,17,9,NULL,NULL,'FRASCO-PET-AMBAR','Frasco Anillado PET Ámbar',2040.0000,2040.0000,'UN',NULL,NULL,'COMPLETED','2026-07-12 21:53:05','2026-07-12 21:53:05'),
(50,14,19,18,10,NULL,NULL,'FRASCO-PET-CRISTAL','Frasco Anillado PET Cristal',2040.0000,2040.0000,'UN',NULL,NULL,'COMPLETED','2026-07-12 21:53:05','2026-07-12 21:53:05'),
(51,14,20,19,26,NULL,NULL,'PICO-DOSIF','Pico Dosificador',2040.0000,2040.0000,'UN',NULL,NULL,'COMPLETED','2026-07-12 21:53:05','2026-07-12 21:53:05'),
(52,14,21,20,11,NULL,NULL,'TAPA-43-SEG','Tapa Seguridad 43mm sello aluminio',2040.0000,2040.0000,'UN',NULL,NULL,'COMPLETED','2026-07-12 21:53:05','2026-07-12 21:53:05'),
(53,14,22,21,13,NULL,NULL,'TAPA-43-VALV','Tapa Seguridad 43mm valvulada',2040.0000,2040.0000,'UN',NULL,NULL,'COMPLETED','2026-07-12 21:53:05','2026-07-12 21:53:05'),
(54,14,23,22,12,NULL,NULL,'TAPA-63-SEG','Tapa Seguridad 63mm sello aluminio',2040.0000,2040.0000,'UN',NULL,NULL,'COMPLETED','2026-07-12 21:53:05','2026-07-12 21:53:05'),
(55,14,24,23,14,NULL,NULL,'TAPA-63-VALV','Tapa Seguridad 63mm valvulada',2040.0000,1620.0000,'UN',NULL,NULL,'PARTIAL','2026-07-12 21:53:05','2026-07-13 01:08:59'),
(56,14,25,24,22,NULL,NULL,'TAPA-COMP-BEB','Tapa Compresión Bebidas',2040.0000,0.0000,'UN',NULL,NULL,'CANCELLED','2026-07-12 21:53:05','2026-07-13 01:08:44'),
(57,14,26,25,21,NULL,NULL,'TAPA-ROSCA-BEB','Tapa Rosca Inyección Bebidas',2040.0000,0.0000,'UN',NULL,NULL,'CANCELLED','2026-07-12 21:53:05','2026-07-13 01:08:44'),
(58,14,27,26,27,NULL,NULL,'TAPA-SEG-INF','Tapa Seguridad Infantil',2040.0000,0.0000,'UN',NULL,NULL,'CANCELLED','2026-07-12 21:53:05','2026-07-13 01:08:44'),
(59,15,1,0,35,NULL,NULL,'MP-ADHESIVO','Adhesivo Tecnológico (tie layer)',300.0000,300.0000,'KG','637373','2026-08-07','COMPLETED','2026-07-13 12:04:04','2026-07-13 12:09:38'),
(60,16,1,0,38,NULL,NULL,'MP-COLORANTE-AZUL','Masterbatch Colorante Azul',250.0000,250.0000,'KG','LOTE-MP-COLORANTE-AZUL-260714','2027-01-10','COMPLETED','2026-07-14 16:54:19','2026-07-14 16:54:19'),
(61,17,1,0,39,NULL,NULL,'MP-ADITIVO-UV','Aditivo Estabilizante UV',80.0000,80.0000,'KG','LOTE-MP-ADITIVO-UV-260714','2027-01-10','COMPLETED','2026-07-14 16:54:19','2026-07-14 16:54:19'),
(62,18,1,0,40,NULL,NULL,'MP-FILM-STRETCH','Film Stretch para Paletizado',500.0000,500.0000,'M','LOTE-MP-FILM-STRETCH-260714',NULL,'COMPLETED','2026-07-14 16:54:19','2026-07-14 16:54:19'),
(63,19,1,0,41,NULL,NULL,'MP-TAG-RFID-PALLET','Tag RFID de Trazabilidad de Pallet',15.0000,15.0000,'UN',NULL,NULL,'COMPLETED','2026-07-14 16:54:19','2026-07-14 16:54:19'),
(64,20,1,0,42,NULL,NULL,'BID-15L-PEAD','Bidón 15 Litros PEAD',144.0000,144.0000,'UN',NULL,NULL,'COMPLETED','2026-07-14 16:54:20','2026-07-14 16:54:20'),
(65,21,1,0,43,NULL,NULL,'TAPA-38-SEG','Tapa Seguridad 38mm sello aluminio',720.0000,720.0000,'UN',NULL,NULL,'COMPLETED','2026-07-14 16:54:20','2026-07-14 16:54:20'),
(66,22,1,0,44,NULL,NULL,'FRASCO-PET-VERDE','Frasco Anillado PET Verde',96.0000,96.0000,'UN',NULL,NULL,'COMPLETED','2026-07-14 16:54:20','2026-07-14 16:54:20'),
(67,23,1,0,45,NULL,NULL,'BOT-PET-750-NUM','Botella PET 750cc Numerada (línea premium)',20.0000,20.0000,'UN',NULL,NULL,'COMPLETED','2026-07-14 16:54:20','2026-07-14 16:54:21');

--
-- Table structure for table `inbound_documents`
--

CREATE TABLE `inbound_documents` (
  `id` int(10) unsigned NOT NULL AUTO_INCREMENT,
  `company_id` int(10) unsigned NOT NULL,
  `supplier_id` int(10) unsigned DEFAULT NULL,
  `customer_id` int(10) unsigned DEFAULT NULL COMMENT 'Solo para devoluciones de cliente (Caso 6) -- no aplica junto con supplier_id',
  `related_outbound_document_id` int(10) unsigned DEFAULT NULL COMMENT 'Venta original que se esta revirtiendo, solo para devoluciones',
  `warehouse_id` int(10) unsigned NOT NULL,
  `doc_number` varchar(30) NOT NULL,
  `client_reference` varchar(100) DEFAULT NULL COMMENT 'Nro. de PO/remito/factura del cliente',
  `external_system` varchar(30) DEFAULT NULL COMMENT 'Texto libre: SAP, Legacy, Manual, Otro - puramente referencial, sin join',
  `external_doc_number` varchar(40) DEFAULT NULL COMMENT 'Nro. de documento del sistema de origen (ej. numero de OC de SAP), referencial',
  `external_user` varchar(60) DEFAULT NULL COMMENT 'Usuario/nombre de quien cargo el documento del lado de origen',
  `source_channel` enum('API','FILE_UPLOAD','MANUAL') NOT NULL DEFAULT 'MANUAL',
  `source_reference` varchar(255) DEFAULT NULL COMMENT 'Nombre de archivo, id de llamada API, o usuario que cargo a mano',
  `sap_doc_type` enum('PurchaseOrder','InventoryTransferRequest','PurchaseInvoiceReserve') DEFAULT NULL,
  `sap_doc_entry` int(11) DEFAULT NULL COMMENT 'DocEntry de la OC/ST en SAP',
  `sap_doc_num` int(11) DEFAULT NULL COMMENT 'DocNum (numero visible en SAP)',
  `sap_from_warehouse_code` varchar(20) DEFAULT NULL COMMENT 'Solo ST: almacen SAP de origen del traslado',
  `sap_receipt_doc_entry` int(11) DEFAULT NULL COMMENT 'DocEntry del GRPO o StockTransfer posteado a SAP al cerrar',
  `sap_receipt_doc_num` int(11) DEFAULT NULL,
  `sap_credit_note_entry` int(11) DEFAULT NULL COMMENT 'DocEntry de la CreditNotes confirmada en SAP al cerrar la devolucion',
  `sap_credit_note_num` int(11) DEFAULT NULL,
  `status` enum('DRAFT','PENDING','RECEIVING','CLOSED','CANCELLED') NOT NULL DEFAULT 'PENDING',
  `expected_date` date DEFAULT NULL,
  `notes` text DEFAULT NULL,
  `created_at` datetime NOT NULL DEFAULT current_timestamp(),
  `updated_at` datetime NOT NULL DEFAULT current_timestamp() ON UPDATE current_timestamp(),
  `created_by` int(10) unsigned DEFAULT NULL,
  PRIMARY KEY (`id`),
  UNIQUE KEY `uq_inbound_docnum` (`doc_number`),
  UNIQUE KEY `uq_inbound_sap_doc` (`company_id`,`sap_doc_type`,`sap_doc_entry`),
  KEY `idx_inbound_company` (`company_id`),
  KEY `idx_inbound_status` (`status`),
  KEY `fk_inbound_warehouse` (`warehouse_id`),
  KEY `fk_inbound_supplier` (`supplier_id`),
  KEY `fk_inbound_customer` (`customer_id`),
  KEY `fk_inbound_related_outbound` (`related_outbound_document_id`),
  CONSTRAINT `fk_inbound_company` FOREIGN KEY (`company_id`) REFERENCES `companies` (`id`),
  CONSTRAINT `fk_inbound_customer` FOREIGN KEY (`customer_id`) REFERENCES `customers` (`id`),
  CONSTRAINT `fk_inbound_related_outbound` FOREIGN KEY (`related_outbound_document_id`) REFERENCES `outbound_documents` (`id`),
  CONSTRAINT `fk_inbound_supplier` FOREIGN KEY (`supplier_id`) REFERENCES `suppliers` (`id`),
  CONSTRAINT `fk_inbound_warehouse` FOREIGN KEY (`warehouse_id`) REFERENCES `warehouses` (`id`)
) ENGINE=InnoDB AUTO_INCREMENT=24 DEFAULT CHARSET=utf8mb4 COLLATE=utf8mb4_unicode_ci COMMENT='Packing list / aviso de ingreso, sin importar el canal por el que llego';

--
-- Dumping data for table `inbound_documents`
--

INSERT INTO `inbound_documents` VALUES
(1,1,1,NULL,NULL,3,'IN-00000001','OC 5601',NULL,NULL,NULL,'API','SAP PurchaseOrder 5601','PurchaseOrder',5601,5601,NULL,9827,9461,NULL,NULL,'CLOSED',NULL,NULL,'2026-07-12 12:54:49','2026-07-12 12:54:50',NULL),
(2,1,2,NULL,NULL,3,'IN-00000002','OC 5602',NULL,NULL,NULL,'API','SAP PurchaseOrder 5602','PurchaseOrder',5602,5602,NULL,9003,9954,NULL,NULL,'CLOSED',NULL,NULL,'2026-07-12 12:54:50','2026-07-12 12:54:51',NULL),
(3,1,3,NULL,NULL,3,'IN-00000003','OC 5603',NULL,NULL,NULL,'API','SAP PurchaseOrder 5603','PurchaseOrder',5603,5603,NULL,9772,9252,NULL,NULL,'CLOSED',NULL,NULL,'2026-07-12 12:54:51','2026-07-12 12:54:51',NULL),
(4,1,4,NULL,NULL,3,'IN-00000004','OC 5604',NULL,NULL,NULL,'API','SAP PurchaseOrder 5604','PurchaseOrder',5604,5604,NULL,9166,9298,NULL,NULL,'CLOSED',NULL,NULL,'2026-07-12 12:54:51','2026-07-12 12:54:51',NULL),
(5,1,5,NULL,NULL,3,'IN-00000005','OC 5605',NULL,NULL,NULL,'API','SAP PurchaseOrder 5605','PurchaseOrder',5605,5605,NULL,9500,9148,NULL,NULL,'CLOSED',NULL,NULL,'2026-07-12 12:54:51','2026-07-12 12:54:51',NULL),
(6,1,6,NULL,NULL,3,'IN-00000006','OC 5606',NULL,NULL,NULL,'API','SAP PurchaseOrder 5606','PurchaseOrder',5606,5606,NULL,9734,9477,NULL,NULL,'CLOSED',NULL,NULL,'2026-07-12 12:54:51','2026-07-12 12:54:52',NULL),
(7,1,NULL,NULL,NULL,1,'IN-00000007','ST 6101',NULL,NULL,NULL,'API','SAP InventoryTransferRequest 6101','InventoryTransferRequest',6101,6101,'PROD01',9966,9598,NULL,NULL,'CLOSED',NULL,'Traslado desde almacén SAP PROD01','2026-07-12 12:54:52','2026-07-12 12:54:55',NULL),
(8,1,NULL,NULL,NULL,1,'IN-00000008','ST 6102',NULL,NULL,NULL,'API','SAP InventoryTransferRequest 6102','InventoryTransferRequest',6102,6102,'PROD01',9704,9648,NULL,NULL,'CLOSED',NULL,'Traslado desde almacén SAP PROD01','2026-07-12 12:54:55','2026-07-12 12:54:57',NULL),
(9,1,NULL,NULL,NULL,1,'IN-00000009','ST 6103',NULL,NULL,NULL,'API','SAP InventoryTransferRequest 6103','InventoryTransferRequest',6103,6103,'PROD01',9710,9746,NULL,NULL,'CLOSED',NULL,'Traslado desde almacén SAP PROD01','2026-07-12 12:54:58','2026-07-12 12:55:00',NULL),
(10,1,NULL,NULL,NULL,1,'IN-00000010','ST 6104',NULL,NULL,NULL,'API','SAP InventoryTransferRequest 6104','InventoryTransferRequest',6104,6104,'PROD01',9838,9245,NULL,NULL,'CLOSED',NULL,'Traslado desde almacén SAP PROD01','2026-07-12 12:55:00','2026-07-12 12:55:02',NULL),
(11,1,1,NULL,NULL,1,'IN-00000011','OC 5801',NULL,NULL,NULL,'API','SAP PurchaseOrder 5801','PurchaseOrder',5801,5801,NULL,9443,9311,NULL,NULL,'CLOSED',NULL,NULL,'2026-07-12 15:34:29','2026-07-12 15:40:35',NULL),
(12,1,2,NULL,NULL,3,'IN-00000012','OC 5607',NULL,NULL,NULL,'API','SAP PurchaseOrder 5607','PurchaseOrder',5607,5607,NULL,9013,9700,NULL,NULL,'CLOSED',NULL,NULL,'2026-07-12 21:16:42','2026-07-12 21:19:21',NULL),
(13,1,5,NULL,NULL,3,'IN-00000013','OC 5608',NULL,NULL,NULL,'API','SAP PurchaseOrder 5608','PurchaseOrder',5608,5608,NULL,NULL,NULL,NULL,NULL,'RECEIVING',NULL,NULL,'2026-07-12 21:19:53','2026-07-12 21:19:53',NULL),
(14,1,NULL,NULL,NULL,1,'IN-00000014','ST 6201',NULL,NULL,NULL,'API','SAP InventoryTransferRequest 6201','InventoryTransferRequest',6201,6201,'PROD01',9098,9753,NULL,NULL,'CLOSED',NULL,'Traslado desde almacén SAP PROD01','2026-07-12 21:53:05','2026-07-12 22:10:33',NULL),
(15,1,4,NULL,NULL,1,'IN-00000015','FR 5901',NULL,NULL,NULL,'API','SAP PurchaseInvoice(Reserve) 5901','PurchaseInvoiceReserve',5901,5901,NULL,9393,9516,NULL,NULL,'CLOSED',NULL,NULL,'2026-07-13 12:04:04','2026-07-13 12:09:40',NULL),
(16,1,5,NULL,NULL,3,'IN-00000016','OC 9500',NULL,NULL,NULL,'API','SAP PurchaseOrder 9500','PurchaseOrder',9500,9500,NULL,NULL,NULL,NULL,NULL,'RECEIVING',NULL,NULL,'2026-07-11 19:55:46','2026-07-11 19:55:46',NULL),
(17,1,3,NULL,NULL,3,'IN-00000017','OC 9501',NULL,NULL,NULL,'API','SAP PurchaseOrder 9501','PurchaseOrder',9501,9501,NULL,NULL,NULL,NULL,NULL,'RECEIVING',NULL,NULL,'2026-07-12 19:55:46','2026-07-12 19:55:46',NULL),
(18,1,2,NULL,NULL,3,'IN-00000018','OC 9502',NULL,NULL,NULL,'API','SAP PurchaseOrder 9502','PurchaseOrder',9502,9502,NULL,NULL,NULL,NULL,NULL,'RECEIVING',NULL,NULL,'2026-07-13 19:55:46','2026-07-13 19:55:46',NULL),
(19,1,6,NULL,NULL,3,'IN-00000019','OC 9503',NULL,NULL,NULL,'API','SAP PurchaseOrder 9503','PurchaseOrder',9503,9503,NULL,9956,9518,NULL,NULL,'CLOSED',NULL,NULL,'2026-07-14 13:55:46','2026-07-14 14:15:46',NULL),
(20,1,NULL,NULL,NULL,1,'IN-00000020','ST 9500',NULL,NULL,NULL,'API','SAP InventoryTransferRequest 9500','InventoryTransferRequest',9500,9500,'PROD01',9035,9782,NULL,NULL,'CLOSED',NULL,'Traslado desde almacén SAP PROD01','2026-07-11 19:55:46','2026-07-18 18:25:08',NULL),
(21,1,NULL,NULL,NULL,1,'IN-00000021','ST 9501',NULL,NULL,NULL,'API','SAP InventoryTransferRequest 9501','InventoryTransferRequest',9501,9501,'PROD01',9406,9252,NULL,NULL,'CLOSED',NULL,'Traslado desde almacén SAP PROD01','2026-07-12 19:55:46','2026-07-18 18:25:03',NULL),
(22,1,NULL,NULL,NULL,1,'IN-00000022','ST 9502',NULL,NULL,NULL,'API','SAP InventoryTransferRequest 9502','InventoryTransferRequest',9502,9502,'PROD01',9253,9973,NULL,NULL,'CLOSED',NULL,'Traslado desde almacén SAP PROD01','2026-07-13 19:55:46','2026-07-18 18:25:00',NULL),
(23,1,NULL,NULL,NULL,1,'IN-00000023','ST 9503',NULL,NULL,NULL,'API','SAP InventoryTransferRequest 9503','InventoryTransferRequest',9503,9503,'PROD01',9056,9717,NULL,NULL,'CLOSED',NULL,'Traslado desde almacén SAP PROD01','2026-07-14 13:55:46','2026-07-14 14:15:46',NULL);

--
-- Table structure for table `item_categories`
--

CREATE TABLE `item_categories` (
  `id` int(10) unsigned NOT NULL AUTO_INCREMENT,
  `company_id` int(10) unsigned NOT NULL,
  `code` varchar(50) NOT NULL,
  `sap_group_code` varchar(20) DEFAULT NULL COMMENT 'ItemsGroupCode de SAP B1 - la categoria se sincroniza sola desde ahi',
  `name` varchar(150) NOT NULL,
  `parent_category_id` int(10) unsigned DEFAULT NULL COMMENT 'Sin uso todavia - preparado para jerarquia futura',
  `is_active` tinyint(1) NOT NULL DEFAULT 1,
  `created_at` datetime NOT NULL DEFAULT current_timestamp(),
  `updated_at` datetime NOT NULL DEFAULT current_timestamp() ON UPDATE current_timestamp(),
  PRIMARY KEY (`id`),
  UNIQUE KEY `uq_itemcategories_company_code` (`company_id`,`code`),
  UNIQUE KEY `uq_itemcategories_company_sapgroup` (`company_id`,`sap_group_code`),
  KEY `idx_itemcategories_parent` (`parent_category_id`),
  CONSTRAINT `fk_itemcategories_company` FOREIGN KEY (`company_id`) REFERENCES `companies` (`id`),
  CONSTRAINT `fk_itemcategories_parent` FOREIGN KEY (`parent_category_id`) REFERENCES `item_categories` (`id`)
) ENGINE=InnoDB AUTO_INCREMENT=17 DEFAULT CHARSET=utf8mb4 COLLATE=utf8mb4_unicode_ci;

--
-- Dumping data for table `item_categories`
--

INSERT INTO `item_categories` VALUES
(1,1,'ENV-AGRO',NULL,'Envases Agroquímicos y Veterinarios',NULL,1,'2026-07-12 11:41:06','2026-07-12 11:41:06'),
(2,1,'TAPAS-SEG',NULL,'Tapas de Seguridad',NULL,1,'2026-07-12 11:41:06','2026-07-12 11:41:06'),
(3,1,'ENV-BEB',NULL,'Botellas y Envases PET (Bebidas)',NULL,1,'2026-07-12 11:41:06','2026-07-12 11:41:06'),
(4,1,'TAPAS-BEB',NULL,'Tapas y Cierres (Bebidas)',NULL,1,'2026-07-12 11:41:06','2026-07-12 11:41:06'),
(5,1,'ENV-HIG',NULL,'Envases Higiene y Limpieza',NULL,1,'2026-07-12 11:41:06','2026-07-12 11:41:06'),
(6,1,'ENV-FARMA',NULL,'Envases Farmacéutica y Cosmética',NULL,1,'2026-07-12 11:41:06','2026-07-12 11:41:06'),
(7,1,'MP-RESINA',NULL,'Resinas Vírgenes (PET/PP/PE)',NULL,1,'2026-07-12 11:41:06','2026-07-12 11:41:06'),
(8,1,'MP-BARRERA',NULL,'Materiales de Barrera COEX (EVOH/Nylon/Adhesivo)',NULL,1,'2026-07-12 11:41:06','2026-07-12 11:41:06'),
(9,1,'200','200','Envases Agroquímicos y Veterinarios',NULL,1,'2026-07-13 00:27:54','2026-07-13 00:27:54'),
(10,1,'201','201','Tapas de Seguridad',NULL,1,'2026-07-13 00:27:54','2026-07-13 00:27:54'),
(11,1,'202','202','Botellas y Envases PET (Bebidas)',NULL,1,'2026-07-13 00:27:54','2026-07-13 00:27:54'),
(12,1,'203','203','Tapas y Cierres (Bebidas)',NULL,1,'2026-07-13 00:27:54','2026-07-13 00:27:54'),
(13,1,'204','204','Envases Higiene y Limpieza',NULL,1,'2026-07-13 00:27:54','2026-07-13 00:27:54'),
(14,1,'205','205','Envases Farmacéutica y Cosmética',NULL,1,'2026-07-13 00:27:54','2026-07-13 00:27:54'),
(15,1,'206','206','Resinas Vírgenes (PET/PP/PE)',NULL,1,'2026-07-13 00:27:54','2026-07-13 00:27:54'),
(16,1,'207','207','Materiales de Barrera COEX',NULL,1,'2026-07-13 00:27:54','2026-07-13 00:27:54');

--
-- Table structure for table `item_picking_levels`
--

CREATE TABLE `item_picking_levels` (
  `id` int(10) unsigned NOT NULL AUTO_INCREMENT,
  `company_id` int(10) unsigned NOT NULL,
  `item_id` int(10) unsigned NOT NULL,
  `bin_id` int(10) unsigned NOT NULL COMMENT 'Bin de picking (pick-face) dedicado a este item',
  `min_qty` decimal(15,4) NOT NULL COMMENT 'Bajo este nivel en el bin se dispara una tarea REPLENISH',
  `target_qty` decimal(15,4) NOT NULL COMMENT 'Cantidad objetivo a reponer',
  `is_active` tinyint(1) NOT NULL DEFAULT 1,
  `created_at` datetime NOT NULL DEFAULT current_timestamp(),
  `updated_at` datetime NOT NULL DEFAULT current_timestamp() ON UPDATE current_timestamp(),
  `created_by` int(10) unsigned DEFAULT NULL,
  PRIMARY KEY (`id`),
  UNIQUE KEY `uq_pickinglevels_item` (`item_id`) COMMENT '1 bin hogar por item -- sin caso de uso confirmado para multi-bin todavia',
  KEY `idx_pickinglevels_bin` (`bin_id`),
  KEY `idx_pickinglevels_company` (`company_id`),
  KEY `fk_pickinglevels_user` (`created_by`),
  CONSTRAINT `fk_pickinglevels_bin` FOREIGN KEY (`bin_id`) REFERENCES `bins` (`id`),
  CONSTRAINT `fk_pickinglevels_company` FOREIGN KEY (`company_id`) REFERENCES `companies` (`id`),
  CONSTRAINT `fk_pickinglevels_item` FOREIGN KEY (`item_id`) REFERENCES `items` (`id`),
  CONSTRAINT `fk_pickinglevels_user` FOREIGN KEY (`created_by`) REFERENCES `users` (`id`),
  CONSTRAINT `chk_pickinglevels_qty` CHECK (`target_qty` >= `min_qty`)
) ENGINE=InnoDB AUTO_INCREMENT=3 DEFAULT CHARSET=utf8mb4 COLLATE=utf8mb4_unicode_ci;

--
-- Dumping data for table `item_picking_levels`
--

INSERT INTO `item_picking_levels` VALUES
(2,1,19,1054,100.0000,300.0000,1,'2026-07-18 17:20:39','2026-07-18 17:20:39',1);

--
-- Table structure for table `item_presentations`
--

CREATE TABLE `item_presentations` (
  `id` int(10) unsigned NOT NULL AUTO_INCREMENT,
  `item_id` int(10) unsigned NOT NULL,
  `presentation_name` varchar(50) NOT NULL COMMENT 'Ej: Unidad, Caja x12, Pallet',
  `uom_code` varchar(20) NOT NULL,
  `barcode` varchar(100) DEFAULT NULL,
  `qty_per_base_uom` decimal(15,4) NOT NULL DEFAULT 1.0000 COMMENT 'Cuantas unidades base equivale esta presentacion',
  `is_base_unit` tinyint(1) NOT NULL DEFAULT 0,
  `is_active` tinyint(1) NOT NULL DEFAULT 1,
  `created_at` datetime NOT NULL DEFAULT current_timestamp(),
  `updated_at` datetime NOT NULL DEFAULT current_timestamp() ON UPDATE current_timestamp(),
  PRIMARY KEY (`id`),
  UNIQUE KEY `uq_presentation_item_name` (`item_id`,`presentation_name`),
  KEY `idx_presentation_barcode` (`barcode`),
  CONSTRAINT `fk_presentation_item` FOREIGN KEY (`item_id`) REFERENCES `items` (`id`)
) ENGINE=InnoDB AUTO_INCREMENT=91 DEFAULT CHARSET=utf8mb4 COLLATE=utf8mb4_unicode_ci;

--
-- Dumping data for table `item_presentations`
--

INSERT INTO `item_presentations` VALUES
(1,1,'Unidad','UN',NULL,1.0000,1,1,'2026-07-12 11:41:06','2026-07-12 11:41:06'),
(2,1,'Pallet','UN',NULL,200.0000,0,1,'2026-07-12 11:41:06','2026-07-12 11:41:06'),
(3,2,'Unidad','UN',NULL,1.0000,1,1,'2026-07-12 11:41:06','2026-07-12 11:41:06'),
(4,2,'Pallet','UN',NULL,200.0000,0,1,'2026-07-12 11:41:06','2026-07-12 11:41:06'),
(5,3,'Unidad','UN',NULL,1.0000,1,1,'2026-07-12 11:41:06','2026-07-12 11:41:06'),
(6,3,'Pallet','UN',NULL,150.0000,0,1,'2026-07-12 11:41:06','2026-07-12 11:41:06'),
(7,4,'Unidad','UN',NULL,1.0000,1,1,'2026-07-12 11:41:06','2026-07-12 11:41:06'),
(8,4,'Pallet','UN',NULL,100.0000,0,1,'2026-07-12 11:41:06','2026-07-12 11:41:06'),
(9,5,'Unidad','UN',NULL,1.0000,1,1,'2026-07-12 11:41:06','2026-07-12 11:41:06'),
(10,5,'Pallet','UN',NULL,60.0000,0,1,'2026-07-12 11:41:06','2026-07-12 11:41:06'),
(11,6,'Unidad','UN',NULL,1.0000,1,1,'2026-07-12 11:41:06','2026-07-12 11:41:06'),
(12,6,'Pallet','UN',NULL,150.0000,0,1,'2026-07-12 11:41:06','2026-07-12 11:41:06'),
(13,7,'Unidad','UN',NULL,1.0000,1,1,'2026-07-12 11:41:06','2026-07-12 11:41:06'),
(14,7,'Pallet','UN',NULL,100.0000,0,1,'2026-07-12 11:41:06','2026-07-12 11:41:06'),
(15,8,'Unidad','UN',NULL,1.0000,1,1,'2026-07-12 11:41:06','2026-07-12 11:41:06'),
(16,8,'Pallet','UN',NULL,60.0000,0,1,'2026-07-12 11:41:06','2026-07-12 11:41:06'),
(17,9,'Unidad','UN',NULL,1.0000,1,1,'2026-07-12 11:41:06','2026-07-12 11:41:06'),
(18,9,'Pallet','UN',NULL,300.0000,0,1,'2026-07-12 11:41:06','2026-07-12 11:41:06'),
(19,10,'Unidad','UN',NULL,1.0000,1,1,'2026-07-12 11:41:06','2026-07-12 11:41:06'),
(20,10,'Pallet','UN',NULL,300.0000,0,1,'2026-07-12 11:41:06','2026-07-12 11:41:06'),
(21,11,'Unidad','UN',NULL,1.0000,1,1,'2026-07-12 11:41:06','2026-07-12 11:41:06'),
(22,11,'Pallet','UN',NULL,5000.0000,0,1,'2026-07-12 11:41:06','2026-07-12 11:41:06'),
(23,12,'Unidad','UN',NULL,1.0000,1,1,'2026-07-12 11:41:06','2026-07-12 11:41:06'),
(24,12,'Pallet','UN',NULL,5000.0000,0,1,'2026-07-12 11:41:06','2026-07-12 11:41:06'),
(25,13,'Unidad','UN',NULL,1.0000,1,1,'2026-07-12 11:41:06','2026-07-12 11:41:06'),
(26,13,'Pallet','UN',NULL,5000.0000,0,1,'2026-07-12 11:41:06','2026-07-12 11:41:06'),
(27,14,'Unidad','UN',NULL,1.0000,1,1,'2026-07-12 11:41:06','2026-07-12 11:41:06'),
(28,14,'Pallet','UN',NULL,5000.0000,0,1,'2026-07-12 11:41:06','2026-07-12 11:41:06'),
(29,15,'Unidad','UN',NULL,1.0000,1,1,'2026-07-12 11:41:06','2026-07-12 11:41:06'),
(30,15,'Pallet','UN',NULL,300.0000,0,1,'2026-07-12 11:41:06','2026-07-12 11:41:06'),
(31,16,'Unidad','UN',NULL,1.0000,1,1,'2026-07-12 11:41:06','2026-07-12 11:41:06'),
(32,16,'Pallet','UN',NULL,300.0000,0,1,'2026-07-12 11:41:06','2026-07-12 11:41:06'),
(33,17,'Unidad','UN',NULL,1.0000,1,1,'2026-07-12 11:41:06','2026-07-12 11:41:06'),
(34,17,'Pallet','UN',NULL,300.0000,0,1,'2026-07-12 11:41:06','2026-07-12 11:41:06'),
(35,18,'Unidad','UN',NULL,1.0000,1,1,'2026-07-12 11:41:06','2026-07-12 11:41:06'),
(36,18,'Pallet','UN',NULL,300.0000,0,1,'2026-07-12 11:41:06','2026-07-12 11:41:06'),
(37,19,'Unidad','UN',NULL,1.0000,1,1,'2026-07-12 11:41:06','2026-07-12 11:41:06'),
(38,19,'Pallet','UN',NULL,300.0000,0,1,'2026-07-12 11:41:06','2026-07-12 11:41:06'),
(39,20,'Unidad','UN',NULL,1.0000,1,1,'2026-07-12 11:41:06','2026-07-12 11:41:06'),
(40,20,'Pallet','UN',NULL,200.0000,0,1,'2026-07-12 11:41:06','2026-07-12 11:41:06'),
(41,21,'Unidad','UN',NULL,1.0000,1,1,'2026-07-12 11:41:06','2026-07-12 11:41:06'),
(42,21,'Pallet','UN',NULL,5000.0000,0,1,'2026-07-12 11:41:06','2026-07-12 11:41:06'),
(43,22,'Unidad','UN',NULL,1.0000,1,1,'2026-07-12 11:41:06','2026-07-12 11:41:06'),
(44,22,'Pallet','UN',NULL,5000.0000,0,1,'2026-07-12 11:41:06','2026-07-12 11:41:06'),
(45,23,'Unidad','UN',NULL,1.0000,1,1,'2026-07-12 11:41:06','2026-07-12 11:41:06'),
(46,23,'Pallet','UN',NULL,300.0000,0,1,'2026-07-12 11:41:06','2026-07-12 11:41:06'),
(47,24,'Unidad','UN',NULL,1.0000,1,1,'2026-07-12 11:41:06','2026-07-12 11:41:06'),
(48,24,'Pallet','UN',NULL,200.0000,0,1,'2026-07-12 11:41:06','2026-07-12 11:41:06'),
(49,25,'Unidad','UN',NULL,1.0000,1,1,'2026-07-12 11:41:06','2026-07-12 11:41:06'),
(50,25,'Pallet','UN',NULL,300.0000,0,1,'2026-07-12 11:41:06','2026-07-12 11:41:06'),
(51,26,'Unidad','UN',NULL,1.0000,1,1,'2026-07-12 11:41:06','2026-07-12 11:41:06'),
(52,26,'Pallet','UN',NULL,3000.0000,0,1,'2026-07-12 11:41:06','2026-07-12 11:41:06'),
(53,27,'Unidad','UN',NULL,1.0000,1,1,'2026-07-12 11:41:06','2026-07-12 11:41:06'),
(54,27,'Pallet','UN',NULL,5000.0000,0,1,'2026-07-12 11:41:06','2026-07-12 11:41:06'),
(55,28,'Kilogramo','KG',NULL,1.0000,1,1,'2026-07-12 11:41:06','2026-07-12 11:41:06'),
(56,28,'Bolsa 25kg','KG',NULL,25.0000,0,1,'2026-07-12 11:41:06','2026-07-12 11:41:06'),
(57,28,'Pallet','KG',NULL,1000.0000,0,1,'2026-07-12 11:41:06','2026-07-12 11:41:06'),
(58,29,'Kilogramo','KG',NULL,1.0000,1,1,'2026-07-12 11:41:06','2026-07-12 11:41:06'),
(59,29,'Bolsa 25kg','KG',NULL,25.0000,0,1,'2026-07-12 11:41:06','2026-07-12 11:41:06'),
(60,29,'Pallet','KG',NULL,1000.0000,0,1,'2026-07-12 11:41:06','2026-07-12 11:41:06'),
(61,30,'Kilogramo','KG',NULL,1.0000,1,1,'2026-07-12 11:41:06','2026-07-12 11:41:06'),
(62,30,'Bolsa 25kg','KG',NULL,25.0000,0,1,'2026-07-12 11:41:06','2026-07-12 11:41:06'),
(63,30,'Pallet','KG',NULL,1000.0000,0,1,'2026-07-12 11:41:06','2026-07-12 11:41:06'),
(64,31,'Kilogramo','KG',NULL,1.0000,1,1,'2026-07-12 11:41:06','2026-07-12 11:41:06'),
(65,31,'Bolsa 25kg','KG',NULL,25.0000,0,1,'2026-07-12 11:41:06','2026-07-12 11:41:06'),
(66,31,'Pallet','KG',NULL,1000.0000,0,1,'2026-07-12 11:41:06','2026-07-12 11:41:06'),
(67,32,'Kilogramo','KG',NULL,1.0000,1,1,'2026-07-12 11:41:06','2026-07-12 11:41:06'),
(68,32,'Bolsa 25kg','KG',NULL,25.0000,0,1,'2026-07-12 11:41:06','2026-07-12 11:41:06'),
(69,32,'Pallet','KG',NULL,1000.0000,0,1,'2026-07-12 11:41:06','2026-07-12 11:41:06'),
(70,33,'Kilogramo','KG',NULL,1.0000,1,1,'2026-07-12 11:41:06','2026-07-12 11:41:06'),
(71,33,'Bolsa 25kg','KG',NULL,25.0000,0,1,'2026-07-12 11:41:06','2026-07-12 11:41:06'),
(72,33,'Pallet','KG',NULL,500.0000,0,1,'2026-07-12 11:41:06','2026-07-12 11:41:06'),
(73,34,'Kilogramo','KG',NULL,1.0000,1,1,'2026-07-12 11:41:06','2026-07-12 11:41:06'),
(74,34,'Bolsa 25kg','KG',NULL,25.0000,0,1,'2026-07-12 11:41:06','2026-07-12 11:41:06'),
(75,34,'Pallet','KG',NULL,500.0000,0,1,'2026-07-12 11:41:06','2026-07-12 11:41:06'),
(76,35,'Kilogramo','KG',NULL,1.0000,1,1,'2026-07-12 11:41:06','2026-07-12 11:41:06'),
(77,35,'Bolsa 25kg','KG',NULL,25.0000,0,1,'2026-07-12 11:41:06','2026-07-12 11:41:06'),
(78,35,'Pallet','KG',NULL,500.0000,0,1,'2026-07-12 11:41:06','2026-07-12 11:41:06'),
(79,36,'Kilogramo','KG',NULL,1.0000,1,1,'2026-07-12 11:41:06','2026-07-12 11:41:06'),
(80,36,'Bolsa 25kg','KG',NULL,25.0000,0,1,'2026-07-12 11:41:06','2026-07-12 11:41:06'),
(81,36,'Pallet','KG',NULL,750.0000,0,1,'2026-07-12 11:41:06','2026-07-12 11:41:06'),
(83,38,'Unidad','KG',NULL,1.0000,1,1,'2026-07-14 16:51:17','2026-07-14 16:51:17'),
(84,39,'Unidad','KG',NULL,1.0000,1,1,'2026-07-14 16:51:17','2026-07-14 16:51:17'),
(85,40,'Unidad','M',NULL,1.0000,1,1,'2026-07-14 16:51:17','2026-07-14 16:51:17'),
(86,41,'Unidad','UN',NULL,1.0000,1,1,'2026-07-14 16:51:17','2026-07-14 16:51:17'),
(87,42,'Unidad','UN',NULL,1.0000,1,1,'2026-07-14 16:51:17','2026-07-14 16:51:17'),
(88,43,'Unidad','UN',NULL,1.0000,1,1,'2026-07-14 16:51:17','2026-07-14 16:51:17'),
(89,44,'Unidad','UN',NULL,1.0000,1,1,'2026-07-14 16:51:17','2026-07-14 16:51:17'),
(90,45,'Unidad','UN',NULL,1.0000,1,1,'2026-07-14 16:51:17','2026-07-14 16:51:17');

--
-- Table structure for table `items`
--

CREATE TABLE `items` (
  `id` int(10) unsigned NOT NULL AUTO_INCREMENT,
  `company_id` int(10) unsigned NOT NULL,
  `sku` varchar(50) NOT NULL,
  `sap_item_code` varchar(50) DEFAULT NULL,
  `description` varchar(255) NOT NULL,
  `category` varchar(100) DEFAULT NULL COMMENT 'Rubro/categoria (equivalente a ItmsGrpNam de SAP)',
  `category_id` int(10) unsigned DEFAULT NULL COMMENT 'Reemplaza a category (texto libre). Migracion de datos en scripts/migrate_item_categories.php',
  `barcode` varchar(100) DEFAULT NULL,
  `external_code` varchar(50) DEFAULT NULL COMMENT 'Codigo del item en el sistema propio del cliente (si tiene uno)',
  `uom` varchar(20) NOT NULL DEFAULT 'UN',
  `requires_lot` tinyint(1) NOT NULL DEFAULT 0,
  `requires_expiry` tinyint(1) NOT NULL DEFAULT 0,
  `requires_serial` tinyint(1) NOT NULL DEFAULT 0,
  `picking_method` enum('COMPANY_DEFAULT','FEFO','FIFO') NOT NULL DEFAULT 'COMPANY_DEFAULT' COMMENT 'COMPANY_DEFAULT = usa company_settings.picking_method; FEFO/FIFO fuerza el metodo para este item puntual',
  `shelf_life_days` int(10) unsigned DEFAULT NULL COMMENT 'Solo aplica si requires_expiry=1',
  `min_remaining_shelf_life_days` int(10) unsigned DEFAULT NULL COMMENT 'Vida util minima remanente aceptada al recibir',
  `requires_temp_control` tinyint(1) NOT NULL DEFAULT 0,
  `min_storage_temp` decimal(5,2) DEFAULT NULL,
  `max_storage_temp` decimal(5,2) DEFAULT NULL,
  `weight_kg` decimal(10,4) DEFAULT NULL,
  `volume_m3` decimal(10,6) DEFAULT NULL,
  `packaging_notes` varchar(255) DEFAULT NULL,
  `is_active` tinyint(1) NOT NULL DEFAULT 1,
  `created_at` datetime NOT NULL DEFAULT current_timestamp(),
  `updated_at` datetime NOT NULL DEFAULT current_timestamp() ON UPDATE current_timestamp(),
  `created_by` int(10) unsigned DEFAULT NULL,
  `abc_class` char(1) DEFAULT NULL COMMENT 'A/B/C, calculado por AbcClassificationService',
  `abc_score` decimal(6,3) DEFAULT NULL COMMENT '% individual sobre el total movido en la ventana de calculo',
  `abc_calculated_at` datetime DEFAULT NULL,
  `pallet_priority_strategy` enum('COMPANY_DEFAULT','PALLET_FIRST','METHOD_STRICT','PALLET_IF_NOT_WORSE') NOT NULL DEFAULT 'COMPANY_DEFAULT' COMMENT 'COMPANY_DEFAULT = usa company_settings.pallet_priority_strategy; fuerza un criterio distinto para este item puntual (ej. vencimiento critico)',
  PRIMARY KEY (`id`),
  UNIQUE KEY `uq_items_company_sku` (`company_id`,`sku`),
  UNIQUE KEY `uq_items_company_sap_code` (`company_id`,`sap_item_code`),
  KEY `idx_items_barcode` (`barcode`),
  KEY `idx_items_external_code` (`external_code`),
  KEY `idx_items_category` (`category_id`),
  CONSTRAINT `fk_items_category` FOREIGN KEY (`category_id`) REFERENCES `item_categories` (`id`),
  CONSTRAINT `fk_items_company` FOREIGN KEY (`company_id`) REFERENCES `companies` (`id`)
) ENGINE=InnoDB AUTO_INCREMENT=46 DEFAULT CHARSET=utf8mb4 COLLATE=utf8mb4_unicode_ci COMMENT='Catalogo de items por empresa cliente. El mismo SKU puede existir en distintas empresas sin relacion';

--
-- Dumping data for table `items`
--

INSERT INTO `items` VALUES
(1,1,'ENV-1L-PEAD','ENV-1L-PEAD','Envase 1 Litro PEAD',NULL,9,NULL,NULL,'UN',0,0,0,'COMPANY_DEFAULT',NULL,NULL,0,NULL,NULL,NULL,NULL,NULL,1,'2026-07-12 11:41:06','2026-07-19 01:05:33',NULL,'C',4.817,'2026-07-19 01:05:33','COMPANY_DEFAULT'),
(2,1,'ENV-1L-COEX','ENV-1L-COEX','Envase 1 Litro COEX Barrera',NULL,9,NULL,NULL,'UN',0,0,0,'COMPANY_DEFAULT',NULL,NULL,0,NULL,NULL,NULL,NULL,NULL,1,'2026-07-12 11:41:06','2026-07-19 01:05:33',NULL,'C',0.000,'2026-07-19 01:05:33','COMPANY_DEFAULT'),
(3,1,'BID-5L-PEAD','BID-5L-PEAD','Bidón 5 Litros PEAD',NULL,9,NULL,NULL,'UN',0,0,0,'COMPANY_DEFAULT',NULL,NULL,0,NULL,NULL,NULL,NULL,NULL,1,'2026-07-12 11:41:06','2026-07-19 01:05:33',NULL,'C',0.000,'2026-07-19 01:05:33','COMPANY_DEFAULT'),
(4,1,'BID-10L-PEAD','BID-10L-PEAD','Bidón 10 Litros PEAD',NULL,9,NULL,NULL,'UN',0,0,0,'COMPANY_DEFAULT',NULL,NULL,0,NULL,NULL,NULL,NULL,NULL,1,'2026-07-12 11:41:06','2026-07-19 01:05:33',NULL,'C',0.000,'2026-07-19 01:05:33','COMPANY_DEFAULT'),
(5,1,'BID-20L-PEAD','BID-20L-PEAD','Bidón 20 Litros PEAD',NULL,9,NULL,NULL,'UN',0,0,0,'COMPANY_DEFAULT',NULL,NULL,0,NULL,NULL,NULL,NULL,NULL,1,'2026-07-12 11:41:06','2026-07-19 01:05:33',NULL,'C',0.000,'2026-07-19 01:05:33','COMPANY_DEFAULT'),
(6,1,'BID-5L-COEX','BID-5L-COEX','Bidón 5 Litros COEX Barrera',NULL,9,NULL,NULL,'UN',0,0,0,'COMPANY_DEFAULT',NULL,NULL,0,NULL,NULL,NULL,NULL,NULL,1,'2026-07-12 11:41:06','2026-07-19 01:05:33',NULL,'C',0.000,'2026-07-19 01:05:33','COMPANY_DEFAULT'),
(7,1,'BID-10L-COEX','BID-10L-COEX','Bidón 10 Litros COEX Barrera',NULL,9,'INT000000001',NULL,'UN',0,0,0,'COMPANY_DEFAULT',NULL,NULL,0,NULL,NULL,NULL,NULL,NULL,1,'2026-07-12 11:41:06','2026-07-19 01:05:33',NULL,'C',0.000,'2026-07-19 01:05:33','COMPANY_DEFAULT'),
(8,1,'BID-20L-COEX','BID-20L-COEX','Bidón 20 Litros COEX Barrera',NULL,9,NULL,NULL,'UN',0,0,0,'COMPANY_DEFAULT',NULL,NULL,0,NULL,NULL,NULL,NULL,NULL,1,'2026-07-12 11:41:06','2026-07-19 01:05:33',NULL,'C',0.000,'2026-07-19 01:05:33','COMPANY_DEFAULT'),
(9,1,'FRASCO-PET-AMBAR','FRASCO-PET-AMBAR','Frasco Anillado PET Ámbar',NULL,14,NULL,NULL,'UN',0,0,0,'COMPANY_DEFAULT',NULL,NULL,0,NULL,NULL,NULL,NULL,NULL,1,'2026-07-12 11:41:06','2026-07-19 01:05:33',NULL,'C',0.000,'2026-07-19 01:05:33','COMPANY_DEFAULT'),
(10,1,'FRASCO-PET-CRISTAL','FRASCO-PET-CRISTAL','Frasco Anillado PET Cristal',NULL,14,NULL,NULL,'UN',0,0,0,'COMPANY_DEFAULT',NULL,NULL,0,NULL,NULL,NULL,NULL,NULL,1,'2026-07-12 11:41:06','2026-07-19 01:05:33',NULL,'C',0.000,'2026-07-19 01:05:33','COMPANY_DEFAULT'),
(11,1,'TAPA-43-SEG','TAPA-43-SEG','Tapa Seguridad 43mm sello aluminio',NULL,10,NULL,NULL,'UN',0,0,0,'COMPANY_DEFAULT',NULL,NULL,0,NULL,NULL,NULL,NULL,NULL,1,'2026-07-12 11:41:06','2026-07-19 01:05:33',NULL,'A',29.672,'2026-07-19 01:05:33','COMPANY_DEFAULT'),
(12,1,'TAPA-63-SEG','TAPA-63-SEG','Tapa Seguridad 63mm sello aluminio',NULL,10,NULL,NULL,'UN',0,0,0,'COMPANY_DEFAULT',NULL,NULL,0,NULL,NULL,NULL,NULL,NULL,1,'2026-07-12 11:41:06','2026-07-19 01:05:33',NULL,'C',0.000,'2026-07-19 01:05:33','COMPANY_DEFAULT'),
(13,1,'TAPA-43-VALV','TAPA-43-VALV','Tapa Seguridad 43mm valvulada',NULL,10,NULL,NULL,'UN',0,0,0,'COMPANY_DEFAULT',NULL,NULL,0,NULL,NULL,NULL,NULL,NULL,1,'2026-07-12 11:41:06','2026-07-19 01:05:33',NULL,'C',0.000,'2026-07-19 01:05:33','COMPANY_DEFAULT'),
(14,1,'TAPA-63-VALV','TAPA-63-VALV','Tapa Seguridad 63mm valvulada',NULL,10,NULL,NULL,'UN',0,0,0,'COMPANY_DEFAULT',NULL,NULL,0,NULL,NULL,NULL,NULL,NULL,1,'2026-07-12 11:41:06','2026-07-19 01:05:33',NULL,'C',0.000,'2026-07-19 01:05:33','COMPANY_DEFAULT'),
(15,1,'BOT-PET-150','BOT-PET-150','Botella PET 150cc',NULL,11,NULL,NULL,'UN',0,0,0,'COMPANY_DEFAULT',NULL,NULL,0,NULL,NULL,NULL,NULL,NULL,1,'2026-07-12 11:41:06','2026-07-19 01:05:33',NULL,'C',0.000,'2026-07-19 01:05:33','COMPANY_DEFAULT'),
(16,1,'BOT-PET-200','BOT-PET-200','Botella PET 200cc',NULL,11,NULL,NULL,'UN',0,0,0,'COMPANY_DEFAULT',NULL,NULL,0,NULL,NULL,NULL,NULL,NULL,1,'2026-07-12 11:41:06','2026-07-19 01:05:33',NULL,'C',0.000,'2026-07-19 01:05:33','COMPANY_DEFAULT'),
(17,1,'BOT-PET-330','BOT-PET-330','Botella PET 330cc',NULL,11,NULL,NULL,'UN',0,0,0,'COMPANY_DEFAULT',NULL,NULL,0,NULL,NULL,NULL,NULL,NULL,1,'2026-07-12 11:41:06','2026-07-19 01:05:33',NULL,'C',15.414,'2026-07-19 01:05:33','COMPANY_DEFAULT'),
(18,1,'BOT-PET-450','BOT-PET-450','Botella PET 450cc',NULL,11,NULL,NULL,'UN',0,0,0,'COMPANY_DEFAULT',NULL,NULL,0,NULL,NULL,NULL,NULL,NULL,1,'2026-07-12 11:41:06','2026-07-19 01:05:33',NULL,'C',0.000,'2026-07-19 01:05:33','COMPANY_DEFAULT'),
(19,1,'BOT-PET-500','BOT-PET-500','Botella PET 500cc',NULL,11,NULL,NULL,'UN',0,0,0,'COMPANY_DEFAULT',NULL,NULL,0,NULL,NULL,NULL,NULL,NULL,1,'2026-07-12 11:41:06','2026-07-19 01:05:33',NULL,'A',19.268,'2026-07-19 01:05:33','COMPANY_DEFAULT'),
(20,1,'BOT-PET-1000','BOT-PET-1000','Botella PET 1000cc (1 Litro)',NULL,11,NULL,NULL,'UN',0,0,0,'COMPANY_DEFAULT',NULL,NULL,0,NULL,NULL,NULL,NULL,NULL,1,'2026-07-12 11:41:06','2026-07-19 01:05:33',NULL,'C',0.000,'2026-07-19 01:05:33','COMPANY_DEFAULT'),
(21,1,'TAPA-ROSCA-BEB','TAPA-ROSCA-BEB','Tapa Rosca Inyección Bebidas',NULL,12,NULL,NULL,'UN',0,0,0,'COMPANY_DEFAULT',NULL,NULL,0,NULL,NULL,NULL,NULL,NULL,1,'2026-07-12 11:41:06','2026-07-19 01:05:33',NULL,'A',30.829,'2026-07-19 01:05:33','COMPANY_DEFAULT'),
(22,1,'TAPA-COMP-BEB','TAPA-COMP-BEB','Tapa Compresión Bebidas',NULL,12,NULL,NULL,'UN',0,0,0,'COMPANY_DEFAULT',NULL,NULL,0,NULL,NULL,NULL,NULL,NULL,1,'2026-07-12 11:41:06','2026-07-19 01:05:33',NULL,'C',0.000,'2026-07-19 01:05:33','COMPANY_DEFAULT'),
(23,1,'ENV-DETER-500','ENV-DETER-500','Envase Detergente 500cc',NULL,13,NULL,NULL,'UN',0,0,0,'COMPANY_DEFAULT',NULL,NULL,0,NULL,NULL,NULL,NULL,NULL,1,'2026-07-12 11:41:06','2026-07-19 01:05:33',NULL,'C',0.000,'2026-07-19 01:05:33','COMPANY_DEFAULT'),
(24,1,'ENV-DETER-1000','ENV-DETER-1000','Envase Detergente 1 Litro',NULL,13,NULL,NULL,'UN',0,0,0,'COMPANY_DEFAULT',NULL,NULL,0,NULL,NULL,NULL,NULL,NULL,1,'2026-07-12 11:41:06','2026-07-19 01:05:33',NULL,'C',0.000,'2026-07-19 01:05:33','COMPANY_DEFAULT'),
(25,1,'ENV-COSM-250','ENV-COSM-250','Envase Cosmético/Farmacéutico 250cc',NULL,14,NULL,NULL,'UN',0,0,0,'COMPANY_DEFAULT',NULL,NULL,0,NULL,NULL,NULL,NULL,NULL,1,'2026-07-12 11:41:06','2026-07-19 01:05:33',NULL,'C',0.000,'2026-07-19 01:05:33','COMPANY_DEFAULT'),
(26,1,'PICO-DOSIF','PICO-DOSIF','Pico Dosificador',NULL,13,NULL,NULL,'UN',0,0,0,'COMPANY_DEFAULT',NULL,NULL,0,NULL,NULL,NULL,NULL,NULL,1,'2026-07-12 11:41:06','2026-07-19 01:05:33',NULL,'C',0.000,'2026-07-19 01:05:33','COMPANY_DEFAULT'),
(27,1,'TAPA-SEG-INF','TAPA-SEG-INF','Tapa Seguridad Infantil',NULL,10,NULL,NULL,'UN',0,0,0,'COMPANY_DEFAULT',NULL,NULL,0,NULL,NULL,NULL,NULL,NULL,1,'2026-07-12 11:41:06','2026-07-19 01:05:33',NULL,'C',0.000,'2026-07-19 01:05:33','COMPANY_DEFAULT'),
(28,1,'MP-PET-VIRGEN','MP-PET-VIRGEN','Resina PET Virgen (grado botella)',NULL,15,NULL,NULL,'KG',1,0,0,'COMPANY_DEFAULT',NULL,NULL,0,NULL,NULL,NULL,NULL,NULL,1,'2026-07-12 11:41:06','2026-07-19 01:05:33',NULL,'C',0.000,'2026-07-19 01:05:33','COMPANY_DEFAULT'),
(29,1,'MP-PP-VIRGEN','MP-PP-VIRGEN','Resina PP Virgen',NULL,15,NULL,NULL,'KG',1,0,0,'COMPANY_DEFAULT',NULL,NULL,0,NULL,NULL,NULL,NULL,NULL,1,'2026-07-12 11:41:06','2026-07-19 01:05:33',NULL,'C',0.000,'2026-07-19 01:05:33','COMPANY_DEFAULT'),
(30,1,'MP-PEAD-VIRGEN','MP-PEAD-VIRGEN','Resina PEAD Virgen (HDPE)',NULL,15,NULL,NULL,'KG',1,0,0,'COMPANY_DEFAULT',NULL,NULL,0,NULL,NULL,NULL,NULL,NULL,1,'2026-07-12 11:41:06','2026-07-19 01:05:33',NULL,'C',0.000,'2026-07-19 01:05:33','COMPANY_DEFAULT'),
(31,1,'MP-PEMD-VIRGEN','MP-PEMD-VIRGEN','Resina PEMD Virgen (MDPE)',NULL,15,NULL,NULL,'KG',1,0,0,'COMPANY_DEFAULT',NULL,NULL,0,NULL,NULL,NULL,NULL,NULL,1,'2026-07-12 11:41:06','2026-07-19 01:05:33',NULL,'C',0.000,'2026-07-19 01:05:33','COMPANY_DEFAULT'),
(32,1,'MP-PEBD-VIRGEN','MP-PEBD-VIRGEN','Resina PEBD Virgen (LDPE)',NULL,15,NULL,NULL,'KG',1,0,0,'COMPANY_DEFAULT',NULL,NULL,0,NULL,NULL,NULL,NULL,NULL,1,'2026-07-12 11:41:06','2026-07-19 01:05:33',NULL,'C',0.000,'2026-07-19 01:05:33','COMPANY_DEFAULT'),
(33,1,'MP-EVOH','MP-EVOH','EVOH (Etileno-Vinil-Alcohol) barrera',NULL,16,NULL,NULL,'KG',1,0,0,'COMPANY_DEFAULT',NULL,NULL,0,NULL,NULL,NULL,NULL,NULL,1,'2026-07-12 11:41:06','2026-07-19 01:05:33',NULL,'C',0.000,'2026-07-19 01:05:33','COMPANY_DEFAULT'),
(34,1,'MP-NYLON','MP-NYLON','Nylon / Poliamida barrera',NULL,16,NULL,NULL,'KG',1,0,0,'COMPANY_DEFAULT',NULL,NULL,0,NULL,NULL,NULL,NULL,NULL,1,'2026-07-12 11:41:06','2026-07-19 01:05:33',NULL,'C',0.000,'2026-07-19 01:05:33','COMPANY_DEFAULT'),
(35,1,'MP-ADHESIVO','MP-ADHESIVO','Adhesivo Tecnológico (tie layer)',NULL,16,NULL,NULL,'KG',1,1,0,'COMPANY_DEFAULT',NULL,NULL,0,NULL,NULL,NULL,NULL,NULL,1,'2026-07-12 11:41:06','2026-07-19 01:05:33',NULL,'C',0.000,'2026-07-19 01:05:33','COMPANY_DEFAULT'),
(36,1,'MP-MASTERBATCH','MP-MASTERBATCH','Masterbatch (pigmento concentrado)',NULL,15,NULL,NULL,'KG',1,0,0,'COMPANY_DEFAULT',NULL,NULL,0,NULL,NULL,NULL,NULL,NULL,1,'2026-07-12 11:41:06','2026-07-19 01:05:33',NULL,'C',0.000,'2026-07-19 01:05:33','COMPANY_DEFAULT'),
(38,1,'MP-COLORANTE-AZUL','MP-COLORANTE-AZUL','Masterbatch Colorante Azul',NULL,15,NULL,NULL,'KG',1,1,0,'COMPANY_DEFAULT',NULL,NULL,0,NULL,NULL,25.0000,NULL,'Bolsa 25kg',1,'2026-07-14 16:51:17','2026-07-19 01:05:33',NULL,'C',0.000,'2026-07-19 01:05:33','COMPANY_DEFAULT'),
(39,1,'MP-ADITIVO-UV','MP-ADITIVO-UV','Aditivo Estabilizante UV',NULL,15,NULL,NULL,'KG',1,1,0,'COMPANY_DEFAULT',NULL,NULL,0,NULL,NULL,20.0000,NULL,'Bolsa 20kg',1,'2026-07-14 16:51:17','2026-07-19 01:05:33',NULL,'C',0.000,'2026-07-19 01:05:33','COMPANY_DEFAULT'),
(40,1,'MP-FILM-STRETCH','MP-FILM-STRETCH','Film Stretch para Paletizado',NULL,16,NULL,NULL,'M',1,0,0,'COMPANY_DEFAULT',NULL,NULL,0,NULL,NULL,2.5000,NULL,'Rollo 1200m',1,'2026-07-14 16:51:17','2026-07-19 01:05:33',NULL,'C',0.000,'2026-07-19 01:05:33','COMPANY_DEFAULT'),
(41,1,'MP-TAG-RFID-PALLET','MP-TAG-RFID-PALLET','Tag RFID de Trazabilidad de Pallet',NULL,16,NULL,NULL,'UN',0,0,1,'COMPANY_DEFAULT',NULL,NULL,0,NULL,NULL,0.0200,NULL,'Unidad individual numerada',1,'2026-07-14 16:51:17','2026-07-19 01:05:33',NULL,'C',0.000,'2026-07-19 01:05:33','COMPANY_DEFAULT'),
(42,1,'BID-15L-PEAD','BID-15L-PEAD','Bidón 15 Litros PEAD',NULL,9,NULL,NULL,'UN',0,0,0,'COMPANY_DEFAULT',NULL,NULL,0,NULL,NULL,0.6500,NULL,'Pallet 60 unidades',1,'2026-07-14 16:51:17','2026-07-19 01:05:33',NULL,'C',0.000,'2026-07-19 01:05:33','COMPANY_DEFAULT'),
(43,1,'TAPA-38-SEG','TAPA-38-SEG','Tapa Seguridad 38mm sello aluminio',NULL,10,NULL,NULL,'UN',0,0,0,'COMPANY_DEFAULT',NULL,NULL,0,NULL,NULL,0.0060,NULL,'Caja 5000 unidades',1,'2026-07-14 16:51:17','2026-07-19 01:05:33',NULL,'C',0.000,'2026-07-19 01:05:33','COMPANY_DEFAULT'),
(44,1,'FRASCO-PET-VERDE','FRASCO-PET-VERDE','Frasco Anillado PET Verde',NULL,14,NULL,NULL,'UN',0,0,0,'COMPANY_DEFAULT',NULL,NULL,0,NULL,NULL,0.0300,NULL,'Pallet 2000 unidades',1,'2026-07-14 16:51:17','2026-07-19 01:05:33',NULL,'C',0.000,'2026-07-19 01:05:33','COMPANY_DEFAULT'),
(45,1,'BOT-PET-750-NUM','BOT-PET-750-NUM','Botella PET 750cc Numerada (línea premium)',NULL,11,NULL,NULL,'UN',0,0,1,'COMPANY_DEFAULT',NULL,NULL,0,NULL,NULL,0.0400,NULL,'Unidad individual numerada, línea premium',1,'2026-07-14 16:51:17','2026-07-19 01:05:33',NULL,'C',0.000,'2026-07-19 01:05:33','COMPANY_DEFAULT');

--
-- Table structure for table `lpns`
--

CREATE TABLE `lpns` (
  `id` int(10) unsigned NOT NULL AUTO_INCREMENT,
  `code` varchar(30) NOT NULL,
  `company_id` int(10) unsigned NOT NULL,
  `warehouse_id` int(10) unsigned NOT NULL,
  `lpn_type` enum('BOX','PALLET','BAG') NOT NULL DEFAULT 'BOX',
  `status` enum('OPEN','CLOSED','STORED') NOT NULL DEFAULT 'OPEN' COMMENT 'OPEN = admite mas contenido; CLOSED = listo para putaway; STORED = ya ubicado en un bin',
  `bin_id` int(10) unsigned DEFAULT NULL COMMENT 'Ubicacion final una vez hecho el putaway (etapa futura)',
  `notes` varchar(255) DEFAULT NULL,
  `created_at` datetime NOT NULL DEFAULT current_timestamp(),
  `updated_at` datetime NOT NULL DEFAULT current_timestamp() ON UPDATE current_timestamp(),
  `closed_at` datetime DEFAULT NULL,
  `created_by` int(10) unsigned DEFAULT NULL,
  PRIMARY KEY (`id`),
  UNIQUE KEY `uq_lpns_code` (`code`),
  KEY `idx_lpns_company` (`company_id`),
  KEY `idx_lpns_status` (`status`),
  KEY `fk_lpns_warehouse` (`warehouse_id`),
  KEY `fk_lpns_bin` (`bin_id`),
  CONSTRAINT `fk_lpns_bin` FOREIGN KEY (`bin_id`) REFERENCES `bins` (`id`),
  CONSTRAINT `fk_lpns_company` FOREIGN KEY (`company_id`) REFERENCES `companies` (`id`),
  CONSTRAINT `fk_lpns_warehouse` FOREIGN KEY (`warehouse_id`) REFERENCES `warehouses` (`id`)
) ENGINE=InnoDB AUTO_INCREMENT=860 DEFAULT CHARSET=utf8mb4 COLLATE=utf8mb4_unicode_ci COMMENT='Unidad fisica (caja/pallet/bolsa) armada durante clasificacion, previa al putaway';

--
-- Dumping data for table `lpns`
--

INSERT INTO `lpns` VALUES
(1,'LPN-00000001',1,3,'PALLET','STORED',41,NULL,'2026-07-12 12:54:49','2026-07-12 12:54:50','2026-07-12 12:54:49',NULL),
(2,'LPN-00000002',1,3,'PALLET','STORED',42,NULL,'2026-07-12 12:54:50','2026-07-12 12:54:50','2026-07-12 12:54:50',NULL),
(3,'LPN-00000003',1,3,'PALLET','STORED',43,NULL,'2026-07-12 12:54:50','2026-07-12 12:54:50','2026-07-12 12:54:50',NULL),
(4,'LPN-00000004',1,3,'PALLET','STORED',44,NULL,'2026-07-12 12:54:50','2026-07-12 12:54:51','2026-07-12 12:54:50',NULL),
(5,'LPN-00000005',1,3,'PALLET','STORED',201,NULL,'2026-07-12 12:54:51','2026-07-12 12:54:51','2026-07-12 12:54:51',NULL),
(6,'LPN-00000006',1,3,'PALLET','STORED',202,NULL,'2026-07-12 12:54:51','2026-07-12 12:54:51','2026-07-12 12:54:51',NULL),
(7,'LPN-00000007',1,3,'PALLET','STORED',203,NULL,'2026-07-12 12:54:51','2026-07-12 12:54:51','2026-07-12 12:54:51',NULL),
(8,'LPN-00000008',1,3,'PALLET','STORED',45,NULL,'2026-07-12 12:54:51','2026-07-12 12:54:51','2026-07-12 12:54:51',NULL),
(9,'LPN-00000009',1,3,'PALLET','STORED',46,NULL,'2026-07-12 12:54:51','2026-07-12 12:54:52','2026-07-12 12:54:51',NULL),
(10,'LPN-00000010',1,3,'PALLET','STORED',47,NULL,'2026-07-12 12:54:52','2026-07-12 12:54:52','2026-07-12 12:54:52',NULL),
(11,'LPN-00000011',1,1,'PALLET','STORED',1051,NULL,'2026-07-12 12:54:52','2026-07-12 12:54:53','2026-07-12 12:54:52',NULL),
(12,'LPN-00000012',1,1,'PALLET','STORED',1777,NULL,'2026-07-12 12:54:53','2026-07-12 12:54:53','2026-07-12 12:54:53',NULL),
(13,'LPN-00000013',1,1,'PALLET','STORED',3226,NULL,'2026-07-12 12:54:53','2026-07-12 12:54:54','2026-07-12 12:54:53',NULL),
(14,'LPN-00000014',1,1,'PALLET','STORED',1084,NULL,'2026-07-12 12:54:54','2026-07-12 12:54:54','2026-07-12 12:54:54',NULL),
(15,'LPN-00000015',1,1,'PALLET','STORED',1117,NULL,'2026-07-12 12:54:55','2026-07-12 12:54:55','2026-07-12 12:54:55',NULL),
(16,'LPN-00000016',1,1,'PALLET','STORED',1054,NULL,'2026-07-12 12:54:55','2026-07-12 21:20:54','2026-07-12 12:54:55',NULL),
(17,'LPN-00000017',1,1,'PALLET','STORED',3248,NULL,'2026-07-12 12:54:56','2026-07-12 12:54:57','2026-07-12 12:54:56',NULL),
(18,'LPN-00000018',1,1,'PALLET','STORED',1150,NULL,'2026-07-12 12:54:57','2026-07-12 12:54:57','2026-07-12 12:54:57',NULL),
(19,'LPN-00000019',1,1,'PALLET','STORED',1183,NULL,'2026-07-12 12:54:58','2026-07-12 12:54:58','2026-07-12 12:54:58',NULL),
(20,'LPN-00000020',1,1,'PALLET','STORED',1779,NULL,'2026-07-12 12:54:58','2026-07-12 12:54:59','2026-07-12 12:54:58',NULL),
(21,'LPN-00000021',1,1,'PALLET','STORED',3270,NULL,'2026-07-12 12:54:59','2026-07-12 12:54:59','2026-07-12 12:54:59',NULL),
(22,'LPN-00000022',1,1,'PALLET','STORED',1216,NULL,'2026-07-12 12:54:59','2026-07-12 12:55:00','2026-07-12 12:54:59',NULL),
(23,'LPN-00000023',1,1,'PALLET','STORED',1249,NULL,'2026-07-12 12:55:00','2026-07-12 12:55:01','2026-07-12 12:55:00',NULL),
(24,'LPN-00000024',1,1,'PALLET','STORED',1780,NULL,'2026-07-12 12:55:01','2026-07-12 12:55:01','2026-07-12 12:55:01',NULL),
(25,'LPN-00000025',1,1,'PALLET','STORED',3292,NULL,'2026-07-12 12:55:01','2026-07-12 12:55:02','2026-07-12 12:55:01',NULL),
(26,'LPN-00000026',1,1,'PALLET','STORED',1282,NULL,'2026-07-12 12:55:02','2026-07-12 12:55:02','2026-07-12 12:55:02',NULL),
(27,'LPN-00000027',1,1,'PALLET','STORED',1052,NULL,'2026-07-12 15:41:40','2026-07-12 15:59:49','2026-07-12 15:45:43',NULL),
(28,'LPN-00000028',1,1,'PALLET','STORED',1053,NULL,'2026-07-12 15:44:58','2026-07-12 16:00:06','2026-07-12 15:45:38',NULL),
(29,'LPN-00000029',1,3,'PALLET','STORED',48,NULL,'2026-07-12 21:18:40','2026-07-12 21:19:21','2026-07-12 21:19:00',NULL),
(30,'LPN-00000030',1,3,'PALLET','STORED',49,NULL,'2026-07-12 21:18:40','2026-07-12 21:19:37','2026-07-12 21:19:00',NULL),
(31,'LPN-00000031',1,3,'PALLET','STORED',2,NULL,'2026-07-12 21:19:54','2026-07-13 13:45:31','2026-07-12 21:19:54',NULL),
(32,'LPN-00000032',1,1,'PALLET','STORED',1055,NULL,'2026-07-12 21:53:05','2026-07-12 21:53:06','2026-07-12 21:53:05',NULL),
(33,'LPN-00000033',1,1,'PALLET','STORED',1056,NULL,'2026-07-12 21:53:06','2026-07-12 21:53:06','2026-07-12 21:53:06',NULL),
(34,'LPN-00000034',1,1,'PALLET','STORED',1057,NULL,'2026-07-12 21:53:06','2026-07-12 21:53:07','2026-07-12 21:53:06',NULL),
(35,'LPN-00000035',1,1,'PALLET','STORED',1058,NULL,'2026-07-12 21:53:07','2026-07-12 21:53:08','2026-07-12 21:53:07',NULL),
(36,'LPN-00000036',1,1,'PALLET','STORED',1059,NULL,'2026-07-12 21:53:08','2026-07-12 21:53:08','2026-07-12 21:53:08',NULL),
(37,'LPN-00000037',1,1,'PALLET','STORED',1060,NULL,'2026-07-12 21:53:08','2026-07-12 21:53:09','2026-07-12 21:53:08',NULL),
(38,'LPN-00000038',1,1,'PALLET','STORED',1061,NULL,'2026-07-12 21:53:09','2026-07-12 21:53:09','2026-07-12 21:53:09',NULL),
(39,'LPN-00000039',1,1,'PALLET','STORED',1062,NULL,'2026-07-12 21:53:09','2026-07-12 21:53:10','2026-07-12 21:53:09',NULL),
(40,'LPN-00000040',1,1,'PALLET','STORED',1063,NULL,'2026-07-12 21:53:10','2026-07-12 21:53:11','2026-07-12 21:53:10',NULL),
(41,'LPN-00000041',1,1,'PALLET','STORED',1064,NULL,'2026-07-12 21:53:11','2026-07-12 21:53:11','2026-07-12 21:53:11',NULL),
(42,'LPN-00000042',1,1,'PALLET','STORED',1065,NULL,'2026-07-12 21:53:11','2026-07-12 21:53:12','2026-07-12 21:53:11',NULL),
(43,'LPN-00000043',1,1,'PALLET','STORED',1066,NULL,'2026-07-12 21:53:12','2026-07-12 21:53:12','2026-07-12 21:53:12',NULL),
(44,'LPN-00000044',1,1,'PALLET','STORED',1067,NULL,'2026-07-12 21:53:12','2026-07-12 21:53:13','2026-07-12 21:53:12',NULL),
(45,'LPN-00000045',1,1,'PALLET','STORED',1068,NULL,'2026-07-12 21:53:13','2026-07-12 21:53:14','2026-07-12 21:53:13',NULL),
(46,'LPN-00000046',1,1,'PALLET','STORED',1069,NULL,'2026-07-12 21:53:14','2026-07-12 21:53:14','2026-07-12 21:53:14',NULL),
(47,'LPN-00000047',1,1,'PALLET','STORED',1070,NULL,'2026-07-12 21:53:14','2026-07-12 21:53:15','2026-07-12 21:53:14',NULL),
(48,'LPN-00000048',1,1,'PALLET','STORED',1071,NULL,'2026-07-12 21:53:15','2026-07-12 21:53:15','2026-07-12 21:53:15',NULL),
(49,'LPN-00000049',1,1,'PALLET','STORED',1072,NULL,'2026-07-12 21:53:15','2026-07-12 21:53:16','2026-07-12 21:53:15',NULL),
(50,'LPN-00000050',1,1,'PALLET','STORED',1073,NULL,'2026-07-12 21:53:16','2026-07-12 21:53:17','2026-07-12 21:53:16',NULL),
(51,'LPN-00000051',1,1,'PALLET','STORED',1074,NULL,'2026-07-12 21:53:17','2026-07-12 21:53:17','2026-07-12 21:53:17',NULL),
(52,'LPN-00000052',1,1,'PALLET','STORED',1075,NULL,'2026-07-12 21:53:17','2026-07-12 21:53:18','2026-07-12 21:53:17',NULL),
(53,'LPN-00000053',1,1,'PALLET','STORED',1076,NULL,'2026-07-12 21:53:18','2026-07-12 21:53:18','2026-07-12 21:53:18',NULL),
(54,'LPN-00000054',1,1,'PALLET','STORED',1077,NULL,'2026-07-12 21:53:18','2026-07-12 21:53:19','2026-07-12 21:53:18',NULL),
(55,'LPN-00000055',1,1,'PALLET','STORED',1078,NULL,'2026-07-12 21:53:19','2026-07-12 21:53:19','2026-07-12 21:53:19',NULL),
(56,'LPN-00000056',1,1,'PALLET','STORED',1079,NULL,'2026-07-12 21:53:20','2026-07-12 21:53:20','2026-07-12 21:53:20',NULL),
(57,'LPN-00000057',1,1,'PALLET','STORED',1080,NULL,'2026-07-12 21:53:20','2026-07-12 21:53:21','2026-07-12 21:53:20',NULL),
(58,'LPN-00000058',1,1,'PALLET','STORED',1081,NULL,'2026-07-12 21:53:21','2026-07-12 21:53:21','2026-07-12 21:53:21',NULL),
(59,'LPN-00000059',1,1,'PALLET','STORED',1082,NULL,'2026-07-12 21:53:21','2026-07-12 21:53:22','2026-07-12 21:53:21',NULL),
(60,'LPN-00000060',1,1,'PALLET','STORED',1083,NULL,'2026-07-12 21:53:22','2026-07-12 21:53:22','2026-07-12 21:53:22',NULL),
(61,'LPN-00000061',1,1,'PALLET','STORED',1085,NULL,'2026-07-12 21:53:22','2026-07-12 21:53:23','2026-07-12 21:53:22',NULL),
(62,'LPN-00000062',1,1,'PALLET','STORED',1086,NULL,'2026-07-12 21:53:23','2026-07-12 21:53:24','2026-07-12 21:53:23',NULL),
(63,'LPN-00000063',1,1,'PALLET','STORED',1087,NULL,'2026-07-12 21:53:24','2026-07-12 21:53:24','2026-07-12 21:53:24',NULL),
(64,'LPN-00000064',1,1,'PALLET','STORED',1088,NULL,'2026-07-12 21:53:24','2026-07-12 21:53:25','2026-07-12 21:53:24',NULL),
(65,'LPN-00000065',1,1,'PALLET','STORED',1089,NULL,'2026-07-12 21:53:25','2026-07-12 21:53:25','2026-07-12 21:53:25',NULL),
(66,'LPN-00000066',1,1,'PALLET','STORED',1090,NULL,'2026-07-12 21:53:25','2026-07-12 21:53:26','2026-07-12 21:53:25',NULL),
(67,'LPN-00000067',1,1,'PALLET','STORED',1091,NULL,'2026-07-12 21:53:26','2026-07-12 21:53:27','2026-07-12 21:53:26',NULL),
(68,'LPN-00000068',1,1,'PALLET','STORED',1092,NULL,'2026-07-12 21:53:27','2026-07-12 21:53:27','2026-07-12 21:53:27',NULL),
(69,'LPN-00000069',1,1,'PALLET','STORED',1093,NULL,'2026-07-12 21:53:27','2026-07-12 21:53:28','2026-07-12 21:53:27',NULL),
(70,'LPN-00000070',1,1,'PALLET','STORED',1094,NULL,'2026-07-12 21:53:28','2026-07-12 21:53:28','2026-07-12 21:53:28',NULL),
(71,'LPN-00000071',1,1,'PALLET','STORED',1095,NULL,'2026-07-12 21:53:28','2026-07-12 21:53:29','2026-07-12 21:53:28',NULL),
(72,'LPN-00000072',1,1,'PALLET','STORED',1096,NULL,'2026-07-12 21:53:29','2026-07-12 21:53:30','2026-07-12 21:53:29',NULL),
(73,'LPN-00000073',1,1,'PALLET','STORED',1097,NULL,'2026-07-12 21:53:30','2026-07-12 21:53:30','2026-07-12 21:53:30',NULL),
(74,'LPN-00000074',1,1,'PALLET','STORED',1098,NULL,'2026-07-12 21:53:30','2026-07-12 21:53:31','2026-07-12 21:53:30',NULL),
(75,'LPN-00000075',1,1,'PALLET','STORED',1099,NULL,'2026-07-12 21:53:31','2026-07-12 21:53:31','2026-07-12 21:53:31',NULL),
(76,'LPN-00000076',1,1,'PALLET','STORED',1100,NULL,'2026-07-12 21:53:31','2026-07-12 21:53:32','2026-07-12 21:53:31',NULL),
(77,'LPN-00000077',1,1,'PALLET','STORED',1101,NULL,'2026-07-12 21:53:32','2026-07-12 21:53:32','2026-07-12 21:53:32',NULL),
(78,'LPN-00000078',1,1,'PALLET','STORED',1102,NULL,'2026-07-12 21:53:32','2026-07-12 21:53:33','2026-07-12 21:53:32',NULL),
(79,'LPN-00000079',1,1,'PALLET','STORED',1103,NULL,'2026-07-12 21:53:33','2026-07-12 21:53:34','2026-07-12 21:53:33',NULL),
(80,'LPN-00000080',1,1,'PALLET','STORED',1104,NULL,'2026-07-12 21:53:34','2026-07-12 21:53:34','2026-07-12 21:53:34',NULL),
(81,'LPN-00000081',1,1,'PALLET','STORED',1105,NULL,'2026-07-12 21:53:34','2026-07-12 21:53:35','2026-07-12 21:53:34',NULL),
(82,'LPN-00000082',1,1,'PALLET','STORED',1106,NULL,'2026-07-12 21:53:35','2026-07-12 21:53:35','2026-07-12 21:53:35',NULL),
(83,'LPN-00000083',1,1,'PALLET','STORED',1107,NULL,'2026-07-12 21:53:35','2026-07-12 21:53:36','2026-07-12 21:53:35',NULL),
(84,'LPN-00000084',1,1,'PALLET','STORED',1108,NULL,'2026-07-12 21:53:36','2026-07-12 21:53:37','2026-07-12 21:53:36',NULL),
(85,'LPN-00000085',1,1,'PALLET','STORED',1109,NULL,'2026-07-12 21:53:37','2026-07-12 21:53:37','2026-07-12 21:53:37',NULL),
(86,'LPN-00000086',1,1,'PALLET','STORED',1110,NULL,'2026-07-12 21:53:37','2026-07-12 21:53:38','2026-07-12 21:53:37',NULL),
(87,'LPN-00000087',1,1,'PALLET','STORED',1111,NULL,'2026-07-12 21:53:38','2026-07-12 21:53:38','2026-07-12 21:53:38',NULL),
(88,'LPN-00000088',1,1,'PALLET','STORED',1112,NULL,'2026-07-12 21:53:38','2026-07-12 21:53:39','2026-07-12 21:53:38',NULL),
(89,'LPN-00000089',1,1,'PALLET','STORED',1113,NULL,'2026-07-12 21:53:39','2026-07-12 21:53:40','2026-07-12 21:53:39',NULL),
(90,'LPN-00000090',1,1,'PALLET','STORED',1114,NULL,'2026-07-12 21:53:40','2026-07-12 21:53:40','2026-07-12 21:53:40',NULL),
(91,'LPN-00000091',1,1,'PALLET','STORED',1115,NULL,'2026-07-12 21:53:40','2026-07-12 21:53:41','2026-07-12 21:53:40',NULL),
(92,'LPN-00000092',1,1,'PALLET','STORED',1116,NULL,'2026-07-12 21:53:41','2026-07-12 21:53:41','2026-07-12 21:53:41',NULL),
(93,'LPN-00000093',1,1,'PALLET','STORED',1118,NULL,'2026-07-12 21:53:41','2026-07-12 21:53:42','2026-07-12 21:53:41',NULL),
(94,'LPN-00000094',1,1,'PALLET','STORED',1119,NULL,'2026-07-12 21:53:42','2026-07-12 21:53:43','2026-07-12 21:53:42',NULL),
(95,'LPN-00000095',1,1,'PALLET','STORED',1120,NULL,'2026-07-12 21:53:43','2026-07-12 21:53:43','2026-07-12 21:53:43',NULL),
(96,'LPN-00000096',1,1,'PALLET','STORED',1121,NULL,'2026-07-12 21:53:43','2026-07-12 21:53:44','2026-07-12 21:53:43',NULL),
(97,'LPN-00000097',1,1,'PALLET','STORED',1122,NULL,'2026-07-12 21:53:44','2026-07-12 21:53:44','2026-07-12 21:53:44',NULL),
(98,'LPN-00000098',1,1,'PALLET','STORED',1123,NULL,'2026-07-12 21:53:44','2026-07-12 21:53:45','2026-07-12 21:53:44',NULL),
(99,'LPN-00000099',1,1,'PALLET','STORED',1124,NULL,'2026-07-12 21:53:45','2026-07-12 21:53:46','2026-07-12 21:53:45',NULL),
(100,'LPN-00000100',1,1,'PALLET','STORED',1125,NULL,'2026-07-12 21:53:46','2026-07-12 21:53:46','2026-07-12 21:53:46',NULL),
(101,'LPN-00000101',1,1,'PALLET','STORED',1126,NULL,'2026-07-12 21:53:46','2026-07-12 21:53:47','2026-07-12 21:53:46',NULL),
(102,'LPN-00000102',1,1,'PALLET','STORED',1127,NULL,'2026-07-12 21:53:47','2026-07-12 21:53:47','2026-07-12 21:53:47',NULL),
(103,'LPN-00000103',1,1,'PALLET','STORED',1128,NULL,'2026-07-12 21:53:47','2026-07-12 21:53:48','2026-07-12 21:53:47',NULL),
(104,'LPN-00000104',1,1,'PALLET','STORED',1129,NULL,'2026-07-12 21:53:48','2026-07-12 21:53:48','2026-07-12 21:53:48',NULL),
(105,'LPN-00000105',1,1,'PALLET','STORED',1130,NULL,'2026-07-12 21:53:48','2026-07-12 21:53:49','2026-07-12 21:53:49',NULL),
(106,'LPN-00000106',1,1,'PALLET','STORED',1131,NULL,'2026-07-12 21:53:49','2026-07-12 21:53:50','2026-07-12 21:53:49',NULL),
(107,'LPN-00000107',1,1,'PALLET','STORED',1132,NULL,'2026-07-12 21:53:50','2026-07-12 21:53:50','2026-07-12 21:53:50',NULL),
(108,'LPN-00000108',1,1,'PALLET','STORED',1133,NULL,'2026-07-12 21:53:50','2026-07-12 21:53:51','2026-07-12 21:53:50',NULL),
(109,'LPN-00000109',1,1,'PALLET','STORED',1134,NULL,'2026-07-12 21:53:51','2026-07-12 21:53:51','2026-07-12 21:53:51',NULL),
(110,'LPN-00000110',1,1,'PALLET','STORED',1135,NULL,'2026-07-12 21:53:51','2026-07-12 21:53:52','2026-07-12 21:53:51',NULL),
(111,'LPN-00000111',1,1,'PALLET','STORED',1136,NULL,'2026-07-12 21:53:52','2026-07-12 21:53:53','2026-07-12 21:53:52',NULL),
(112,'LPN-00000112',1,1,'PALLET','STORED',1137,NULL,'2026-07-12 21:53:53','2026-07-12 21:53:53','2026-07-12 21:53:53',NULL),
(113,'LPN-00000113',1,1,'PALLET','STORED',1138,NULL,'2026-07-12 21:53:53','2026-07-12 21:53:54','2026-07-12 21:53:53',NULL),
(114,'LPN-00000114',1,1,'PALLET','STORED',1139,NULL,'2026-07-12 21:53:54','2026-07-12 21:53:54','2026-07-12 21:53:54',NULL),
(115,'LPN-00000115',1,1,'PALLET','STORED',1140,NULL,'2026-07-12 21:53:54','2026-07-12 21:53:55','2026-07-12 21:53:54',NULL),
(116,'LPN-00000116',1,1,'PALLET','STORED',1141,NULL,'2026-07-12 21:53:55','2026-07-12 21:53:56','2026-07-12 21:53:55',NULL),
(117,'LPN-00000117',1,1,'PALLET','STORED',1142,NULL,'2026-07-12 21:53:56','2026-07-12 21:53:56','2026-07-12 21:53:56',NULL),
(118,'LPN-00000118',1,1,'PALLET','STORED',1143,NULL,'2026-07-12 21:53:56','2026-07-12 21:53:57','2026-07-12 21:53:56',NULL),
(119,'LPN-00000119',1,1,'PALLET','STORED',1144,NULL,'2026-07-12 21:53:57','2026-07-12 21:53:57','2026-07-12 21:53:57',NULL),
(120,'LPN-00000120',1,1,'PALLET','STORED',1145,NULL,'2026-07-12 21:53:57','2026-07-12 21:53:58','2026-07-12 21:53:57',NULL),
(121,'LPN-00000121',1,1,'PALLET','STORED',1146,NULL,'2026-07-12 21:53:58','2026-07-12 21:53:59','2026-07-12 21:53:58',NULL),
(122,'LPN-00000122',1,1,'PALLET','STORED',1147,NULL,'2026-07-12 21:53:59','2026-07-12 21:53:59','2026-07-12 21:53:59',NULL),
(123,'LPN-00000123',1,1,'PALLET','STORED',1148,NULL,'2026-07-12 21:53:59','2026-07-12 21:54:00','2026-07-12 21:53:59',NULL),
(124,'LPN-00000124',1,1,'PALLET','STORED',1149,NULL,'2026-07-12 21:54:00','2026-07-12 21:54:00','2026-07-12 21:54:00',NULL),
(125,'LPN-00000125',1,1,'PALLET','STORED',1151,NULL,'2026-07-12 21:54:00','2026-07-12 21:54:01','2026-07-12 21:54:00',NULL),
(126,'LPN-00000126',1,1,'PALLET','STORED',1152,NULL,'2026-07-12 21:54:01','2026-07-12 21:54:01','2026-07-12 21:54:01',NULL),
(127,'LPN-00000127',1,1,'PALLET','STORED',1153,NULL,'2026-07-12 21:54:01','2026-07-12 21:54:02','2026-07-12 21:54:02',NULL),
(128,'LPN-00000128',1,1,'PALLET','STORED',1154,NULL,'2026-07-12 21:54:02','2026-07-12 21:54:03','2026-07-12 21:54:02',NULL),
(129,'LPN-00000129',1,1,'PALLET','STORED',1155,NULL,'2026-07-12 21:54:03','2026-07-12 21:54:03','2026-07-12 21:54:03',NULL),
(130,'LPN-00000130',1,1,'PALLET','STORED',1156,NULL,'2026-07-12 21:54:03','2026-07-12 21:54:04','2026-07-12 21:54:03',NULL),
(131,'LPN-00000131',1,1,'PALLET','STORED',1157,NULL,'2026-07-12 21:54:04','2026-07-12 21:54:04','2026-07-12 21:54:04',NULL),
(132,'LPN-00000132',1,1,'PALLET','STORED',1158,NULL,'2026-07-12 21:54:04','2026-07-12 21:54:05','2026-07-12 21:54:04',NULL),
(133,'LPN-00000133',1,1,'PALLET','STORED',1159,NULL,'2026-07-12 21:54:05','2026-07-12 21:54:06','2026-07-12 21:54:05',NULL),
(134,'LPN-00000134',1,1,'PALLET','STORED',1160,NULL,'2026-07-12 21:54:06','2026-07-12 21:54:06','2026-07-12 21:54:06',NULL),
(135,'LPN-00000135',1,1,'PALLET','STORED',1161,NULL,'2026-07-12 21:54:06','2026-07-12 21:54:07','2026-07-12 21:54:06',NULL),
(136,'LPN-00000136',1,1,'PALLET','STORED',1162,NULL,'2026-07-12 21:54:07','2026-07-12 21:54:07','2026-07-12 21:54:07',NULL),
(137,'LPN-00000137',1,1,'PALLET','STORED',1163,NULL,'2026-07-12 21:54:07','2026-07-12 21:54:08','2026-07-12 21:54:07',NULL),
(138,'LPN-00000138',1,1,'PALLET','STORED',1164,NULL,'2026-07-12 21:54:08','2026-07-12 21:54:09','2026-07-12 21:54:08',NULL),
(139,'LPN-00000139',1,1,'PALLET','STORED',1165,NULL,'2026-07-12 21:54:09','2026-07-12 21:54:09','2026-07-12 21:54:09',NULL),
(140,'LPN-00000140',1,1,'PALLET','STORED',1166,NULL,'2026-07-12 21:54:09','2026-07-12 21:54:10','2026-07-12 21:54:09',NULL),
(141,'LPN-00000141',1,1,'PALLET','STORED',1167,NULL,'2026-07-12 21:54:10','2026-07-12 21:54:10','2026-07-12 21:54:10',NULL),
(142,'LPN-00000142',1,1,'PALLET','STORED',1168,NULL,'2026-07-12 21:54:10','2026-07-12 21:54:11','2026-07-12 21:54:10',NULL),
(143,'LPN-00000143',1,1,'PALLET','STORED',1169,NULL,'2026-07-12 21:54:11','2026-07-12 21:54:12','2026-07-12 21:54:11',NULL),
(144,'LPN-00000144',1,1,'PALLET','STORED',1170,NULL,'2026-07-12 21:54:12','2026-07-12 21:54:12','2026-07-12 21:54:12',NULL),
(145,'LPN-00000145',1,1,'PALLET','STORED',1171,NULL,'2026-07-12 21:54:12','2026-07-12 21:54:13','2026-07-12 21:54:12',NULL),
(146,'LPN-00000146',1,1,'PALLET','STORED',1172,NULL,'2026-07-12 21:54:13','2026-07-12 21:54:13','2026-07-12 21:54:13',NULL),
(147,'LPN-00000147',1,1,'PALLET','STORED',1173,NULL,'2026-07-12 21:54:13','2026-07-12 21:54:14','2026-07-12 21:54:13',NULL),
(148,'LPN-00000148',1,1,'PALLET','STORED',1174,NULL,'2026-07-12 21:54:14','2026-07-12 21:54:15','2026-07-12 21:54:14',NULL),
(149,'LPN-00000149',1,1,'PALLET','STORED',1175,NULL,'2026-07-12 21:54:15','2026-07-12 21:54:15','2026-07-12 21:54:15',NULL),
(150,'LPN-00000150',1,1,'PALLET','STORED',1176,NULL,'2026-07-12 21:54:15','2026-07-12 21:54:16','2026-07-12 21:54:15',NULL),
(151,'LPN-00000151',1,1,'PALLET','STORED',1177,NULL,'2026-07-12 21:54:16','2026-07-12 21:54:16','2026-07-12 21:54:16',NULL),
(152,'LPN-00000152',1,1,'PALLET','STORED',1178,NULL,'2026-07-12 21:54:16','2026-07-12 21:54:17','2026-07-12 21:54:16',NULL),
(153,'LPN-00000153',1,1,'PALLET','STORED',1179,NULL,'2026-07-12 21:54:17','2026-07-12 21:54:17','2026-07-12 21:54:17',NULL),
(154,'LPN-00000154',1,1,'PALLET','STORED',1180,NULL,'2026-07-12 21:54:18','2026-07-12 21:54:18','2026-07-12 21:54:18',NULL),
(155,'LPN-00000155',1,1,'PALLET','STORED',1181,NULL,'2026-07-12 21:54:18','2026-07-12 21:54:19','2026-07-12 21:54:18',NULL),
(156,'LPN-00000156',1,1,'PALLET','STORED',1182,NULL,'2026-07-12 21:54:19','2026-07-12 21:54:19','2026-07-12 21:54:19',NULL),
(157,'LPN-00000157',1,1,'PALLET','STORED',1184,NULL,'2026-07-12 21:54:19','2026-07-12 21:54:20','2026-07-12 21:54:19',NULL),
(158,'LPN-00000158',1,1,'PALLET','STORED',1185,NULL,'2026-07-12 21:54:20','2026-07-12 21:54:20','2026-07-12 21:54:20',NULL),
(159,'LPN-00000159',1,1,'PALLET','STORED',1186,NULL,'2026-07-12 21:54:20','2026-07-12 21:54:21','2026-07-12 21:54:20',NULL),
(160,'LPN-00000160',1,1,'PALLET','STORED',1187,NULL,'2026-07-12 21:54:21','2026-07-12 21:54:22','2026-07-12 21:54:21',NULL),
(161,'LPN-00000161',1,1,'PALLET','STORED',1188,NULL,'2026-07-12 21:54:22','2026-07-12 21:54:22','2026-07-12 21:54:22',NULL),
(162,'LPN-00000162',1,1,'PALLET','STORED',1189,NULL,'2026-07-12 21:54:22','2026-07-12 21:54:23','2026-07-12 21:54:22',NULL),
(163,'LPN-00000163',1,1,'PALLET','STORED',1190,NULL,'2026-07-12 21:54:23','2026-07-12 21:54:23','2026-07-12 21:54:23',NULL),
(164,'LPN-00000164',1,1,'PALLET','STORED',1191,NULL,'2026-07-12 21:54:23','2026-07-12 21:54:24','2026-07-12 21:54:23',NULL),
(165,'LPN-00000165',1,1,'PALLET','STORED',1192,NULL,'2026-07-12 21:54:24','2026-07-12 21:54:25','2026-07-12 21:54:24',NULL),
(166,'LPN-00000166',1,1,'PALLET','STORED',1193,NULL,'2026-07-12 21:54:25','2026-07-12 21:54:25','2026-07-12 21:54:25',NULL),
(167,'LPN-00000167',1,1,'PALLET','STORED',1194,NULL,'2026-07-12 21:54:25','2026-07-12 21:54:26','2026-07-12 21:54:25',NULL),
(168,'LPN-00000168',1,1,'PALLET','STORED',1195,NULL,'2026-07-12 21:54:26','2026-07-12 21:54:26','2026-07-12 21:54:26',NULL),
(169,'LPN-00000169',1,1,'PALLET','STORED',1196,NULL,'2026-07-12 21:54:26','2026-07-12 21:54:27','2026-07-12 21:54:26',NULL),
(170,'LPN-00000170',1,1,'PALLET','STORED',1197,NULL,'2026-07-12 21:54:27','2026-07-12 21:54:28','2026-07-12 21:54:27',NULL),
(171,'LPN-00000171',1,1,'PALLET','STORED',1198,NULL,'2026-07-12 21:54:28','2026-07-12 21:54:28','2026-07-12 21:54:28',NULL),
(172,'LPN-00000172',1,1,'PALLET','STORED',1199,NULL,'2026-07-12 21:54:28','2026-07-12 21:54:29','2026-07-12 21:54:28',NULL),
(173,'LPN-00000173',1,1,'PALLET','STORED',1200,NULL,'2026-07-12 21:54:29','2026-07-12 21:54:29','2026-07-12 21:54:29',NULL),
(174,'LPN-00000174',1,1,'PALLET','STORED',1201,NULL,'2026-07-12 21:54:29','2026-07-12 21:54:30','2026-07-12 21:54:29',NULL),
(175,'LPN-00000175',1,1,'PALLET','STORED',1202,NULL,'2026-07-12 21:54:30','2026-07-12 21:54:31','2026-07-12 21:54:30',NULL),
(176,'LPN-00000176',1,1,'PALLET','STORED',1203,NULL,'2026-07-12 21:54:31','2026-07-12 21:54:31','2026-07-12 21:54:31',NULL),
(177,'LPN-00000177',1,1,'PALLET','STORED',1204,NULL,'2026-07-12 21:54:31','2026-07-12 21:54:32','2026-07-12 21:54:31',NULL),
(178,'LPN-00000178',1,1,'PALLET','STORED',1205,NULL,'2026-07-12 21:54:32','2026-07-12 21:54:32','2026-07-12 21:54:32',NULL),
(179,'LPN-00000179',1,1,'PALLET','STORED',1206,NULL,'2026-07-12 21:54:32','2026-07-12 21:54:33','2026-07-12 21:54:32',NULL),
(180,'LPN-00000180',1,1,'PALLET','STORED',1207,NULL,'2026-07-12 21:54:33','2026-07-12 21:54:33','2026-07-12 21:54:33',NULL),
(181,'LPN-00000181',1,1,'PALLET','STORED',1208,NULL,'2026-07-12 21:54:33','2026-07-12 21:54:34','2026-07-12 21:54:34',NULL),
(182,'LPN-00000182',1,1,'PALLET','STORED',1209,NULL,'2026-07-12 21:54:34','2026-07-12 21:54:35','2026-07-12 21:54:34',NULL),
(183,'LPN-00000183',1,1,'PALLET','STORED',1210,NULL,'2026-07-12 21:54:35','2026-07-12 21:54:35','2026-07-12 21:54:35',NULL),
(184,'LPN-00000184',1,1,'PALLET','STORED',1211,NULL,'2026-07-12 21:54:35','2026-07-12 21:54:36','2026-07-12 21:54:35',NULL),
(185,'LPN-00000185',1,1,'PALLET','STORED',1212,NULL,'2026-07-12 21:54:36','2026-07-12 21:54:36','2026-07-12 21:54:36',NULL),
(186,'LPN-00000186',1,1,'PALLET','STORED',1213,NULL,'2026-07-12 21:54:36','2026-07-12 21:54:37','2026-07-12 21:54:36',NULL),
(187,'LPN-00000187',1,1,'PALLET','STORED',1214,NULL,'2026-07-12 21:54:37','2026-07-12 21:54:38','2026-07-12 21:54:37',NULL),
(188,'LPN-00000188',1,1,'PALLET','STORED',1215,NULL,'2026-07-12 21:54:38','2026-07-12 21:54:38','2026-07-12 21:54:38',NULL),
(189,'LPN-00000189',1,1,'PALLET','STORED',1217,NULL,'2026-07-12 21:54:38','2026-07-12 21:54:39','2026-07-12 21:54:38',NULL),
(190,'LPN-00000190',1,1,'PALLET','STORED',1218,NULL,'2026-07-12 21:54:39','2026-07-12 21:54:39','2026-07-12 21:54:39',NULL),
(191,'LPN-00000191',1,1,'PALLET','STORED',1219,NULL,'2026-07-12 21:54:39','2026-07-12 21:54:40','2026-07-12 21:54:39',NULL),
(192,'LPN-00000192',1,1,'PALLET','STORED',1220,NULL,'2026-07-12 21:54:40','2026-07-12 21:54:41','2026-07-12 21:54:40',NULL),
(193,'LPN-00000193',1,1,'PALLET','STORED',1221,NULL,'2026-07-12 21:54:41','2026-07-12 21:54:41','2026-07-12 21:54:41',NULL),
(194,'LPN-00000194',1,1,'PALLET','STORED',1222,NULL,'2026-07-12 21:54:41','2026-07-12 21:54:42','2026-07-12 21:54:41',NULL),
(195,'LPN-00000195',1,1,'PALLET','STORED',1223,NULL,'2026-07-12 21:54:42','2026-07-12 21:54:42','2026-07-12 21:54:42',NULL),
(196,'LPN-00000196',1,1,'PALLET','STORED',1224,NULL,'2026-07-12 21:54:42','2026-07-12 21:54:43','2026-07-12 21:54:42',NULL),
(197,'LPN-00000197',1,1,'PALLET','STORED',1225,NULL,'2026-07-12 21:54:43','2026-07-12 21:54:43','2026-07-12 21:54:43',NULL),
(198,'LPN-00000198',1,1,'PALLET','STORED',1226,NULL,'2026-07-12 21:54:43','2026-07-12 21:54:44','2026-07-12 21:54:43',NULL),
(199,'LPN-00000199',1,1,'PALLET','STORED',1227,NULL,'2026-07-12 21:54:44','2026-07-12 21:54:45','2026-07-12 21:54:44',NULL),
(200,'LPN-00000200',1,1,'PALLET','STORED',1228,NULL,'2026-07-12 21:54:45','2026-07-12 21:54:45','2026-07-12 21:54:45',NULL),
(201,'LPN-00000201',1,1,'PALLET','STORED',1229,NULL,'2026-07-12 21:54:45','2026-07-12 21:54:46','2026-07-12 21:54:45',NULL),
(202,'LPN-00000202',1,1,'PALLET','STORED',1230,NULL,'2026-07-12 21:54:46','2026-07-12 21:54:46','2026-07-12 21:54:46',NULL),
(203,'LPN-00000203',1,1,'PALLET','STORED',1231,NULL,'2026-07-12 21:54:46','2026-07-12 21:54:47','2026-07-12 21:54:46',NULL),
(204,'LPN-00000204',1,1,'PALLET','STORED',1232,NULL,'2026-07-12 21:54:47','2026-07-12 21:54:48','2026-07-12 21:54:47',NULL),
(205,'LPN-00000205',1,1,'PALLET','STORED',1233,NULL,'2026-07-12 21:54:48','2026-07-12 21:54:48','2026-07-12 21:54:48',NULL),
(206,'LPN-00000206',1,1,'PALLET','STORED',1234,NULL,'2026-07-12 21:54:48','2026-07-12 21:54:49','2026-07-12 21:54:48',NULL),
(207,'LPN-00000207',1,1,'PALLET','STORED',1235,NULL,'2026-07-12 21:54:49','2026-07-12 21:54:49','2026-07-12 21:54:49',NULL),
(208,'LPN-00000208',1,1,'PALLET','STORED',1236,NULL,'2026-07-12 21:54:49','2026-07-12 21:54:50','2026-07-12 21:54:49',NULL),
(209,'LPN-00000209',1,1,'PALLET','STORED',1237,NULL,'2026-07-12 21:54:50','2026-07-12 21:54:50','2026-07-12 21:54:50',NULL),
(210,'LPN-00000210',1,1,'PALLET','STORED',1238,NULL,'2026-07-12 21:54:50','2026-07-12 21:54:51','2026-07-12 21:54:51',NULL),
(211,'LPN-00000211',1,1,'PALLET','STORED',1239,NULL,'2026-07-12 21:54:51','2026-07-12 21:54:52','2026-07-12 21:54:51',NULL),
(212,'LPN-00000212',1,1,'PALLET','STORED',1240,NULL,'2026-07-12 21:54:52','2026-07-12 21:54:52','2026-07-12 21:54:52',NULL),
(213,'LPN-00000213',1,1,'PALLET','STORED',1241,NULL,'2026-07-12 21:54:52','2026-07-12 21:54:53','2026-07-12 21:54:52',NULL),
(214,'LPN-00000214',1,1,'PALLET','STORED',1242,NULL,'2026-07-12 21:54:53','2026-07-12 21:54:53','2026-07-12 21:54:53',NULL),
(215,'LPN-00000215',1,1,'PALLET','STORED',1243,NULL,'2026-07-12 21:54:53','2026-07-12 21:54:54','2026-07-12 21:54:53',NULL),
(216,'LPN-00000216',1,1,'PALLET','STORED',1244,NULL,'2026-07-12 21:54:54','2026-07-12 21:54:55','2026-07-12 21:54:54',NULL),
(217,'LPN-00000217',1,1,'PALLET','STORED',1245,NULL,'2026-07-12 21:54:55','2026-07-12 21:54:55','2026-07-12 21:54:55',NULL),
(218,'LPN-00000218',1,1,'PALLET','STORED',1246,NULL,'2026-07-12 21:54:55','2026-07-12 21:54:56','2026-07-12 21:54:55',NULL),
(219,'LPN-00000219',1,1,'PALLET','STORED',1247,NULL,'2026-07-12 21:54:56','2026-07-12 21:54:57','2026-07-12 21:54:56',NULL),
(220,'LPN-00000220',1,1,'PALLET','STORED',1248,NULL,'2026-07-12 21:54:57','2026-07-12 21:54:57','2026-07-12 21:54:57',NULL),
(221,'LPN-00000221',1,1,'PALLET','STORED',1250,NULL,'2026-07-12 21:54:57','2026-07-12 21:54:58','2026-07-12 21:54:57',NULL),
(222,'LPN-00000222',1,1,'PALLET','STORED',1251,NULL,'2026-07-12 21:54:58','2026-07-12 21:54:59','2026-07-12 21:54:58',NULL),
(223,'LPN-00000223',1,1,'PALLET','STORED',1252,NULL,'2026-07-12 21:54:59','2026-07-12 21:54:59','2026-07-12 21:54:59',NULL),
(224,'LPN-00000224',1,1,'PALLET','STORED',1253,NULL,'2026-07-12 21:54:59','2026-07-12 21:55:00','2026-07-12 21:54:59',NULL),
(225,'LPN-00000225',1,1,'PALLET','STORED',1254,NULL,'2026-07-12 21:55:00','2026-07-12 21:55:01','2026-07-12 21:55:00',NULL),
(226,'LPN-00000226',1,1,'PALLET','STORED',1255,NULL,'2026-07-12 21:55:01','2026-07-12 21:55:01','2026-07-12 21:55:01',NULL),
(227,'LPN-00000227',1,1,'PALLET','STORED',1256,NULL,'2026-07-12 21:55:01','2026-07-12 21:55:02','2026-07-12 21:55:01',NULL),
(228,'LPN-00000228',1,1,'PALLET','STORED',1257,NULL,'2026-07-12 21:55:02','2026-07-12 21:55:02','2026-07-12 21:55:02',NULL),
(229,'LPN-00000229',1,1,'PALLET','STORED',1258,NULL,'2026-07-12 21:55:02','2026-07-12 21:55:03','2026-07-12 21:55:02',NULL),
(230,'LPN-00000230',1,1,'PALLET','STORED',1259,NULL,'2026-07-12 21:55:03','2026-07-12 21:55:03','2026-07-12 21:55:03',NULL),
(231,'LPN-00000231',1,1,'PALLET','STORED',1260,NULL,'2026-07-12 21:55:03','2026-07-12 21:55:04','2026-07-12 21:55:03',NULL),
(232,'LPN-00000232',1,1,'PALLET','STORED',1261,NULL,'2026-07-12 21:55:04','2026-07-12 21:55:04','2026-07-12 21:55:04',NULL),
(233,'LPN-00000233',1,1,'PALLET','STORED',1262,NULL,'2026-07-12 21:55:04','2026-07-12 21:55:05','2026-07-12 21:55:04',NULL),
(234,'LPN-00000234',1,1,'PALLET','STORED',1263,NULL,'2026-07-12 21:55:05','2026-07-12 21:55:05','2026-07-12 21:55:05',NULL),
(235,'LPN-00000235',1,1,'PALLET','STORED',1264,NULL,'2026-07-12 21:55:05','2026-07-12 21:55:06','2026-07-12 21:55:06',NULL),
(236,'LPN-00000236',1,1,'PALLET','STORED',1265,NULL,'2026-07-12 21:55:06','2026-07-12 21:55:07','2026-07-12 21:55:06',NULL),
(237,'LPN-00000237',1,1,'PALLET','STORED',1266,NULL,'2026-07-12 21:55:07','2026-07-12 21:55:07','2026-07-12 21:55:07',NULL),
(238,'LPN-00000238',1,1,'PALLET','STORED',1267,NULL,'2026-07-12 21:55:07','2026-07-12 21:55:08','2026-07-12 21:55:07',NULL),
(239,'LPN-00000239',1,1,'PALLET','STORED',1268,NULL,'2026-07-12 21:55:08','2026-07-12 21:55:09','2026-07-12 21:55:08',NULL),
(240,'LPN-00000240',1,1,'PALLET','STORED',1269,NULL,'2026-07-12 21:55:09','2026-07-12 21:55:10','2026-07-12 21:55:09',NULL),
(241,'LPN-00000241',1,1,'PALLET','STORED',1270,NULL,'2026-07-12 21:55:10','2026-07-12 21:55:11','2026-07-12 21:55:10',NULL),
(242,'LPN-00000242',1,1,'PALLET','STORED',1271,NULL,'2026-07-12 21:55:11','2026-07-12 21:55:13','2026-07-12 21:55:11',NULL),
(243,'LPN-00000243',1,1,'PALLET','STORED',1272,NULL,'2026-07-12 21:55:13','2026-07-12 21:55:14','2026-07-12 21:55:13',NULL),
(244,'LPN-00000244',1,1,'PALLET','STORED',1273,NULL,'2026-07-12 21:55:14','2026-07-12 21:55:15','2026-07-12 21:55:14',NULL),
(245,'LPN-00000245',1,1,'PALLET','STORED',1274,NULL,'2026-07-12 21:55:15','2026-07-12 21:55:16','2026-07-12 21:55:15',NULL),
(246,'LPN-00000246',1,1,'PALLET','STORED',1275,NULL,'2026-07-12 21:55:16','2026-07-12 21:55:17','2026-07-12 21:55:16',NULL),
(247,'LPN-00000247',1,1,'PALLET','STORED',1276,NULL,'2026-07-12 21:55:17','2026-07-12 21:55:18','2026-07-12 21:55:17',NULL),
(248,'LPN-00000248',1,1,'PALLET','STORED',1277,NULL,'2026-07-12 21:55:19','2026-07-12 21:55:20','2026-07-12 21:55:19',NULL),
(249,'LPN-00000249',1,1,'PALLET','STORED',1278,NULL,'2026-07-12 21:55:20','2026-07-12 21:55:21','2026-07-12 21:55:20',NULL),
(250,'LPN-00000250',1,1,'PALLET','STORED',1279,NULL,'2026-07-12 21:55:21','2026-07-12 21:55:22','2026-07-12 21:55:21',NULL),
(251,'LPN-00000251',1,1,'PALLET','STORED',1280,NULL,'2026-07-12 21:55:22','2026-07-12 21:55:23','2026-07-12 21:55:22',NULL),
(252,'LPN-00000252',1,1,'PALLET','STORED',1281,NULL,'2026-07-12 21:55:23','2026-07-12 21:55:25','2026-07-12 21:55:23',NULL),
(253,'LPN-00000253',1,1,'PALLET','STORED',1283,NULL,'2026-07-12 21:55:25','2026-07-12 21:55:26','2026-07-12 21:55:25',NULL),
(254,'LPN-00000254',1,1,'PALLET','STORED',1284,NULL,'2026-07-12 21:55:26','2026-07-12 21:55:27','2026-07-12 21:55:26',NULL),
(255,'LPN-00000255',1,1,'PALLET','STORED',1285,NULL,'2026-07-12 21:55:27','2026-07-12 21:55:28','2026-07-12 21:55:27',NULL),
(256,'LPN-00000256',1,1,'PALLET','STORED',1286,NULL,'2026-07-12 21:55:28','2026-07-12 21:55:29','2026-07-12 21:55:28',NULL),
(257,'LPN-00000257',1,1,'PALLET','STORED',1287,NULL,'2026-07-12 21:55:29','2026-07-12 21:55:31','2026-07-12 21:55:29',NULL),
(258,'LPN-00000258',1,1,'PALLET','STORED',1288,NULL,'2026-07-12 21:55:31','2026-07-12 21:55:32','2026-07-12 21:55:31',NULL),
(259,'LPN-00000259',1,1,'PALLET','STORED',1289,NULL,'2026-07-12 21:55:32','2026-07-12 21:55:33','2026-07-12 21:55:32',NULL),
(260,'LPN-00000260',1,1,'PALLET','STORED',1290,NULL,'2026-07-12 21:55:33','2026-07-12 21:55:34','2026-07-12 21:55:33',NULL),
(261,'LPN-00000261',1,1,'PALLET','STORED',1291,NULL,'2026-07-12 21:55:34','2026-07-12 21:55:35','2026-07-12 21:55:34',NULL),
(262,'LPN-00000262',1,1,'PALLET','STORED',1292,NULL,'2026-07-12 21:55:35','2026-07-12 21:55:37','2026-07-12 21:55:35',NULL),
(263,'LPN-00000263',1,1,'PALLET','STORED',1293,NULL,'2026-07-12 21:55:37','2026-07-12 21:55:38','2026-07-12 21:55:37',NULL),
(264,'LPN-00000264',1,1,'PALLET','STORED',1294,NULL,'2026-07-12 21:55:38','2026-07-12 21:55:39','2026-07-12 21:55:38',NULL),
(265,'LPN-00000265',1,1,'PALLET','STORED',1295,NULL,'2026-07-12 21:55:39','2026-07-12 21:55:40','2026-07-12 21:55:39',NULL),
(266,'LPN-00000266',1,1,'PALLET','STORED',1296,NULL,'2026-07-12 21:55:40','2026-07-12 21:55:41','2026-07-12 21:55:40',NULL),
(267,'LPN-00000267',1,1,'PALLET','STORED',1297,NULL,'2026-07-12 21:55:41','2026-07-12 21:55:43','2026-07-12 21:55:41',NULL),
(268,'LPN-00000268',1,1,'PALLET','STORED',1298,NULL,'2026-07-12 21:55:43','2026-07-12 21:55:44','2026-07-12 21:55:43',NULL),
(269,'LPN-00000269',1,1,'PALLET','STORED',1299,NULL,'2026-07-12 21:55:44','2026-07-12 21:55:45','2026-07-12 21:55:44',NULL),
(270,'LPN-00000270',1,1,'PALLET','STORED',1300,NULL,'2026-07-12 21:55:45','2026-07-12 21:55:46','2026-07-12 21:55:45',NULL),
(271,'LPN-00000271',1,1,'PALLET','STORED',1301,NULL,'2026-07-12 21:55:46','2026-07-12 21:55:47','2026-07-12 21:55:46',NULL),
(272,'LPN-00000272',1,1,'PALLET','STORED',1302,NULL,'2026-07-12 21:55:47','2026-07-12 21:55:48','2026-07-12 21:55:47',NULL),
(273,'LPN-00000273',1,1,'PALLET','STORED',1303,NULL,'2026-07-12 21:55:48','2026-07-12 21:55:50','2026-07-12 21:55:49',NULL),
(274,'LPN-00000274',1,1,'PALLET','STORED',1304,NULL,'2026-07-12 21:55:50','2026-07-12 21:55:51','2026-07-12 21:55:50',NULL),
(275,'LPN-00000275',1,1,'PALLET','STORED',1305,NULL,'2026-07-12 21:55:51','2026-07-12 21:55:52','2026-07-12 21:55:51',NULL),
(276,'LPN-00000276',1,1,'PALLET','STORED',1306,NULL,'2026-07-12 21:55:52','2026-07-12 21:55:53','2026-07-12 21:55:52',NULL),
(277,'LPN-00000277',1,1,'PALLET','STORED',1307,NULL,'2026-07-12 21:55:53','2026-07-12 21:55:54','2026-07-12 21:55:53',NULL),
(278,'LPN-00000278',1,1,'PALLET','STORED',1308,NULL,'2026-07-12 21:55:54','2026-07-12 21:55:56','2026-07-12 21:55:54',NULL),
(279,'LPN-00000279',1,1,'PALLET','STORED',1309,NULL,'2026-07-12 21:55:56','2026-07-12 21:55:57','2026-07-12 21:55:56',NULL),
(280,'LPN-00000280',1,1,'PALLET','STORED',1310,NULL,'2026-07-12 21:55:57','2026-07-12 21:55:58','2026-07-12 21:55:57',NULL),
(281,'LPN-00000281',1,1,'PALLET','STORED',1311,NULL,'2026-07-12 21:55:58','2026-07-12 21:55:59','2026-07-12 21:55:58',NULL),
(282,'LPN-00000282',1,1,'PALLET','STORED',1312,NULL,'2026-07-12 21:55:59','2026-07-12 21:56:00','2026-07-12 21:55:59',NULL),
(283,'LPN-00000283',1,1,'PALLET','STORED',1313,NULL,'2026-07-12 21:56:00','2026-07-12 21:56:01','2026-07-12 21:56:00',NULL),
(284,'LPN-00000284',1,1,'PALLET','STORED',1314,NULL,'2026-07-12 21:56:02','2026-07-12 21:56:03','2026-07-12 21:56:02',NULL),
(285,'LPN-00000285',1,1,'PALLET','STORED',1315,NULL,'2026-07-12 21:56:03','2026-07-12 21:56:04','2026-07-12 21:56:03',NULL),
(286,'LPN-00000286',1,1,'PALLET','STORED',1316,NULL,'2026-07-12 21:56:04','2026-07-12 21:56:05','2026-07-12 21:56:04',NULL),
(287,'LPN-00000287',1,1,'PALLET','STORED',1317,NULL,'2026-07-12 21:56:05','2026-07-12 21:56:06','2026-07-12 21:56:05',NULL),
(288,'LPN-00000288',1,1,'PALLET','STORED',1318,NULL,'2026-07-12 21:56:06','2026-07-12 21:56:07','2026-07-12 21:56:06',NULL),
(289,'LPN-00000289',1,1,'PALLET','STORED',1319,NULL,'2026-07-12 21:56:07','2026-07-12 21:56:09','2026-07-12 21:56:08',NULL),
(290,'LPN-00000290',1,1,'PALLET','STORED',1320,NULL,'2026-07-12 21:56:09','2026-07-12 21:56:10','2026-07-12 21:56:09',NULL),
(291,'LPN-00000291',1,1,'PALLET','STORED',1321,NULL,'2026-07-12 21:56:10','2026-07-12 21:56:11','2026-07-12 21:56:10',NULL),
(292,'LPN-00000292',1,1,'PALLET','STORED',1322,NULL,'2026-07-12 21:56:11','2026-07-12 21:56:12','2026-07-12 21:56:11',NULL),
(293,'LPN-00000293',1,1,'PALLET','STORED',1323,NULL,'2026-07-12 21:56:12','2026-07-12 21:56:13','2026-07-12 21:56:12',NULL),
(294,'LPN-00000294',1,1,'PALLET','STORED',1324,NULL,'2026-07-12 21:56:13','2026-07-12 21:56:15','2026-07-12 21:56:13',NULL),
(295,'LPN-00000295',1,1,'PALLET','STORED',1325,NULL,'2026-07-12 21:56:15','2026-07-12 21:56:16','2026-07-12 21:56:15',NULL),
(296,'LPN-00000296',1,1,'PALLET','STORED',1326,NULL,'2026-07-12 21:56:16','2026-07-12 21:56:17','2026-07-12 21:56:16',NULL),
(297,'LPN-00000297',1,1,'PALLET','STORED',1327,NULL,'2026-07-12 21:56:17','2026-07-12 21:56:18','2026-07-12 21:56:17',NULL),
(298,'LPN-00000298',1,1,'PALLET','STORED',1328,NULL,'2026-07-12 21:56:18','2026-07-12 21:56:19','2026-07-12 21:56:18',NULL),
(299,'LPN-00000299',1,1,'PALLET','STORED',1329,NULL,'2026-07-12 21:56:19','2026-07-12 21:56:21','2026-07-12 21:56:19',NULL),
(300,'LPN-00000300',1,1,'PALLET','STORED',1330,NULL,'2026-07-12 21:56:21','2026-07-12 21:56:22','2026-07-12 21:56:21',NULL),
(301,'LPN-00000301',1,1,'PALLET','STORED',1331,NULL,'2026-07-12 21:56:22','2026-07-12 21:56:23','2026-07-12 21:56:22',NULL),
(302,'LPN-00000302',1,1,'PALLET','STORED',1332,NULL,'2026-07-12 21:56:23','2026-07-12 21:56:24','2026-07-12 21:56:23',NULL),
(303,'LPN-00000303',1,1,'PALLET','STORED',1333,NULL,'2026-07-12 21:56:24','2026-07-12 21:56:25','2026-07-12 21:56:24',NULL),
(304,'LPN-00000304',1,1,'PALLET','STORED',1334,NULL,'2026-07-12 21:56:25','2026-07-12 21:56:26','2026-07-12 21:56:25',NULL),
(305,'LPN-00000305',1,1,'PALLET','STORED',1335,NULL,'2026-07-12 21:56:26','2026-07-12 21:56:28','2026-07-12 21:56:26',NULL),
(306,'LPN-00000306',1,1,'PALLET','STORED',1336,NULL,'2026-07-12 21:56:28','2026-07-12 21:56:29','2026-07-12 21:56:28',NULL),
(307,'LPN-00000307',1,1,'PALLET','STORED',1337,NULL,'2026-07-12 21:56:29','2026-07-12 21:56:30','2026-07-12 21:56:29',NULL),
(308,'LPN-00000308',1,1,'PALLET','STORED',1338,NULL,'2026-07-12 21:56:30','2026-07-12 21:56:31','2026-07-12 21:56:30',NULL),
(309,'LPN-00000309',1,1,'PALLET','STORED',1339,NULL,'2026-07-12 21:56:31','2026-07-12 21:56:32','2026-07-12 21:56:31',NULL),
(310,'LPN-00000310',1,1,'PALLET','STORED',1340,NULL,'2026-07-12 21:56:32','2026-07-12 21:56:34','2026-07-12 21:56:32',NULL),
(311,'LPN-00000311',1,1,'PALLET','STORED',1341,NULL,'2026-07-12 21:56:34','2026-07-12 21:56:35','2026-07-12 21:56:34',NULL),
(312,'LPN-00000312',1,1,'PALLET','STORED',1342,NULL,'2026-07-12 21:56:35','2026-07-12 21:56:36','2026-07-12 21:56:35',NULL),
(313,'LPN-00000313',1,1,'PALLET','STORED',1343,NULL,'2026-07-12 21:56:36','2026-07-12 21:56:37','2026-07-12 21:56:36',NULL),
(314,'LPN-00000314',1,1,'PALLET','STORED',1344,NULL,'2026-07-12 21:56:37','2026-07-12 21:56:38','2026-07-12 21:56:37',NULL),
(315,'LPN-00000315',1,1,'PALLET','STORED',1345,NULL,'2026-07-12 21:56:38','2026-07-12 21:56:39','2026-07-12 21:56:38',NULL),
(316,'LPN-00000316',1,1,'PALLET','STORED',1346,NULL,'2026-07-12 21:56:40','2026-07-12 21:56:41','2026-07-12 21:56:40',NULL),
(317,'LPN-00000317',1,1,'PALLET','STORED',1347,NULL,'2026-07-12 21:56:41','2026-07-12 21:56:42','2026-07-12 21:56:41',NULL),
(318,'LPN-00000318',1,1,'PALLET','STORED',1348,NULL,'2026-07-12 21:56:42','2026-07-12 21:56:43','2026-07-12 21:56:42',NULL),
(319,'LPN-00000319',1,1,'PALLET','STORED',1349,NULL,'2026-07-12 21:56:43','2026-07-12 21:56:44','2026-07-12 21:56:43',NULL),
(320,'LPN-00000320',1,1,'PALLET','STORED',1350,NULL,'2026-07-12 21:56:44','2026-07-12 21:56:45','2026-07-12 21:56:44',NULL),
(321,'LPN-00000321',1,1,'PALLET','STORED',1351,NULL,'2026-07-12 21:56:45','2026-07-12 21:56:47','2026-07-12 21:56:45',NULL),
(322,'LPN-00000322',1,1,'PALLET','STORED',1352,NULL,'2026-07-12 21:56:47','2026-07-12 21:56:48','2026-07-12 21:56:47',NULL),
(323,'LPN-00000323',1,1,'PALLET','STORED',1353,NULL,'2026-07-12 21:56:48','2026-07-12 21:56:49','2026-07-12 21:56:48',NULL),
(324,'LPN-00000324',1,1,'PALLET','STORED',1354,NULL,'2026-07-12 21:56:49','2026-07-12 21:56:50','2026-07-12 21:56:49',NULL),
(325,'LPN-00000325',1,1,'PALLET','STORED',1355,NULL,'2026-07-12 21:56:50','2026-07-12 21:56:51','2026-07-12 21:56:50',NULL),
(326,'LPN-00000326',1,1,'PALLET','STORED',1356,NULL,'2026-07-12 21:56:51','2026-07-12 21:56:53','2026-07-12 21:56:51',NULL),
(327,'LPN-00000327',1,1,'PALLET','STORED',1357,NULL,'2026-07-12 21:56:53','2026-07-12 21:56:54','2026-07-12 21:56:53',NULL),
(328,'LPN-00000328',1,1,'PALLET','STORED',1358,NULL,'2026-07-12 21:56:54','2026-07-12 21:56:55','2026-07-12 21:56:54',NULL),
(329,'LPN-00000329',1,1,'PALLET','STORED',1359,NULL,'2026-07-12 21:56:55','2026-07-12 21:56:56','2026-07-12 21:56:55',NULL),
(330,'LPN-00000330',1,1,'PALLET','STORED',1360,NULL,'2026-07-12 21:56:56','2026-07-12 21:56:57','2026-07-12 21:56:56',NULL),
(331,'LPN-00000331',1,1,'PALLET','STORED',1361,NULL,'2026-07-12 21:56:57','2026-07-12 21:56:59','2026-07-12 21:56:57',NULL),
(332,'LPN-00000332',1,1,'PALLET','STORED',1362,NULL,'2026-07-12 21:56:59','2026-07-12 21:57:00','2026-07-12 21:56:59',NULL),
(333,'LPN-00000333',1,1,'PALLET','STORED',1363,NULL,'2026-07-12 21:57:00','2026-07-12 21:57:01','2026-07-12 21:57:00',NULL),
(334,'LPN-00000334',1,1,'PALLET','STORED',1364,NULL,'2026-07-12 21:57:01','2026-07-12 21:57:02','2026-07-12 21:57:01',NULL),
(335,'LPN-00000335',1,1,'PALLET','STORED',1365,NULL,'2026-07-12 21:57:02','2026-07-12 21:57:03','2026-07-12 21:57:02',NULL),
(336,'LPN-00000336',1,1,'PALLET','STORED',1366,NULL,'2026-07-12 21:57:03','2026-07-12 21:57:05','2026-07-12 21:57:03',NULL),
(337,'LPN-00000337',1,1,'PALLET','STORED',1367,NULL,'2026-07-12 21:57:05','2026-07-12 21:57:06','2026-07-12 21:57:05',NULL),
(338,'LPN-00000338',1,1,'PALLET','STORED',1368,NULL,'2026-07-12 21:57:06','2026-07-12 21:57:07','2026-07-12 21:57:06',NULL),
(339,'LPN-00000339',1,1,'PALLET','STORED',1369,NULL,'2026-07-12 21:57:07','2026-07-12 21:57:08','2026-07-12 21:57:07',NULL),
(340,'LPN-00000340',1,1,'PALLET','STORED',1370,NULL,'2026-07-12 21:57:08','2026-07-12 21:57:09','2026-07-12 21:57:08',NULL),
(341,'LPN-00000341',1,1,'PALLET','STORED',1371,NULL,'2026-07-12 21:57:09','2026-07-12 21:57:11','2026-07-12 21:57:09',NULL),
(342,'LPN-00000342',1,1,'PALLET','STORED',1372,NULL,'2026-07-12 21:57:11','2026-07-12 21:57:12','2026-07-12 21:57:11',NULL),
(343,'LPN-00000343',1,1,'PALLET','STORED',1373,NULL,'2026-07-12 21:57:12','2026-07-12 21:57:13','2026-07-12 21:57:12',NULL),
(344,'LPN-00000344',1,1,'PALLET','STORED',1374,NULL,'2026-07-12 21:57:13','2026-07-12 21:57:14','2026-07-12 21:57:13',NULL),
(345,'LPN-00000345',1,1,'PALLET','STORED',1375,NULL,'2026-07-12 21:57:14','2026-07-12 21:57:15','2026-07-12 21:57:14',NULL),
(346,'LPN-00000346',1,1,'PALLET','STORED',1376,NULL,'2026-07-12 21:57:15','2026-07-12 21:57:17','2026-07-12 21:57:15',NULL),
(347,'LPN-00000347',1,1,'PALLET','STORED',1377,NULL,'2026-07-12 21:57:17','2026-07-12 21:57:18','2026-07-12 21:57:17',NULL),
(348,'LPN-00000348',1,1,'PALLET','STORED',1378,NULL,'2026-07-12 21:57:18','2026-07-12 21:57:19','2026-07-12 21:57:18',NULL),
(349,'LPN-00000349',1,1,'PALLET','STORED',1379,NULL,'2026-07-12 21:57:19','2026-07-12 21:57:20','2026-07-12 21:57:19',NULL),
(350,'LPN-00000350',1,1,'PALLET','STORED',1380,NULL,'2026-07-12 21:57:20','2026-07-12 21:57:22','2026-07-12 21:57:20',NULL),
(351,'LPN-00000351',1,1,'PALLET','STORED',1381,NULL,'2026-07-12 21:57:22','2026-07-12 21:57:23','2026-07-12 21:57:22',NULL),
(352,'LPN-00000352',1,1,'PALLET','STORED',1382,NULL,'2026-07-12 21:57:23','2026-07-12 21:57:24','2026-07-12 21:57:23',NULL),
(353,'LPN-00000353',1,1,'PALLET','STORED',1383,NULL,'2026-07-12 21:57:24','2026-07-12 21:57:25','2026-07-12 21:57:24',NULL),
(354,'LPN-00000354',1,1,'PALLET','STORED',1384,NULL,'2026-07-12 21:57:25','2026-07-12 21:57:27','2026-07-12 21:57:25',NULL),
(355,'LPN-00000355',1,1,'PALLET','STORED',1385,NULL,'2026-07-12 21:57:27','2026-07-12 21:57:28','2026-07-12 21:57:27',NULL),
(356,'LPN-00000356',1,1,'PALLET','STORED',1386,NULL,'2026-07-12 21:57:28','2026-07-12 21:57:29','2026-07-12 21:57:28',NULL),
(357,'LPN-00000357',1,1,'PALLET','STORED',1387,NULL,'2026-07-12 21:57:29','2026-07-12 21:57:30','2026-07-12 21:57:29',NULL),
(358,'LPN-00000358',1,1,'PALLET','STORED',1388,NULL,'2026-07-12 21:57:30','2026-07-12 21:57:32','2026-07-12 21:57:30',NULL),
(359,'LPN-00000359',1,1,'PALLET','STORED',1389,NULL,'2026-07-12 21:57:32','2026-07-12 21:57:33','2026-07-12 21:57:32',NULL),
(360,'LPN-00000360',1,1,'PALLET','STORED',1390,NULL,'2026-07-12 21:57:33','2026-07-12 21:57:34','2026-07-12 21:57:33',NULL),
(361,'LPN-00000361',1,1,'PALLET','STORED',1391,NULL,'2026-07-12 21:57:34','2026-07-12 21:57:35','2026-07-12 21:57:34',NULL),
(362,'LPN-00000362',1,1,'PALLET','STORED',1392,NULL,'2026-07-12 21:57:35','2026-07-12 21:57:36','2026-07-12 21:57:35',NULL),
(363,'LPN-00000363',1,1,'PALLET','STORED',1393,NULL,'2026-07-12 21:57:36','2026-07-12 21:57:38','2026-07-12 21:57:37',NULL),
(364,'LPN-00000364',1,1,'PALLET','STORED',1394,NULL,'2026-07-12 21:57:38','2026-07-12 21:57:39','2026-07-12 21:57:38',NULL),
(365,'LPN-00000365',1,1,'PALLET','STORED',1395,NULL,'2026-07-12 21:57:39','2026-07-12 21:57:40','2026-07-12 21:57:39',NULL),
(366,'LPN-00000366',1,1,'PALLET','STORED',1396,NULL,'2026-07-12 21:57:40','2026-07-12 21:57:41','2026-07-12 21:57:40',NULL),
(367,'LPN-00000367',1,1,'PALLET','STORED',1397,NULL,'2026-07-12 21:57:41','2026-07-12 21:57:43','2026-07-12 21:57:41',NULL),
(368,'LPN-00000368',1,1,'PALLET','STORED',1398,NULL,'2026-07-12 21:57:43','2026-07-12 21:57:44','2026-07-12 21:57:43',NULL),
(369,'LPN-00000369',1,1,'PALLET','STORED',1399,NULL,'2026-07-12 21:57:44','2026-07-12 21:57:45','2026-07-12 21:57:44',NULL),
(370,'LPN-00000370',1,1,'PALLET','STORED',1400,NULL,'2026-07-12 21:57:45','2026-07-12 21:57:46','2026-07-12 21:57:45',NULL),
(371,'LPN-00000371',1,1,'PALLET','STORED',1401,NULL,'2026-07-12 21:57:46','2026-07-12 21:57:47','2026-07-12 21:57:46',NULL),
(372,'LPN-00000372',1,1,'PALLET','STORED',1402,NULL,'2026-07-12 21:57:47','2026-07-12 21:57:49','2026-07-12 21:57:47',NULL),
(373,'LPN-00000373',1,1,'PALLET','STORED',1403,NULL,'2026-07-12 21:57:49','2026-07-12 21:57:50','2026-07-12 21:57:49',NULL),
(374,'LPN-00000374',1,1,'PALLET','STORED',1404,NULL,'2026-07-12 21:57:50','2026-07-12 21:57:51','2026-07-12 21:57:50',NULL),
(375,'LPN-00000375',1,1,'PALLET','STORED',1405,NULL,'2026-07-12 21:57:51','2026-07-12 21:57:52','2026-07-12 21:57:51',NULL),
(376,'LPN-00000376',1,1,'PALLET','STORED',1406,NULL,'2026-07-12 21:57:52','2026-07-12 21:57:53','2026-07-12 21:57:52',NULL),
(377,'LPN-00000377',1,1,'PALLET','STORED',1407,NULL,'2026-07-12 21:57:53','2026-07-12 21:57:55','2026-07-12 21:57:53',NULL),
(378,'LPN-00000378',1,1,'PALLET','STORED',1408,NULL,'2026-07-12 21:57:55','2026-07-12 21:57:56','2026-07-12 21:57:55',NULL),
(379,'LPN-00000379',1,1,'PALLET','STORED',1409,NULL,'2026-07-12 21:57:56','2026-07-12 21:57:57','2026-07-12 21:57:56',NULL),
(380,'LPN-00000380',1,1,'PALLET','STORED',1410,NULL,'2026-07-12 21:57:57','2026-07-12 21:57:58','2026-07-12 21:57:57',NULL),
(381,'LPN-00000381',1,1,'PALLET','STORED',1411,NULL,'2026-07-12 21:57:58','2026-07-12 21:57:59','2026-07-12 21:57:58',NULL),
(382,'LPN-00000382',1,1,'PALLET','STORED',1412,NULL,'2026-07-12 21:57:59','2026-07-12 21:58:01','2026-07-12 21:57:59',NULL),
(383,'LPN-00000383',1,1,'PALLET','STORED',1413,NULL,'2026-07-12 21:58:01','2026-07-12 21:58:02','2026-07-12 21:58:01',NULL),
(384,'LPN-00000384',1,1,'PALLET','STORED',1414,NULL,'2026-07-12 21:58:02','2026-07-12 21:58:03','2026-07-12 21:58:02',NULL),
(385,'LPN-00000385',1,1,'PALLET','STORED',1415,NULL,'2026-07-12 21:58:03','2026-07-12 21:58:04','2026-07-12 21:58:03',NULL),
(386,'LPN-00000386',1,1,'PALLET','STORED',1416,NULL,'2026-07-12 21:58:04','2026-07-12 21:58:05','2026-07-12 21:58:04',NULL),
(387,'LPN-00000387',1,1,'PALLET','STORED',1417,NULL,'2026-07-12 21:58:05','2026-07-12 21:58:07','2026-07-12 21:58:06',NULL),
(388,'LPN-00000388',1,1,'PALLET','STORED',1418,NULL,'2026-07-12 21:58:07','2026-07-12 21:58:08','2026-07-12 21:58:07',NULL),
(389,'LPN-00000389',1,1,'PALLET','STORED',1419,NULL,'2026-07-12 21:58:08','2026-07-12 21:58:09','2026-07-12 21:58:08',NULL),
(390,'LPN-00000390',1,1,'PALLET','STORED',1420,NULL,'2026-07-12 21:58:09','2026-07-12 21:58:10','2026-07-12 21:58:09',NULL),
(391,'LPN-00000391',1,1,'PALLET','STORED',1421,NULL,'2026-07-12 21:58:10','2026-07-12 21:58:11','2026-07-12 21:58:10',NULL),
(392,'LPN-00000392',1,1,'PALLET','STORED',1422,NULL,'2026-07-12 21:58:11','2026-07-12 21:58:13','2026-07-12 21:58:11',NULL),
(393,'LPN-00000393',1,1,'PALLET','STORED',1423,NULL,'2026-07-12 21:58:13','2026-07-12 21:58:14','2026-07-12 21:58:13',NULL),
(394,'LPN-00000394',1,1,'PALLET','STORED',1424,NULL,'2026-07-12 21:58:14','2026-07-12 21:58:15','2026-07-12 21:58:14',NULL),
(395,'LPN-00000395',1,1,'PALLET','STORED',1425,NULL,'2026-07-12 21:58:15','2026-07-12 21:58:16','2026-07-12 21:58:15',NULL),
(396,'LPN-00000396',1,1,'PALLET','STORED',1426,NULL,'2026-07-12 21:58:16','2026-07-12 21:58:18','2026-07-12 21:58:16',NULL),
(397,'LPN-00000397',1,1,'PALLET','STORED',1427,NULL,'2026-07-12 21:58:18','2026-07-12 21:58:19','2026-07-12 21:58:18',NULL),
(398,'LPN-00000398',1,1,'PALLET','STORED',1428,NULL,'2026-07-12 21:58:19','2026-07-12 21:58:20','2026-07-12 21:58:19',NULL),
(399,'LPN-00000399',1,1,'PALLET','STORED',1429,NULL,'2026-07-12 21:58:20','2026-07-12 21:58:21','2026-07-12 21:58:20',NULL),
(400,'LPN-00000400',1,1,'PALLET','STORED',1430,NULL,'2026-07-12 21:58:21','2026-07-12 21:58:22','2026-07-12 21:58:21',NULL),
(401,'LPN-00000401',1,1,'PALLET','STORED',1431,NULL,'2026-07-12 21:58:22','2026-07-12 21:58:24','2026-07-12 21:58:22',NULL),
(402,'LPN-00000402',1,1,'PALLET','STORED',1432,NULL,'2026-07-12 21:58:24','2026-07-12 21:58:25','2026-07-12 21:58:24',NULL),
(403,'LPN-00000403',1,1,'PALLET','STORED',1433,NULL,'2026-07-12 21:58:25','2026-07-12 21:58:26','2026-07-12 21:58:25',NULL),
(404,'LPN-00000404',1,1,'PALLET','STORED',1434,NULL,'2026-07-12 21:58:26','2026-07-12 21:58:27','2026-07-12 21:58:26',NULL),
(405,'LPN-00000405',1,1,'PALLET','STORED',1435,NULL,'2026-07-12 21:58:27','2026-07-12 21:58:28','2026-07-12 21:58:27',NULL),
(406,'LPN-00000406',1,1,'PALLET','STORED',1436,NULL,'2026-07-12 21:58:29','2026-07-12 21:58:30','2026-07-12 21:58:29',NULL),
(407,'LPN-00000407',1,1,'PALLET','STORED',1437,NULL,'2026-07-12 21:58:30','2026-07-12 21:58:31','2026-07-12 21:58:30',NULL),
(408,'LPN-00000408',1,1,'PALLET','STORED',1438,NULL,'2026-07-12 21:58:31','2026-07-12 21:58:32','2026-07-12 21:58:31',NULL),
(409,'LPN-00000409',1,1,'PALLET','STORED',1439,NULL,'2026-07-12 21:58:32','2026-07-12 21:58:33','2026-07-12 21:58:32',NULL),
(410,'LPN-00000410',1,1,'PALLET','STORED',1440,NULL,'2026-07-12 21:58:33','2026-07-12 21:58:35','2026-07-12 21:58:33',NULL),
(411,'LPN-00000411',1,1,'PALLET','STORED',1441,NULL,'2026-07-12 21:58:35','2026-07-12 21:58:36','2026-07-12 21:58:35',NULL),
(412,'LPN-00000412',1,1,'PALLET','STORED',1442,NULL,'2026-07-12 21:58:36','2026-07-12 21:58:37','2026-07-12 21:58:36',NULL),
(413,'LPN-00000413',1,1,'PALLET','STORED',1443,NULL,'2026-07-12 21:58:37','2026-07-12 21:58:38','2026-07-12 21:58:37',NULL),
(414,'LPN-00000414',1,1,'PALLET','STORED',1444,NULL,'2026-07-12 21:58:38','2026-07-12 21:58:39','2026-07-12 21:58:38',NULL),
(415,'LPN-00000415',1,1,'PALLET','STORED',1445,NULL,'2026-07-12 21:58:39','2026-07-12 21:58:41','2026-07-12 21:58:39',NULL),
(416,'LPN-00000416',1,1,'PALLET','STORED',1446,NULL,'2026-07-12 21:58:41','2026-07-12 21:58:42','2026-07-12 21:58:41',NULL),
(417,'LPN-00000417',1,1,'PALLET','STORED',1447,NULL,'2026-07-12 21:58:42','2026-07-12 21:58:43','2026-07-12 21:58:42',NULL),
(418,'LPN-00000418',1,1,'PALLET','STORED',1448,NULL,'2026-07-12 21:58:43','2026-07-12 21:58:44','2026-07-12 21:58:43',NULL),
(419,'LPN-00000419',1,1,'PALLET','STORED',1449,NULL,'2026-07-12 21:58:44','2026-07-12 21:58:45','2026-07-12 21:58:44',NULL),
(420,'LPN-00000420',1,1,'PALLET','STORED',1450,NULL,'2026-07-12 21:58:45','2026-07-12 21:58:47','2026-07-12 21:58:46',NULL),
(421,'LPN-00000421',1,1,'PALLET','STORED',1451,NULL,'2026-07-12 21:58:47','2026-07-12 21:58:48','2026-07-12 21:58:47',NULL),
(422,'LPN-00000422',1,1,'PALLET','STORED',1452,NULL,'2026-07-12 21:58:48','2026-07-12 21:58:49','2026-07-12 21:58:48',NULL),
(423,'LPN-00000423',1,1,'PALLET','STORED',1453,NULL,'2026-07-12 21:58:49','2026-07-12 21:58:50','2026-07-12 21:58:49',NULL),
(424,'LPN-00000424',1,1,'PALLET','STORED',1454,NULL,'2026-07-12 21:58:50','2026-07-12 21:58:51','2026-07-12 21:58:50',NULL),
(425,'LPN-00000425',1,1,'PALLET','STORED',1455,NULL,'2026-07-12 21:58:51','2026-07-12 21:58:53','2026-07-12 21:58:51',NULL),
(426,'LPN-00000426',1,1,'PALLET','STORED',1456,NULL,'2026-07-12 21:58:53','2026-07-12 21:58:54','2026-07-12 21:58:53',NULL),
(427,'LPN-00000427',1,1,'PALLET','STORED',1457,NULL,'2026-07-12 21:58:54','2026-07-12 21:58:55','2026-07-12 21:58:54',NULL),
(428,'LPN-00000428',1,1,'PALLET','STORED',1458,NULL,'2026-07-12 21:58:55','2026-07-12 21:58:56','2026-07-12 21:58:55',NULL),
(429,'LPN-00000429',1,1,'PALLET','STORED',1459,NULL,'2026-07-12 21:58:56','2026-07-12 21:58:57','2026-07-12 21:58:56',NULL),
(430,'LPN-00000430',1,1,'PALLET','STORED',1460,NULL,'2026-07-12 21:58:58','2026-07-12 21:58:59','2026-07-12 21:58:58',NULL),
(431,'LPN-00000431',1,1,'PALLET','STORED',1461,NULL,'2026-07-12 21:58:59','2026-07-12 21:59:00','2026-07-12 21:58:59',NULL),
(432,'LPN-00000432',1,1,'PALLET','STORED',1462,NULL,'2026-07-12 21:59:00','2026-07-12 21:59:01','2026-07-12 21:59:00',NULL),
(433,'LPN-00000433',1,1,'PALLET','STORED',1463,NULL,'2026-07-12 21:59:01','2026-07-12 21:59:02','2026-07-12 21:59:01',NULL),
(434,'LPN-00000434',1,1,'PALLET','STORED',1464,NULL,'2026-07-12 21:59:02','2026-07-12 21:59:04','2026-07-12 21:59:02',NULL),
(435,'LPN-00000435',1,1,'PALLET','STORED',1465,NULL,'2026-07-12 21:59:04','2026-07-12 21:59:05','2026-07-12 21:59:04',NULL),
(436,'LPN-00000436',1,1,'PALLET','STORED',1466,NULL,'2026-07-12 21:59:05','2026-07-12 21:59:06','2026-07-12 21:59:05',NULL),
(437,'LPN-00000437',1,1,'PALLET','STORED',1467,NULL,'2026-07-12 21:59:06','2026-07-12 21:59:07','2026-07-12 21:59:06',NULL),
(438,'LPN-00000438',1,1,'PALLET','STORED',1468,NULL,'2026-07-12 21:59:07','2026-07-12 21:59:08','2026-07-12 21:59:07',NULL),
(439,'LPN-00000439',1,1,'PALLET','STORED',1469,NULL,'2026-07-12 21:59:08','2026-07-12 21:59:10','2026-07-12 21:59:09',NULL),
(440,'LPN-00000440',1,1,'PALLET','STORED',1470,NULL,'2026-07-12 21:59:10','2026-07-12 21:59:11','2026-07-12 21:59:10',NULL),
(441,'LPN-00000441',1,1,'PALLET','STORED',1471,NULL,'2026-07-12 21:59:11','2026-07-12 21:59:12','2026-07-12 21:59:11',NULL),
(442,'LPN-00000442',1,1,'PALLET','STORED',1472,NULL,'2026-07-12 21:59:12','2026-07-12 21:59:13','2026-07-12 21:59:12',NULL),
(443,'LPN-00000443',1,1,'PALLET','STORED',1473,NULL,'2026-07-12 21:59:13','2026-07-12 21:59:15','2026-07-12 21:59:13',NULL),
(444,'LPN-00000444',1,1,'PALLET','STORED',1474,NULL,'2026-07-12 21:59:15','2026-07-12 21:59:16','2026-07-12 21:59:15',NULL),
(445,'LPN-00000445',1,1,'PALLET','STORED',1475,NULL,'2026-07-12 21:59:16','2026-07-12 21:59:17','2026-07-12 21:59:16',NULL),
(446,'LPN-00000446',1,1,'PALLET','STORED',1476,NULL,'2026-07-12 21:59:17','2026-07-12 21:59:18','2026-07-12 21:59:17',NULL),
(447,'LPN-00000447',1,1,'PALLET','STORED',1477,NULL,'2026-07-12 21:59:18','2026-07-12 21:59:20','2026-07-12 21:59:18',NULL),
(448,'LPN-00000448',1,1,'PALLET','STORED',1478,NULL,'2026-07-12 21:59:20','2026-07-12 21:59:21','2026-07-12 21:59:20',NULL),
(449,'LPN-00000449',1,1,'PALLET','STORED',1479,NULL,'2026-07-12 21:59:21','2026-07-12 21:59:22','2026-07-12 21:59:21',NULL),
(450,'LPN-00000450',1,1,'PALLET','STORED',1480,NULL,'2026-07-12 21:59:22','2026-07-12 21:59:23','2026-07-12 21:59:22',NULL),
(451,'LPN-00000451',1,1,'PALLET','STORED',1481,NULL,'2026-07-12 21:59:23','2026-07-12 21:59:24','2026-07-12 21:59:23',NULL),
(452,'LPN-00000452',1,1,'PALLET','STORED',1482,NULL,'2026-07-12 21:59:24','2026-07-12 21:59:26','2026-07-12 21:59:24',NULL),
(453,'LPN-00000453',1,1,'PALLET','STORED',1483,NULL,'2026-07-12 21:59:26','2026-07-12 21:59:27','2026-07-12 21:59:26',NULL),
(454,'LPN-00000454',1,1,'PALLET','STORED',1484,NULL,'2026-07-12 21:59:27','2026-07-12 21:59:28','2026-07-12 21:59:27',NULL),
(455,'LPN-00000455',1,1,'PALLET','STORED',1485,NULL,'2026-07-12 21:59:29','2026-07-12 21:59:30','2026-07-12 21:59:29',NULL),
(456,'LPN-00000456',1,1,'PALLET','STORED',1486,NULL,'2026-07-12 21:59:30','2026-07-12 21:59:31','2026-07-12 21:59:30',NULL),
(457,'LPN-00000457',1,1,'PALLET','STORED',1487,NULL,'2026-07-12 21:59:31','2026-07-12 21:59:32','2026-07-12 21:59:31',NULL),
(458,'LPN-00000458',1,1,'PALLET','STORED',1488,NULL,'2026-07-12 21:59:32','2026-07-12 21:59:34','2026-07-12 21:59:32',NULL),
(459,'LPN-00000459',1,1,'PALLET','STORED',1489,NULL,'2026-07-12 21:59:34','2026-07-12 21:59:35','2026-07-12 21:59:34',NULL),
(460,'LPN-00000460',1,1,'PALLET','STORED',1490,NULL,'2026-07-12 21:59:35','2026-07-12 21:59:36','2026-07-12 21:59:35',NULL),
(461,'LPN-00000461',1,1,'PALLET','STORED',1491,NULL,'2026-07-12 21:59:36','2026-07-12 21:59:37','2026-07-12 21:59:36',NULL),
(462,'LPN-00000462',1,1,'PALLET','STORED',1492,NULL,'2026-07-12 21:59:37','2026-07-12 21:59:38','2026-07-12 21:59:37',NULL),
(463,'LPN-00000463',1,1,'PALLET','STORED',1493,NULL,'2026-07-12 21:59:38','2026-07-12 21:59:39','2026-07-12 21:59:38',NULL),
(464,'LPN-00000464',1,1,'PALLET','STORED',1494,NULL,'2026-07-12 21:59:39','2026-07-12 21:59:41','2026-07-12 21:59:40',NULL),
(465,'LPN-00000465',1,1,'PALLET','STORED',1495,NULL,'2026-07-12 21:59:41','2026-07-12 21:59:42','2026-07-12 21:59:41',NULL),
(466,'LPN-00000466',1,1,'PALLET','STORED',1496,NULL,'2026-07-12 21:59:42','2026-07-12 21:59:43','2026-07-12 21:59:42',NULL),
(467,'LPN-00000467',1,1,'PALLET','STORED',1497,NULL,'2026-07-12 21:59:43','2026-07-12 21:59:44','2026-07-12 21:59:43',NULL),
(468,'LPN-00000468',1,1,'PALLET','STORED',1498,NULL,'2026-07-12 21:59:44','2026-07-12 21:59:46','2026-07-12 21:59:44',NULL),
(469,'LPN-00000469',1,1,'PALLET','STORED',1499,NULL,'2026-07-12 21:59:46','2026-07-12 21:59:47','2026-07-12 21:59:46',NULL),
(470,'LPN-00000470',1,1,'PALLET','STORED',1500,NULL,'2026-07-12 21:59:47','2026-07-12 21:59:48','2026-07-12 21:59:47',NULL),
(471,'LPN-00000471',1,1,'PALLET','STORED',1501,NULL,'2026-07-12 21:59:48','2026-07-12 21:59:49','2026-07-12 21:59:48',NULL),
(472,'LPN-00000472',1,1,'PALLET','STORED',1502,NULL,'2026-07-12 21:59:49','2026-07-12 21:59:50','2026-07-12 21:59:49',NULL),
(473,'LPN-00000473',1,1,'PALLET','STORED',1503,NULL,'2026-07-12 21:59:50','2026-07-12 21:59:52','2026-07-12 21:59:50',NULL),
(474,'LPN-00000474',1,1,'PALLET','STORED',1504,NULL,'2026-07-12 21:59:52','2026-07-12 21:59:53','2026-07-12 21:59:52',NULL),
(475,'LPN-00000475',1,1,'PALLET','STORED',1505,NULL,'2026-07-12 21:59:53','2026-07-12 21:59:54','2026-07-12 21:59:53',NULL),
(476,'LPN-00000476',1,1,'PALLET','STORED',1506,NULL,'2026-07-12 21:59:54','2026-07-12 21:59:55','2026-07-12 21:59:54',NULL),
(477,'LPN-00000477',1,1,'PALLET','STORED',1507,NULL,'2026-07-12 21:59:55','2026-07-12 21:59:56','2026-07-12 21:59:55',NULL),
(478,'LPN-00000478',1,1,'PALLET','STORED',1508,NULL,'2026-07-12 21:59:56','2026-07-12 21:59:58','2026-07-12 21:59:56',NULL),
(479,'LPN-00000479',1,1,'PALLET','STORED',1509,NULL,'2026-07-12 21:59:58','2026-07-12 21:59:59','2026-07-12 21:59:58',NULL),
(480,'LPN-00000480',1,1,'PALLET','STORED',1510,NULL,'2026-07-12 21:59:59','2026-07-12 22:00:00','2026-07-12 21:59:59',NULL),
(481,'LPN-00000481',1,1,'PALLET','STORED',1511,NULL,'2026-07-12 22:00:00','2026-07-12 22:00:01','2026-07-12 22:00:00',NULL),
(482,'LPN-00000482',1,1,'PALLET','STORED',1512,NULL,'2026-07-12 22:00:01','2026-07-12 22:00:02','2026-07-12 22:00:01',NULL),
(483,'LPN-00000483',1,1,'PALLET','STORED',1513,NULL,'2026-07-12 22:00:02','2026-07-12 22:00:04','2026-07-12 22:00:02',NULL),
(484,'LPN-00000484',1,1,'PALLET','STORED',1514,NULL,'2026-07-12 22:00:04','2026-07-12 22:00:05','2026-07-12 22:00:04',NULL),
(485,'LPN-00000485',1,1,'PALLET','STORED',1515,NULL,'2026-07-12 22:00:05','2026-07-12 22:00:06','2026-07-12 22:00:05',NULL),
(486,'LPN-00000486',1,1,'PALLET','STORED',1516,NULL,'2026-07-12 22:00:06','2026-07-12 22:00:07','2026-07-12 22:00:06',NULL),
(487,'LPN-00000487',1,1,'PALLET','STORED',1517,NULL,'2026-07-12 22:00:07','2026-07-12 22:00:08','2026-07-12 22:00:07',NULL),
(488,'LPN-00000488',1,1,'PALLET','STORED',1518,NULL,'2026-07-12 22:00:09','2026-07-12 22:00:10','2026-07-12 22:00:09',NULL),
(489,'LPN-00000489',1,1,'PALLET','STORED',1519,NULL,'2026-07-12 22:00:10','2026-07-12 22:00:11','2026-07-12 22:00:10',NULL),
(490,'LPN-00000490',1,1,'PALLET','STORED',1520,NULL,'2026-07-12 22:00:11','2026-07-12 22:00:12','2026-07-12 22:00:11',NULL),
(491,'LPN-00000491',1,1,'PALLET','STORED',1521,NULL,'2026-07-12 22:00:12','2026-07-12 22:00:13','2026-07-12 22:00:12',NULL),
(492,'LPN-00000492',1,1,'PALLET','STORED',1522,NULL,'2026-07-12 22:00:13','2026-07-12 22:00:15','2026-07-12 22:00:13',NULL),
(493,'LPN-00000493',1,1,'PALLET','STORED',1523,NULL,'2026-07-12 22:00:15','2026-07-12 22:00:16','2026-07-12 22:00:15',NULL),
(494,'LPN-00000494',1,1,'PALLET','STORED',1524,NULL,'2026-07-12 22:00:16','2026-07-12 22:00:17','2026-07-12 22:00:16',NULL),
(495,'LPN-00000495',1,1,'PALLET','STORED',1525,NULL,'2026-07-12 22:00:17','2026-07-12 22:00:18','2026-07-12 22:00:17',NULL),
(496,'LPN-00000496',1,1,'PALLET','STORED',1526,NULL,'2026-07-12 22:00:18','2026-07-12 22:00:19','2026-07-12 22:00:18',NULL),
(497,'LPN-00000497',1,1,'PALLET','STORED',1527,NULL,'2026-07-12 22:00:19','2026-07-12 22:00:21','2026-07-12 22:00:19',NULL),
(498,'LPN-00000498',1,1,'PALLET','STORED',1528,NULL,'2026-07-12 22:00:21','2026-07-12 22:00:22','2026-07-12 22:00:21',NULL),
(499,'LPN-00000499',1,1,'PALLET','STORED',1529,NULL,'2026-07-12 22:00:22','2026-07-12 22:00:23','2026-07-12 22:00:22',NULL),
(500,'LPN-00000500',1,1,'PALLET','STORED',1530,NULL,'2026-07-12 22:00:23','2026-07-12 22:00:24','2026-07-12 22:00:23',NULL),
(501,'LPN-00000501',1,1,'PALLET','STORED',1531,NULL,'2026-07-12 22:00:24','2026-07-12 22:00:25','2026-07-12 22:00:24',NULL),
(502,'LPN-00000502',1,1,'PALLET','STORED',1532,NULL,'2026-07-12 22:00:26','2026-07-12 22:00:27','2026-07-12 22:00:26',NULL),
(503,'LPN-00000503',1,1,'PALLET','STORED',1533,NULL,'2026-07-12 22:00:27','2026-07-12 22:00:28','2026-07-12 22:00:27',NULL),
(504,'LPN-00000504',1,1,'PALLET','STORED',1534,NULL,'2026-07-12 22:00:28','2026-07-12 22:00:29','2026-07-12 22:00:28',NULL),
(505,'LPN-00000505',1,1,'PALLET','STORED',1535,NULL,'2026-07-12 22:00:29','2026-07-12 22:00:30','2026-07-12 22:00:29',NULL),
(506,'LPN-00000506',1,1,'PALLET','STORED',1536,NULL,'2026-07-12 22:00:30','2026-07-12 22:00:32','2026-07-12 22:00:30',NULL),
(507,'LPN-00000507',1,1,'PALLET','STORED',1537,NULL,'2026-07-12 22:00:32','2026-07-12 22:00:33','2026-07-12 22:00:32',NULL),
(508,'LPN-00000508',1,1,'PALLET','STORED',1538,NULL,'2026-07-12 22:00:33','2026-07-12 22:00:34','2026-07-12 22:00:33',NULL),
(509,'LPN-00000509',1,1,'PALLET','STORED',1539,NULL,'2026-07-12 22:00:34','2026-07-12 22:00:35','2026-07-12 22:00:34',NULL),
(510,'LPN-00000510',1,1,'PALLET','STORED',1540,NULL,'2026-07-12 22:00:35','2026-07-12 22:00:36','2026-07-12 22:00:35',NULL),
(511,'LPN-00000511',1,1,'PALLET','STORED',1541,NULL,'2026-07-12 22:00:36','2026-07-12 22:00:38','2026-07-12 22:00:36',NULL),
(512,'LPN-00000512',1,1,'PALLET','STORED',1542,NULL,'2026-07-12 22:00:38','2026-07-12 22:00:39','2026-07-12 22:00:38',NULL),
(513,'LPN-00000513',1,1,'PALLET','STORED',1543,NULL,'2026-07-12 22:00:39','2026-07-12 22:00:40','2026-07-12 22:00:39',NULL),
(514,'LPN-00000514',1,1,'PALLET','STORED',1544,NULL,'2026-07-12 22:00:40','2026-07-12 22:00:41','2026-07-12 22:00:40',NULL),
(515,'LPN-00000515',1,1,'PALLET','STORED',1545,NULL,'2026-07-12 22:00:41','2026-07-12 22:00:42','2026-07-12 22:00:41',NULL),
(516,'LPN-00000516',1,1,'PALLET','STORED',1546,NULL,'2026-07-12 22:00:42','2026-07-12 22:00:44','2026-07-12 22:00:42',NULL),
(517,'LPN-00000517',1,1,'PALLET','STORED',1547,NULL,'2026-07-12 22:00:44','2026-07-12 22:00:45','2026-07-12 22:00:44',NULL),
(518,'LPN-00000518',1,1,'PALLET','STORED',1548,NULL,'2026-07-12 22:00:45','2026-07-12 22:00:46','2026-07-12 22:00:45',NULL),
(519,'LPN-00000519',1,1,'PALLET','STORED',1549,NULL,'2026-07-12 22:00:46','2026-07-12 22:00:47','2026-07-12 22:00:46',NULL),
(520,'LPN-00000520',1,1,'PALLET','STORED',1550,NULL,'2026-07-12 22:00:47','2026-07-12 22:00:48','2026-07-12 22:00:47',NULL),
(521,'LPN-00000521',1,1,'PALLET','STORED',1551,NULL,'2026-07-12 22:00:48','2026-07-12 22:00:50','2026-07-12 22:00:48',NULL),
(522,'LPN-00000522',1,1,'PALLET','STORED',1552,NULL,'2026-07-12 22:00:50','2026-07-12 22:00:51','2026-07-12 22:00:50',NULL),
(523,'LPN-00000523',1,1,'PALLET','STORED',1553,NULL,'2026-07-12 22:00:51','2026-07-12 22:00:52','2026-07-12 22:00:51',NULL),
(524,'LPN-00000524',1,1,'PALLET','STORED',1554,NULL,'2026-07-12 22:00:52','2026-07-12 22:00:53','2026-07-12 22:00:52',NULL),
(525,'LPN-00000525',1,1,'PALLET','STORED',1555,NULL,'2026-07-12 22:00:53','2026-07-12 22:00:55','2026-07-12 22:00:53',NULL),
(526,'LPN-00000526',1,1,'PALLET','STORED',1556,NULL,'2026-07-12 22:00:55','2026-07-12 22:00:56','2026-07-12 22:00:55',NULL),
(527,'LPN-00000527',1,1,'PALLET','STORED',1557,NULL,'2026-07-12 22:00:56','2026-07-12 22:00:57','2026-07-12 22:00:56',NULL),
(528,'LPN-00000528',1,1,'PALLET','STORED',1558,NULL,'2026-07-12 22:00:57','2026-07-12 22:00:58','2026-07-12 22:00:57',NULL),
(529,'LPN-00000529',1,1,'PALLET','STORED',1559,NULL,'2026-07-12 22:00:58','2026-07-12 22:00:59','2026-07-12 22:00:58',NULL),
(530,'LPN-00000530',1,1,'PALLET','STORED',1560,NULL,'2026-07-12 22:00:59','2026-07-12 22:01:00','2026-07-12 22:00:59',NULL),
(531,'LPN-00000531',1,1,'PALLET','STORED',1561,NULL,'2026-07-12 22:01:00','2026-07-12 22:01:02','2026-07-12 22:01:00',NULL),
(532,'LPN-00000532',1,1,'PALLET','STORED',1562,NULL,'2026-07-12 22:01:02','2026-07-12 22:01:03','2026-07-12 22:01:02',NULL),
(533,'LPN-00000533',1,1,'PALLET','STORED',1563,NULL,'2026-07-12 22:01:03','2026-07-12 22:01:04','2026-07-12 22:01:03',NULL),
(534,'LPN-00000534',1,1,'PALLET','STORED',1564,NULL,'2026-07-12 22:01:04','2026-07-12 22:01:05','2026-07-12 22:01:04',NULL),
(535,'LPN-00000535',1,1,'PALLET','STORED',1565,NULL,'2026-07-12 22:01:05','2026-07-12 22:01:06','2026-07-12 22:01:05',NULL),
(536,'LPN-00000536',1,1,'PALLET','STORED',1566,NULL,'2026-07-12 22:01:06','2026-07-12 22:01:08','2026-07-12 22:01:06',NULL),
(537,'LPN-00000537',1,1,'PALLET','STORED',1567,NULL,'2026-07-12 22:01:08','2026-07-12 22:01:09','2026-07-12 22:01:08',NULL),
(538,'LPN-00000538',1,1,'PALLET','STORED',1568,NULL,'2026-07-12 22:01:09','2026-07-12 22:01:10','2026-07-12 22:01:09',NULL),
(539,'LPN-00000539',1,1,'PALLET','STORED',1569,NULL,'2026-07-12 22:01:10','2026-07-12 22:01:11','2026-07-12 22:01:10',NULL),
(540,'LPN-00000540',1,1,'PALLET','STORED',1570,NULL,'2026-07-12 22:01:11','2026-07-12 22:01:12','2026-07-12 22:01:11',NULL),
(541,'LPN-00000541',1,1,'PALLET','STORED',1571,NULL,'2026-07-12 22:01:12','2026-07-12 22:01:14','2026-07-12 22:01:12',NULL),
(542,'LPN-00000542',1,1,'PALLET','STORED',1572,NULL,'2026-07-12 22:01:14','2026-07-12 22:01:15','2026-07-12 22:01:14',NULL),
(543,'LPN-00000543',1,1,'PALLET','STORED',1573,NULL,'2026-07-12 22:01:15','2026-07-12 22:01:16','2026-07-12 22:01:15',NULL),
(544,'LPN-00000544',1,1,'PALLET','STORED',1574,NULL,'2026-07-12 22:01:16','2026-07-12 22:01:17','2026-07-12 22:01:16',NULL),
(545,'LPN-00000545',1,1,'PALLET','STORED',1575,NULL,'2026-07-12 22:01:17','2026-07-12 22:01:19','2026-07-12 22:01:17',NULL),
(546,'LPN-00000546',1,1,'PALLET','STORED',1576,NULL,'2026-07-12 22:01:19','2026-07-12 22:01:20','2026-07-12 22:01:19',NULL),
(547,'LPN-00000547',1,1,'PALLET','STORED',1577,NULL,'2026-07-12 22:01:20','2026-07-12 22:01:21','2026-07-12 22:01:20',NULL),
(548,'LPN-00000548',1,1,'PALLET','STORED',1578,NULL,'2026-07-12 22:01:21','2026-07-12 22:01:22','2026-07-12 22:01:21',NULL),
(549,'LPN-00000549',1,1,'PALLET','STORED',1579,NULL,'2026-07-12 22:01:22','2026-07-12 22:01:24','2026-07-12 22:01:22',NULL),
(550,'LPN-00000550',1,1,'PALLET','STORED',1580,NULL,'2026-07-12 22:01:24','2026-07-12 22:01:25','2026-07-12 22:01:24',NULL),
(551,'LPN-00000551',1,1,'PALLET','STORED',1581,NULL,'2026-07-12 22:01:25','2026-07-12 22:01:26','2026-07-12 22:01:25',NULL),
(552,'LPN-00000552',1,1,'PALLET','STORED',1582,NULL,'2026-07-12 22:01:26','2026-07-12 22:01:27','2026-07-12 22:01:26',NULL),
(553,'LPN-00000553',1,1,'PALLET','STORED',1583,NULL,'2026-07-12 22:01:27','2026-07-12 22:01:28','2026-07-12 22:01:27',NULL),
(554,'LPN-00000554',1,1,'PALLET','STORED',1584,NULL,'2026-07-12 22:01:28','2026-07-12 22:01:30','2026-07-12 22:01:28',NULL),
(555,'LPN-00000555',1,1,'PALLET','STORED',1585,NULL,'2026-07-12 22:01:30','2026-07-12 22:01:31','2026-07-12 22:01:30',NULL),
(556,'LPN-00000556',1,1,'PALLET','STORED',1586,NULL,'2026-07-12 22:01:31','2026-07-12 22:01:32','2026-07-12 22:01:31',NULL),
(557,'LPN-00000557',1,1,'PALLET','STORED',1587,NULL,'2026-07-12 22:01:32','2026-07-12 22:01:33','2026-07-12 22:01:32',NULL),
(558,'LPN-00000558',1,1,'PALLET','STORED',1588,NULL,'2026-07-12 22:01:33','2026-07-12 22:01:35','2026-07-12 22:01:33',NULL),
(559,'LPN-00000559',1,1,'PALLET','STORED',1589,NULL,'2026-07-12 22:01:35','2026-07-12 22:01:36','2026-07-12 22:01:35',NULL),
(560,'LPN-00000560',1,1,'PALLET','STORED',1590,NULL,'2026-07-12 22:01:36','2026-07-12 22:01:37','2026-07-12 22:01:36',NULL),
(561,'LPN-00000561',1,1,'PALLET','STORED',1591,NULL,'2026-07-12 22:01:37','2026-07-12 22:01:38','2026-07-12 22:01:37',NULL),
(562,'LPN-00000562',1,1,'PALLET','STORED',1592,NULL,'2026-07-12 22:01:38','2026-07-12 22:01:39','2026-07-12 22:01:38',NULL),
(563,'LPN-00000563',1,1,'PALLET','STORED',1593,NULL,'2026-07-12 22:01:39','2026-07-12 22:01:41','2026-07-12 22:01:40',NULL),
(564,'LPN-00000564',1,1,'PALLET','STORED',1594,NULL,'2026-07-12 22:01:41','2026-07-12 22:01:42','2026-07-12 22:01:41',NULL),
(565,'LPN-00000565',1,1,'PALLET','STORED',1595,NULL,'2026-07-12 22:01:42','2026-07-12 22:01:43','2026-07-12 22:01:42',NULL),
(566,'LPN-00000566',1,1,'PALLET','STORED',1596,NULL,'2026-07-12 22:01:43','2026-07-12 22:01:44','2026-07-12 22:01:43',NULL),
(567,'LPN-00000567',1,1,'PALLET','STORED',1597,NULL,'2026-07-12 22:01:44','2026-07-12 22:01:46','2026-07-12 22:01:44',NULL),
(568,'LPN-00000568',1,1,'PALLET','STORED',1598,NULL,'2026-07-12 22:01:46','2026-07-12 22:01:47','2026-07-12 22:01:46',NULL),
(569,'LPN-00000569',1,1,'PALLET','STORED',1599,NULL,'2026-07-12 22:01:47','2026-07-12 22:01:48','2026-07-12 22:01:47',NULL),
(570,'LPN-00000570',1,1,'PALLET','STORED',1600,NULL,'2026-07-12 22:01:48','2026-07-12 22:01:49','2026-07-12 22:01:48',NULL),
(571,'LPN-00000571',1,1,'PALLET','STORED',1601,NULL,'2026-07-12 22:01:49','2026-07-12 22:01:50','2026-07-12 22:01:49',NULL),
(572,'LPN-00000572',1,1,'PALLET','STORED',1602,NULL,'2026-07-12 22:01:50','2026-07-12 22:01:52','2026-07-12 22:01:50',NULL),
(573,'LPN-00000573',1,1,'PALLET','STORED',1603,NULL,'2026-07-12 22:01:52','2026-07-12 22:01:53','2026-07-12 22:01:52',NULL),
(574,'LPN-00000574',1,1,'PALLET','STORED',1604,NULL,'2026-07-12 22:01:53','2026-07-12 22:01:54','2026-07-12 22:01:53',NULL),
(575,'LPN-00000575',1,1,'PALLET','STORED',1605,NULL,'2026-07-12 22:01:54','2026-07-12 22:01:55','2026-07-12 22:01:54',NULL),
(576,'LPN-00000576',1,1,'PALLET','STORED',1606,NULL,'2026-07-12 22:01:55','2026-07-12 22:01:57','2026-07-12 22:01:55',NULL),
(577,'LPN-00000577',1,1,'PALLET','STORED',1607,NULL,'2026-07-12 22:01:57','2026-07-12 22:01:58','2026-07-12 22:01:57',NULL),
(578,'LPN-00000578',1,1,'PALLET','STORED',1608,NULL,'2026-07-12 22:01:58','2026-07-12 22:01:59','2026-07-12 22:01:58',NULL),
(579,'LPN-00000579',1,1,'PALLET','STORED',1609,NULL,'2026-07-12 22:01:59','2026-07-12 22:02:00','2026-07-12 22:01:59',NULL),
(580,'LPN-00000580',1,1,'PALLET','STORED',1610,NULL,'2026-07-12 22:02:00','2026-07-12 22:02:01','2026-07-12 22:02:00',NULL),
(581,'LPN-00000581',1,1,'PALLET','STORED',1611,NULL,'2026-07-12 22:02:01','2026-07-12 22:02:03','2026-07-12 22:02:01',NULL),
(582,'LPN-00000582',1,1,'PALLET','STORED',1612,NULL,'2026-07-12 22:02:03','2026-07-12 22:02:04','2026-07-12 22:02:03',NULL),
(583,'LPN-00000583',1,1,'PALLET','STORED',1613,NULL,'2026-07-12 22:02:04','2026-07-12 22:02:05','2026-07-12 22:02:04',NULL),
(584,'LPN-00000584',1,1,'PALLET','STORED',1614,NULL,'2026-07-12 22:02:05','2026-07-12 22:02:06','2026-07-12 22:02:05',NULL),
(585,'LPN-00000585',1,1,'PALLET','STORED',1615,NULL,'2026-07-12 22:02:06','2026-07-12 22:02:07','2026-07-12 22:02:06',NULL),
(586,'LPN-00000586',1,1,'PALLET','STORED',1616,NULL,'2026-07-12 22:02:07','2026-07-12 22:02:09','2026-07-12 22:02:07',NULL),
(587,'LPN-00000587',1,1,'PALLET','STORED',1617,NULL,'2026-07-12 22:02:09','2026-07-12 22:02:10','2026-07-12 22:02:09',NULL),
(588,'LPN-00000588',1,1,'PALLET','STORED',1618,NULL,'2026-07-12 22:02:10','2026-07-12 22:02:11','2026-07-12 22:02:10',NULL),
(589,'LPN-00000589',1,1,'PALLET','STORED',1619,NULL,'2026-07-12 22:02:11','2026-07-12 22:02:12','2026-07-12 22:02:11',NULL),
(590,'LPN-00000590',1,1,'PALLET','STORED',1620,NULL,'2026-07-12 22:02:12','2026-07-12 22:02:13','2026-07-12 22:02:12',NULL),
(591,'LPN-00000591',1,1,'PALLET','STORED',1621,NULL,'2026-07-12 22:02:13','2026-07-12 22:02:15','2026-07-12 22:02:13',NULL),
(592,'LPN-00000592',1,1,'PALLET','STORED',1622,NULL,'2026-07-12 22:02:15','2026-07-12 22:02:16','2026-07-12 22:02:15',NULL),
(593,'LPN-00000593',1,1,'PALLET','STORED',1623,NULL,'2026-07-12 22:02:16','2026-07-12 22:02:17','2026-07-12 22:02:16',NULL),
(594,'LPN-00000594',1,1,'PALLET','STORED',1624,NULL,'2026-07-12 22:02:17','2026-07-12 22:02:18','2026-07-12 22:02:17',NULL),
(595,'LPN-00000595',1,1,'PALLET','STORED',1625,NULL,'2026-07-12 22:02:18','2026-07-12 22:02:20','2026-07-12 22:02:18',NULL),
(596,'LPN-00000596',1,1,'PALLET','STORED',1626,NULL,'2026-07-12 22:02:20','2026-07-12 22:02:21','2026-07-12 22:02:20',NULL),
(597,'LPN-00000597',1,1,'PALLET','STORED',1627,NULL,'2026-07-12 22:02:21','2026-07-12 22:02:22','2026-07-12 22:02:21',NULL),
(598,'LPN-00000598',1,1,'PALLET','STORED',1628,NULL,'2026-07-12 22:02:22','2026-07-12 22:02:23','2026-07-12 22:02:22',NULL),
(599,'LPN-00000599',1,1,'PALLET','STORED',1629,NULL,'2026-07-12 22:02:23','2026-07-12 22:02:24','2026-07-12 22:02:23',NULL),
(600,'LPN-00000600',1,1,'PALLET','STORED',1630,NULL,'2026-07-12 22:02:24','2026-07-12 22:02:26','2026-07-12 22:02:25',NULL),
(601,'LPN-00000601',1,1,'PALLET','STORED',1631,NULL,'2026-07-12 22:02:26','2026-07-12 22:02:27','2026-07-12 22:02:26',NULL),
(602,'LPN-00000602',1,1,'PALLET','STORED',1632,NULL,'2026-07-12 22:02:27','2026-07-12 22:02:28','2026-07-12 22:02:27',NULL),
(603,'LPN-00000603',1,1,'PALLET','STORED',1633,NULL,'2026-07-12 22:02:28','2026-07-12 22:02:29','2026-07-12 22:02:28',NULL),
(604,'LPN-00000604',1,1,'PALLET','STORED',1634,NULL,'2026-07-12 22:02:29','2026-07-12 22:02:31','2026-07-12 22:02:29',NULL),
(605,'LPN-00000605',1,1,'PALLET','STORED',1635,NULL,'2026-07-12 22:02:31','2026-07-12 22:02:32','2026-07-12 22:02:31',NULL),
(606,'LPN-00000606',1,1,'PALLET','STORED',1636,NULL,'2026-07-12 22:02:32','2026-07-12 22:02:33','2026-07-12 22:02:32',NULL),
(607,'LPN-00000607',1,1,'PALLET','STORED',1637,NULL,'2026-07-12 22:02:33','2026-07-12 22:02:34','2026-07-12 22:02:33',NULL),
(608,'LPN-00000608',1,1,'PALLET','STORED',1638,NULL,'2026-07-12 22:02:34','2026-07-12 22:02:35','2026-07-12 22:02:34',NULL),
(609,'LPN-00000609',1,1,'PALLET','STORED',1639,NULL,'2026-07-12 22:02:35','2026-07-12 22:02:37','2026-07-12 22:02:35',NULL),
(610,'LPN-00000610',1,1,'PALLET','STORED',1640,NULL,'2026-07-12 22:02:37','2026-07-12 22:02:38','2026-07-12 22:02:37',NULL),
(611,'LPN-00000611',1,1,'PALLET','STORED',1641,NULL,'2026-07-12 22:02:38','2026-07-12 22:02:39','2026-07-12 22:02:38',NULL),
(612,'LPN-00000612',1,1,'PALLET','STORED',1642,NULL,'2026-07-12 22:02:39','2026-07-12 22:02:40','2026-07-12 22:02:39',NULL),
(613,'LPN-00000613',1,1,'PALLET','STORED',1643,NULL,'2026-07-12 22:02:40','2026-07-12 22:02:41','2026-07-12 22:02:40',NULL),
(614,'LPN-00000614',1,1,'PALLET','STORED',1644,NULL,'2026-07-12 22:02:41','2026-07-12 22:02:43','2026-07-12 22:02:41',NULL),
(615,'LPN-00000615',1,1,'PALLET','STORED',1645,NULL,'2026-07-12 22:02:43','2026-07-12 22:02:44','2026-07-12 22:02:43',NULL),
(616,'LPN-00000616',1,1,'PALLET','STORED',1646,NULL,'2026-07-12 22:02:44','2026-07-12 22:02:45','2026-07-12 22:02:44',NULL),
(617,'LPN-00000617',1,1,'PALLET','STORED',1647,NULL,'2026-07-12 22:02:45','2026-07-12 22:02:46','2026-07-12 22:02:45',NULL),
(618,'LPN-00000618',1,1,'PALLET','STORED',1648,NULL,'2026-07-12 22:02:46','2026-07-12 22:02:48','2026-07-12 22:02:46',NULL),
(619,'LPN-00000619',1,1,'PALLET','STORED',1649,NULL,'2026-07-12 22:02:48','2026-07-12 22:02:49','2026-07-12 22:02:48',NULL),
(620,'LPN-00000620',1,1,'PALLET','STORED',1650,NULL,'2026-07-12 22:02:49','2026-07-12 22:02:50','2026-07-12 22:02:49',NULL),
(621,'LPN-00000621',1,1,'PALLET','STORED',1651,NULL,'2026-07-12 22:02:50','2026-07-12 22:02:51','2026-07-12 22:02:50',NULL),
(622,'LPN-00000622',1,1,'PALLET','STORED',1652,NULL,'2026-07-12 22:02:51','2026-07-12 22:02:53','2026-07-12 22:02:51',NULL),
(623,'LPN-00000623',1,1,'PALLET','STORED',1653,NULL,'2026-07-12 22:02:53','2026-07-12 22:02:54','2026-07-12 22:02:53',NULL),
(624,'LPN-00000624',1,1,'PALLET','STORED',1654,NULL,'2026-07-12 22:02:54','2026-07-12 22:02:55','2026-07-12 22:02:54',NULL),
(625,'LPN-00000625',1,1,'PALLET','STORED',1655,NULL,'2026-07-12 22:02:55','2026-07-12 22:02:56','2026-07-12 22:02:55',NULL),
(626,'LPN-00000626',1,1,'PALLET','STORED',1656,NULL,'2026-07-12 22:02:56','2026-07-12 22:02:58','2026-07-12 22:02:56',NULL),
(627,'LPN-00000627',1,1,'PALLET','STORED',1657,NULL,'2026-07-12 22:02:58','2026-07-12 22:02:59','2026-07-12 22:02:58',NULL),
(628,'LPN-00000628',1,1,'PALLET','STORED',1658,NULL,'2026-07-12 22:02:59','2026-07-12 22:03:00','2026-07-12 22:02:59',NULL),
(629,'LPN-00000629',1,1,'PALLET','STORED',1659,NULL,'2026-07-12 22:03:00','2026-07-12 22:03:01','2026-07-12 22:03:00',NULL),
(630,'LPN-00000630',1,1,'PALLET','STORED',1660,NULL,'2026-07-12 22:03:01','2026-07-12 22:03:03','2026-07-12 22:03:01',NULL),
(631,'LPN-00000631',1,1,'PALLET','STORED',1661,NULL,'2026-07-12 22:03:03','2026-07-12 22:03:04','2026-07-12 22:03:03',NULL),
(632,'LPN-00000632',1,1,'PALLET','STORED',1662,NULL,'2026-07-12 22:03:04','2026-07-12 22:03:05','2026-07-12 22:03:04',NULL),
(633,'LPN-00000633',1,1,'PALLET','STORED',1663,NULL,'2026-07-12 22:03:05','2026-07-12 22:03:06','2026-07-12 22:03:05',NULL),
(634,'LPN-00000634',1,1,'PALLET','STORED',1664,NULL,'2026-07-12 22:03:06','2026-07-12 22:03:07','2026-07-12 22:03:06',NULL),
(635,'LPN-00000635',1,1,'PALLET','STORED',1665,NULL,'2026-07-12 22:03:07','2026-07-12 22:03:09','2026-07-12 22:03:07',NULL),
(636,'LPN-00000636',1,1,'PALLET','STORED',1666,NULL,'2026-07-12 22:03:09','2026-07-12 22:03:10','2026-07-12 22:03:09',NULL),
(637,'LPN-00000637',1,1,'PALLET','STORED',1667,NULL,'2026-07-12 22:03:10','2026-07-12 22:03:11','2026-07-12 22:03:10',NULL),
(638,'LPN-00000638',1,1,'PALLET','STORED',1668,NULL,'2026-07-12 22:03:11','2026-07-12 22:03:12','2026-07-12 22:03:11',NULL),
(639,'LPN-00000639',1,1,'PALLET','STORED',1669,NULL,'2026-07-12 22:03:12','2026-07-12 22:03:13','2026-07-12 22:03:12',NULL),
(640,'LPN-00000640',1,1,'PALLET','STORED',1670,NULL,'2026-07-12 22:03:13','2026-07-12 22:03:15','2026-07-12 22:03:14',NULL),
(641,'LPN-00000641',1,1,'PALLET','STORED',1671,NULL,'2026-07-12 22:03:15','2026-07-12 22:03:16','2026-07-12 22:03:15',NULL),
(642,'LPN-00000642',1,1,'PALLET','STORED',1672,NULL,'2026-07-12 22:03:16','2026-07-12 22:03:17','2026-07-12 22:03:16',NULL),
(643,'LPN-00000643',1,1,'PALLET','STORED',1673,NULL,'2026-07-12 22:03:17','2026-07-12 22:03:18','2026-07-12 22:03:17',NULL),
(644,'LPN-00000644',1,1,'PALLET','STORED',1674,NULL,'2026-07-12 22:03:18','2026-07-12 22:03:20','2026-07-12 22:03:18',NULL),
(645,'LPN-00000645',1,1,'PALLET','STORED',1675,NULL,'2026-07-12 22:03:20','2026-07-12 22:03:21','2026-07-12 22:03:20',NULL),
(646,'LPN-00000646',1,1,'PALLET','STORED',1676,NULL,'2026-07-12 22:03:21','2026-07-12 22:03:22','2026-07-12 22:03:21',NULL),
(647,'LPN-00000647',1,1,'PALLET','STORED',1677,NULL,'2026-07-12 22:03:22','2026-07-12 22:03:23','2026-07-12 22:03:22',NULL),
(648,'LPN-00000648',1,1,'PALLET','STORED',1678,NULL,'2026-07-12 22:03:23','2026-07-12 22:03:25','2026-07-12 22:03:23',NULL),
(649,'LPN-00000649',1,1,'PALLET','STORED',1679,NULL,'2026-07-12 22:03:25','2026-07-12 22:03:26','2026-07-12 22:03:25',NULL),
(650,'LPN-00000650',1,1,'PALLET','STORED',1680,NULL,'2026-07-12 22:03:26','2026-07-12 22:03:27','2026-07-12 22:03:26',NULL),
(651,'LPN-00000651',1,1,'PALLET','STORED',1681,NULL,'2026-07-12 22:03:27','2026-07-12 22:03:28','2026-07-12 22:03:27',NULL),
(652,'LPN-00000652',1,1,'PALLET','STORED',1682,NULL,'2026-07-12 22:03:28','2026-07-12 22:03:29','2026-07-12 22:03:28',NULL),
(653,'LPN-00000653',1,1,'PALLET','STORED',1683,NULL,'2026-07-12 22:03:29','2026-07-12 22:03:31','2026-07-12 22:03:30',NULL),
(654,'LPN-00000654',1,1,'PALLET','STORED',1684,NULL,'2026-07-12 22:03:31','2026-07-12 22:03:32','2026-07-12 22:03:31',NULL),
(655,'LPN-00000655',1,1,'PALLET','STORED',1685,NULL,'2026-07-12 22:03:32','2026-07-12 22:03:33','2026-07-12 22:03:32',NULL),
(656,'LPN-00000656',1,1,'PALLET','STORED',1686,NULL,'2026-07-12 22:03:33','2026-07-12 22:03:34','2026-07-12 22:03:33',NULL),
(657,'LPN-00000657',1,1,'PALLET','STORED',1687,NULL,'2026-07-12 22:03:34','2026-07-12 22:03:36','2026-07-12 22:03:34',NULL),
(658,'LPN-00000658',1,1,'PALLET','STORED',1688,NULL,'2026-07-12 22:03:36','2026-07-12 22:03:37','2026-07-12 22:03:36',NULL),
(659,'LPN-00000659',1,1,'PALLET','STORED',1689,NULL,'2026-07-12 22:03:37','2026-07-12 22:03:38','2026-07-12 22:03:37',NULL),
(660,'LPN-00000660',1,1,'PALLET','STORED',1690,NULL,'2026-07-12 22:03:38','2026-07-12 22:03:39','2026-07-12 22:03:38',NULL),
(661,'LPN-00000661',1,1,'PALLET','STORED',1691,NULL,'2026-07-12 22:03:39','2026-07-12 22:03:41','2026-07-12 22:03:39',NULL),
(662,'LPN-00000662',1,1,'PALLET','STORED',1692,NULL,'2026-07-12 22:03:41','2026-07-12 22:03:42','2026-07-12 22:03:41',NULL),
(663,'LPN-00000663',1,1,'PALLET','STORED',1693,NULL,'2026-07-12 22:03:42','2026-07-12 22:03:43','2026-07-12 22:03:42',NULL),
(664,'LPN-00000664',1,1,'PALLET','STORED',1694,NULL,'2026-07-12 22:03:43','2026-07-12 22:03:44','2026-07-12 22:03:43',NULL),
(665,'LPN-00000665',1,1,'PALLET','STORED',1695,NULL,'2026-07-12 22:03:44','2026-07-12 22:03:45','2026-07-12 22:03:44',NULL),
(666,'LPN-00000666',1,1,'PALLET','STORED',1696,NULL,'2026-07-12 22:03:45','2026-07-12 22:03:47','2026-07-12 22:03:45',NULL),
(667,'LPN-00000667',1,1,'PALLET','STORED',1697,NULL,'2026-07-12 22:03:47','2026-07-12 22:03:48','2026-07-12 22:03:47',NULL),
(668,'LPN-00000668',1,1,'PALLET','STORED',1698,NULL,'2026-07-12 22:03:48','2026-07-12 22:03:49','2026-07-12 22:03:48',NULL),
(669,'LPN-00000669',1,1,'PALLET','STORED',1699,NULL,'2026-07-12 22:03:49','2026-07-12 22:03:50','2026-07-12 22:03:49',NULL),
(670,'LPN-00000670',1,1,'PALLET','STORED',1700,NULL,'2026-07-12 22:03:50','2026-07-12 22:03:52','2026-07-12 22:03:50',NULL),
(671,'LPN-00000671',1,1,'PALLET','STORED',1701,NULL,'2026-07-12 22:03:52','2026-07-12 22:03:53','2026-07-12 22:03:52',NULL),
(672,'LPN-00000672',1,1,'PALLET','STORED',1702,NULL,'2026-07-12 22:03:53','2026-07-12 22:03:54','2026-07-12 22:03:53',NULL),
(673,'LPN-00000673',1,1,'PALLET','STORED',1703,NULL,'2026-07-12 22:03:54','2026-07-12 22:03:55','2026-07-12 22:03:54',NULL),
(674,'LPN-00000674',1,1,'PALLET','STORED',1704,NULL,'2026-07-12 22:03:55','2026-07-12 22:03:56','2026-07-12 22:03:55',NULL),
(675,'LPN-00000675',1,1,'PALLET','STORED',1705,NULL,'2026-07-12 22:03:56','2026-07-12 22:03:58','2026-07-12 22:03:56',NULL),
(676,'LPN-00000676',1,1,'PALLET','STORED',1706,NULL,'2026-07-12 22:03:58','2026-07-12 22:03:59','2026-07-12 22:03:58',NULL),
(677,'LPN-00000677',1,1,'PALLET','STORED',1707,NULL,'2026-07-12 22:03:59','2026-07-12 22:04:00','2026-07-12 22:03:59',NULL),
(678,'LPN-00000678',1,1,'PALLET','STORED',1708,NULL,'2026-07-12 22:04:00','2026-07-12 22:04:01','2026-07-12 22:04:00',NULL),
(679,'LPN-00000679',1,1,'PALLET','STORED',1709,NULL,'2026-07-12 22:04:01','2026-07-12 22:04:02','2026-07-12 22:04:01',NULL),
(680,'LPN-00000680',1,1,'PALLET','STORED',1710,NULL,'2026-07-12 22:04:02','2026-07-12 22:04:04','2026-07-12 22:04:03',NULL),
(681,'LPN-00000681',1,1,'PALLET','STORED',1711,NULL,'2026-07-12 22:04:04','2026-07-12 22:04:05','2026-07-12 22:04:04',NULL),
(682,'LPN-00000682',1,1,'PALLET','STORED',1712,NULL,'2026-07-12 22:04:05','2026-07-12 22:04:06','2026-07-12 22:04:05',NULL),
(683,'LPN-00000683',1,1,'PALLET','STORED',1713,NULL,'2026-07-12 22:04:06','2026-07-12 22:04:07','2026-07-12 22:04:06',NULL),
(684,'LPN-00000684',1,1,'PALLET','STORED',1714,NULL,'2026-07-12 22:04:07','2026-07-12 22:04:08','2026-07-12 22:04:07',NULL),
(685,'LPN-00000685',1,1,'PALLET','STORED',1715,NULL,'2026-07-12 22:04:08','2026-07-12 22:04:10','2026-07-12 22:04:09',NULL),
(686,'LPN-00000686',1,1,'PALLET','STORED',1716,NULL,'2026-07-12 22:04:10','2026-07-12 22:04:11','2026-07-12 22:04:10',NULL),
(687,'LPN-00000687',1,1,'PALLET','STORED',1717,NULL,'2026-07-12 22:04:11','2026-07-12 22:04:12','2026-07-12 22:04:11',NULL),
(688,'LPN-00000688',1,1,'PALLET','STORED',1718,NULL,'2026-07-12 22:04:12','2026-07-12 22:04:13','2026-07-12 22:04:12',NULL),
(689,'LPN-00000689',1,1,'PALLET','STORED',1719,NULL,'2026-07-12 22:04:13','2026-07-12 22:04:15','2026-07-12 22:04:13',NULL),
(690,'LPN-00000690',1,1,'PALLET','STORED',1720,NULL,'2026-07-12 22:04:15','2026-07-12 22:04:16','2026-07-12 22:04:15',NULL),
(691,'LPN-00000691',1,1,'PALLET','STORED',1721,NULL,'2026-07-12 22:04:16','2026-07-12 22:04:17','2026-07-12 22:04:16',NULL),
(692,'LPN-00000692',1,1,'PALLET','STORED',1722,NULL,'2026-07-12 22:04:17','2026-07-12 22:04:18','2026-07-12 22:04:17',NULL),
(693,'LPN-00000693',1,1,'PALLET','STORED',1723,NULL,'2026-07-12 22:04:18','2026-07-12 22:04:19','2026-07-12 22:04:18',NULL),
(694,'LPN-00000694',1,1,'PALLET','STORED',1724,NULL,'2026-07-12 22:04:19','2026-07-12 22:04:21','2026-07-12 22:04:20',NULL),
(695,'LPN-00000695',1,1,'PALLET','STORED',1725,NULL,'2026-07-12 22:04:21','2026-07-12 22:04:22','2026-07-12 22:04:21',NULL),
(696,'LPN-00000696',1,1,'PALLET','STORED',1726,NULL,'2026-07-12 22:04:22','2026-07-12 22:04:23','2026-07-12 22:04:22',NULL),
(697,'LPN-00000697',1,1,'PALLET','STORED',1727,NULL,'2026-07-12 22:04:23','2026-07-12 22:04:24','2026-07-12 22:04:23',NULL),
(698,'LPN-00000698',1,1,'PALLET','STORED',1728,NULL,'2026-07-12 22:04:24','2026-07-12 22:04:26','2026-07-12 22:04:24',NULL),
(699,'LPN-00000699',1,1,'PALLET','STORED',1729,NULL,'2026-07-12 22:04:26','2026-07-12 22:04:27','2026-07-12 22:04:26',NULL),
(700,'LPN-00000700',1,1,'PALLET','STORED',1730,NULL,'2026-07-12 22:04:27','2026-07-12 22:04:28','2026-07-12 22:04:27',NULL),
(701,'LPN-00000701',1,1,'PALLET','STORED',1731,NULL,'2026-07-12 22:04:28','2026-07-12 22:04:29','2026-07-12 22:04:28',NULL),
(702,'LPN-00000702',1,1,'PALLET','STORED',1732,NULL,'2026-07-12 22:04:29','2026-07-12 22:04:31','2026-07-12 22:04:29',NULL),
(703,'LPN-00000703',1,1,'PALLET','STORED',1733,NULL,'2026-07-12 22:04:31','2026-07-12 22:04:32','2026-07-12 22:04:31',NULL),
(704,'LPN-00000704',1,1,'PALLET','STORED',1734,NULL,'2026-07-12 22:04:32','2026-07-12 22:04:33','2026-07-12 22:04:32',NULL),
(705,'LPN-00000705',1,1,'PALLET','STORED',1735,NULL,'2026-07-12 22:04:33','2026-07-12 22:04:34','2026-07-12 22:04:33',NULL),
(706,'LPN-00000706',1,1,'PALLET','STORED',1736,NULL,'2026-07-12 22:04:34','2026-07-12 22:04:35','2026-07-12 22:04:34',NULL),
(707,'LPN-00000707',1,1,'PALLET','STORED',1737,NULL,'2026-07-12 22:04:35','2026-07-12 22:04:37','2026-07-12 22:04:36',NULL),
(708,'LPN-00000708',1,1,'PALLET','STORED',1738,NULL,'2026-07-12 22:04:37','2026-07-12 22:04:38','2026-07-12 22:04:37',NULL),
(709,'LPN-00000709',1,1,'PALLET','STORED',1739,NULL,'2026-07-12 22:04:38','2026-07-12 22:04:39','2026-07-12 22:04:38',NULL),
(710,'LPN-00000710',1,1,'PALLET','STORED',1740,NULL,'2026-07-12 22:04:39','2026-07-12 22:04:40','2026-07-12 22:04:39',NULL),
(711,'LPN-00000711',1,1,'PALLET','STORED',1741,NULL,'2026-07-12 22:04:40','2026-07-12 22:04:42','2026-07-12 22:04:40',NULL),
(712,'LPN-00000712',1,1,'PALLET','STORED',1742,NULL,'2026-07-12 22:04:42','2026-07-12 22:04:43','2026-07-12 22:04:42',NULL),
(713,'LPN-00000713',1,1,'PALLET','STORED',1743,NULL,'2026-07-12 22:04:43','2026-07-12 22:04:44','2026-07-12 22:04:43',NULL),
(714,'LPN-00000714',1,1,'PALLET','STORED',1744,NULL,'2026-07-12 22:04:44','2026-07-12 22:04:45','2026-07-12 22:04:44',NULL),
(715,'LPN-00000715',1,1,'PALLET','STORED',1745,NULL,'2026-07-12 22:04:45','2026-07-12 22:04:46','2026-07-12 22:04:45',NULL),
(716,'LPN-00000716',1,1,'PALLET','STORED',1746,NULL,'2026-07-12 22:04:46','2026-07-12 22:04:48','2026-07-12 22:04:47',NULL),
(717,'LPN-00000717',1,1,'PALLET','STORED',1747,NULL,'2026-07-12 22:04:48','2026-07-12 22:04:49','2026-07-12 22:04:48',NULL),
(718,'LPN-00000718',1,1,'PALLET','STORED',1748,NULL,'2026-07-12 22:04:49','2026-07-12 22:04:50','2026-07-12 22:04:49',NULL),
(719,'LPN-00000719',1,1,'PALLET','STORED',1749,NULL,'2026-07-12 22:04:50','2026-07-12 22:04:51','2026-07-12 22:04:50',NULL),
(720,'LPN-00000720',1,1,'PALLET','STORED',1750,NULL,'2026-07-12 22:04:51','2026-07-12 22:04:52','2026-07-12 22:04:51',NULL),
(721,'LPN-00000721',1,1,'PALLET','STORED',1751,NULL,'2026-07-12 22:04:53','2026-07-12 22:04:54','2026-07-12 22:04:53',NULL),
(722,'LPN-00000722',1,1,'PALLET','STORED',1752,NULL,'2026-07-12 22:04:54','2026-07-12 22:04:55','2026-07-12 22:04:54',NULL),
(723,'LPN-00000723',1,1,'PALLET','STORED',1753,NULL,'2026-07-12 22:04:55','2026-07-12 22:04:56','2026-07-12 22:04:55',NULL),
(724,'LPN-00000724',1,1,'PALLET','STORED',1754,NULL,'2026-07-12 22:04:56','2026-07-12 22:04:58','2026-07-12 22:04:56',NULL),
(725,'LPN-00000725',1,1,'PALLET','STORED',1755,NULL,'2026-07-12 22:04:58','2026-07-12 22:05:00','2026-07-12 22:04:58',NULL),
(726,'LPN-00000726',1,1,'PALLET','STORED',1756,NULL,'2026-07-12 22:05:00','2026-07-12 22:05:01','2026-07-12 22:05:00',NULL),
(727,'LPN-00000727',1,1,'PALLET','STORED',1757,NULL,'2026-07-12 22:05:01','2026-07-12 22:05:02','2026-07-12 22:05:01',NULL),
(728,'LPN-00000728',1,1,'PALLET','STORED',1758,NULL,'2026-07-12 22:05:02','2026-07-12 22:05:04','2026-07-12 22:05:02',NULL),
(729,'LPN-00000729',1,1,'PALLET','STORED',1759,NULL,'2026-07-12 22:05:04','2026-07-12 22:05:05','2026-07-12 22:05:04',NULL),
(730,'LPN-00000730',1,1,'PALLET','STORED',1760,NULL,'2026-07-12 22:05:05','2026-07-12 22:05:06','2026-07-12 22:05:05',NULL),
(731,'LPN-00000731',1,1,'PALLET','STORED',1761,NULL,'2026-07-12 22:05:06','2026-07-12 22:05:07','2026-07-12 22:05:06',NULL),
(732,'LPN-00000732',1,1,'PALLET','STORED',1762,NULL,'2026-07-12 22:05:07','2026-07-12 22:05:08','2026-07-12 22:05:07',NULL),
(733,'LPN-00000733',1,1,'PALLET','STORED',1763,NULL,'2026-07-12 22:05:08','2026-07-12 22:05:09','2026-07-12 22:05:08',NULL),
(734,'LPN-00000734',1,1,'PALLET','STORED',1764,NULL,'2026-07-12 22:05:09','2026-07-12 22:05:10','2026-07-12 22:05:09',NULL),
(735,'LPN-00000735',1,1,'PALLET','STORED',1765,NULL,'2026-07-12 22:05:11','2026-07-12 22:05:12','2026-07-12 22:05:11',NULL),
(736,'LPN-00000736',1,1,'PALLET','STORED',1766,NULL,'2026-07-12 22:05:12','2026-07-12 22:05:13','2026-07-12 22:05:12',NULL),
(737,'LPN-00000737',1,1,'PALLET','STORED',1767,NULL,'2026-07-12 22:05:13','2026-07-12 22:05:14','2026-07-12 22:05:13',NULL),
(738,'LPN-00000738',1,1,'PALLET','STORED',1768,NULL,'2026-07-12 22:05:14','2026-07-12 22:05:15','2026-07-12 22:05:14',NULL),
(739,'LPN-00000739',1,1,'PALLET','STORED',1769,NULL,'2026-07-12 22:05:15','2026-07-12 22:05:17','2026-07-12 22:05:15',NULL),
(740,'LPN-00000740',1,1,'PALLET','STORED',1770,NULL,'2026-07-12 22:05:17','2026-07-12 22:05:18','2026-07-12 22:05:17',NULL),
(741,'LPN-00000741',1,1,'PALLET','STORED',1771,NULL,'2026-07-12 22:05:18','2026-07-12 22:05:19','2026-07-12 22:05:18',NULL),
(742,'LPN-00000742',1,1,'PALLET','STORED',1772,NULL,'2026-07-12 22:05:19','2026-07-12 22:05:20','2026-07-12 22:05:19',NULL),
(743,'LPN-00000743',1,1,'PALLET','STORED',1773,NULL,'2026-07-12 22:05:20','2026-07-12 22:05:22','2026-07-12 22:05:20',NULL),
(744,'LPN-00000744',1,1,'PALLET','STORED',1774,NULL,'2026-07-12 22:05:22','2026-07-12 22:05:23','2026-07-12 22:05:22',NULL),
(745,'LPN-00000745',1,1,'PALLET','STORED',1775,NULL,'2026-07-12 22:05:23','2026-07-12 22:05:24','2026-07-12 22:05:23',NULL),
(746,'LPN-00000746',1,1,'PALLET','STORED',1776,NULL,'2026-07-12 22:05:24','2026-07-12 22:05:25','2026-07-12 22:05:24',NULL),
(747,'LPN-00000747',1,1,'PALLET','STORED',1778,NULL,'2026-07-12 22:05:25','2026-07-12 22:05:26','2026-07-12 22:05:25',NULL),
(748,'LPN-00000748',1,1,'PALLET','STORED',1781,NULL,'2026-07-12 22:05:26','2026-07-12 22:05:28','2026-07-12 22:05:26',NULL),
(749,'LPN-00000749',1,1,'PALLET','STORED',1782,NULL,'2026-07-12 22:05:28','2026-07-12 22:05:29','2026-07-12 22:05:28',NULL),
(750,'LPN-00000750',1,1,'PALLET','STORED',1783,NULL,'2026-07-12 22:05:29','2026-07-12 22:05:30','2026-07-12 22:05:29',NULL),
(751,'LPN-00000751',1,1,'PALLET','STORED',1784,NULL,'2026-07-12 22:05:30','2026-07-12 22:05:31','2026-07-12 22:05:30',NULL),
(752,'LPN-00000752',1,1,'PALLET','STORED',1785,NULL,'2026-07-12 22:05:31','2026-07-12 22:05:33','2026-07-12 22:05:31',NULL),
(753,'LPN-00000753',1,1,'PALLET','STORED',1786,NULL,'2026-07-12 22:05:33','2026-07-12 22:05:34','2026-07-12 22:05:33',NULL),
(754,'LPN-00000754',1,1,'PALLET','STORED',1787,NULL,'2026-07-12 22:05:34','2026-07-12 22:05:35','2026-07-12 22:05:34',NULL),
(755,'LPN-00000755',1,1,'PALLET','STORED',1788,NULL,'2026-07-12 22:05:35','2026-07-12 22:05:36','2026-07-12 22:05:35',NULL),
(756,'LPN-00000756',1,1,'PALLET','STORED',1789,NULL,'2026-07-12 22:05:36','2026-07-12 22:05:38','2026-07-12 22:05:36',NULL),
(757,'LPN-00000757',1,1,'PALLET','STORED',1790,NULL,'2026-07-12 22:05:38','2026-07-12 22:05:39','2026-07-12 22:05:38',NULL),
(758,'LPN-00000758',1,1,'PALLET','STORED',1791,NULL,'2026-07-12 22:05:39','2026-07-12 22:05:40','2026-07-12 22:05:39',NULL),
(759,'LPN-00000759',1,1,'PALLET','STORED',1792,NULL,'2026-07-12 22:05:40','2026-07-12 22:05:41','2026-07-12 22:05:40',NULL),
(760,'LPN-00000760',1,1,'PALLET','STORED',1793,NULL,'2026-07-12 22:05:41','2026-07-12 22:05:42','2026-07-12 22:05:41',NULL),
(761,'LPN-00000761',1,1,'PALLET','STORED',1794,NULL,'2026-07-12 22:05:42','2026-07-12 22:05:44','2026-07-12 22:05:43',NULL),
(762,'LPN-00000762',1,1,'PALLET','STORED',1795,NULL,'2026-07-12 22:05:44','2026-07-12 22:05:45','2026-07-12 22:05:44',NULL),
(763,'LPN-00000763',1,1,'PALLET','STORED',1796,NULL,'2026-07-12 22:05:45','2026-07-12 22:05:46','2026-07-12 22:05:45',NULL),
(764,'LPN-00000764',1,1,'PALLET','STORED',1797,NULL,'2026-07-12 22:05:46','2026-07-12 22:05:47','2026-07-12 22:05:46',NULL),
(765,'LPN-00000765',1,1,'PALLET','STORED',1798,NULL,'2026-07-12 22:05:47','2026-07-12 22:05:49','2026-07-12 22:05:47',NULL),
(766,'LPN-00000766',1,1,'PALLET','STORED',1799,NULL,'2026-07-12 22:05:49','2026-07-12 22:05:50','2026-07-12 22:05:49',NULL),
(767,'LPN-00000767',1,1,'PALLET','STORED',1800,NULL,'2026-07-12 22:05:50','2026-07-12 22:05:51','2026-07-12 22:05:50',NULL),
(768,'LPN-00000768',1,1,'PALLET','STORED',1801,NULL,'2026-07-12 22:05:51','2026-07-12 22:05:52','2026-07-12 22:05:51',NULL),
(769,'LPN-00000769',1,1,'PALLET','STORED',1802,NULL,'2026-07-12 22:05:52','2026-07-12 22:05:53','2026-07-12 22:05:52',NULL),
(770,'LPN-00000770',1,1,'PALLET','STORED',1803,NULL,'2026-07-12 22:05:53','2026-07-12 22:05:55','2026-07-12 22:05:53',NULL),
(771,'LPN-00000771',1,1,'PALLET','STORED',1804,NULL,'2026-07-12 22:05:55','2026-07-12 22:05:56','2026-07-12 22:05:55',NULL),
(772,'LPN-00000772',1,1,'PALLET','STORED',1805,NULL,'2026-07-12 22:05:56','2026-07-12 22:05:57','2026-07-12 22:05:56',NULL),
(773,'LPN-00000773',1,1,'PALLET','STORED',1806,NULL,'2026-07-12 22:05:57','2026-07-12 22:05:58','2026-07-12 22:05:57',NULL),
(774,'LPN-00000774',1,1,'PALLET','STORED',1807,NULL,'2026-07-12 22:05:58','2026-07-12 22:06:00','2026-07-12 22:05:58',NULL),
(775,'LPN-00000775',1,1,'PALLET','STORED',1808,NULL,'2026-07-12 22:06:00','2026-07-12 22:06:01','2026-07-12 22:06:00',NULL),
(776,'LPN-00000776',1,1,'PALLET','STORED',1809,NULL,'2026-07-12 22:06:01','2026-07-12 22:06:02','2026-07-12 22:06:01',NULL),
(777,'LPN-00000777',1,1,'PALLET','STORED',1810,NULL,'2026-07-12 22:06:02','2026-07-12 22:06:03','2026-07-12 22:06:02',NULL),
(778,'LPN-00000778',1,1,'PALLET','STORED',1811,NULL,'2026-07-12 22:06:03','2026-07-12 22:06:04','2026-07-12 22:06:03',NULL),
(779,'LPN-00000779',1,1,'PALLET','STORED',1812,NULL,'2026-07-12 22:06:04','2026-07-12 22:06:06','2026-07-12 22:06:05',NULL),
(780,'LPN-00000780',1,1,'PALLET','STORED',1813,NULL,'2026-07-12 22:06:06','2026-07-12 22:06:07','2026-07-12 22:06:06',NULL),
(781,'LPN-00000781',1,1,'PALLET','STORED',1814,NULL,'2026-07-12 22:06:07','2026-07-12 22:06:08','2026-07-12 22:06:07',NULL),
(782,'LPN-00000782',1,1,'PALLET','STORED',1815,NULL,'2026-07-12 22:06:08','2026-07-12 22:06:09','2026-07-12 22:06:08',NULL),
(783,'LPN-00000783',1,1,'PALLET','STORED',1816,NULL,'2026-07-12 22:06:09','2026-07-12 22:06:11','2026-07-12 22:06:09',NULL),
(784,'LPN-00000784',1,1,'PALLET','STORED',1817,NULL,'2026-07-12 22:06:11','2026-07-12 22:06:12','2026-07-12 22:06:11',NULL),
(785,'LPN-00000785',1,1,'PALLET','STORED',1818,NULL,'2026-07-12 22:06:12','2026-07-12 22:06:13','2026-07-12 22:06:12',NULL),
(786,'LPN-00000786',1,1,'PALLET','STORED',1819,NULL,'2026-07-12 22:06:13','2026-07-12 22:06:14','2026-07-12 22:06:13',NULL),
(787,'LPN-00000787',1,1,'PALLET','STORED',1820,NULL,'2026-07-12 22:06:14','2026-07-12 22:06:15','2026-07-12 22:06:14',NULL),
(788,'LPN-00000788',1,1,'PALLET','STORED',1821,NULL,'2026-07-12 22:06:15','2026-07-12 22:06:17','2026-07-12 22:06:16',NULL),
(789,'LPN-00000789',1,1,'PALLET','STORED',1822,NULL,'2026-07-12 22:06:17','2026-07-12 22:06:18','2026-07-12 22:06:17',NULL),
(790,'LPN-00000790',1,1,'PALLET','STORED',1823,NULL,'2026-07-12 22:06:18','2026-07-12 22:06:19','2026-07-12 22:06:18',NULL),
(791,'LPN-00000791',1,1,'PALLET','STORED',1824,NULL,'2026-07-12 22:06:19','2026-07-12 22:06:20','2026-07-12 22:06:19',NULL),
(792,'LPN-00000792',1,1,'PALLET','STORED',1825,NULL,'2026-07-12 22:06:20','2026-07-12 22:06:22','2026-07-12 22:06:20',NULL),
(793,'LPN-00000793',1,1,'PALLET','STORED',1826,NULL,'2026-07-12 22:06:22','2026-07-12 22:06:23','2026-07-12 22:06:22',NULL),
(794,'LPN-00000794',1,1,'PALLET','STORED',1827,NULL,'2026-07-12 22:06:23','2026-07-12 22:06:24','2026-07-12 22:06:23',NULL),
(795,'LPN-00000795',1,1,'PALLET','STORED',1828,NULL,'2026-07-12 22:06:24','2026-07-12 22:06:25','2026-07-12 22:06:24',NULL),
(796,'LPN-00000796',1,1,'PALLET','STORED',1829,NULL,'2026-07-12 22:06:25','2026-07-12 22:06:27','2026-07-12 22:06:25',NULL),
(797,'LPN-00000797',1,1,'PALLET','STORED',1830,NULL,'2026-07-12 22:06:27','2026-07-12 22:06:28','2026-07-12 22:06:27',NULL),
(798,'LPN-00000798',1,1,'PALLET','STORED',1831,NULL,'2026-07-12 22:06:28','2026-07-12 22:06:29','2026-07-12 22:06:28',NULL),
(799,'LPN-00000799',1,1,'PALLET','STORED',1832,NULL,'2026-07-12 22:06:29','2026-07-12 22:06:30','2026-07-12 22:06:29',NULL),
(800,'LPN-00000800',1,1,'PALLET','STORED',1833,NULL,'2026-07-12 22:06:30','2026-07-12 22:06:31','2026-07-12 22:06:30',NULL),
(801,'LPN-00000801',1,1,'PALLET','STORED',1834,NULL,'2026-07-12 22:06:31','2026-07-12 22:06:33','2026-07-12 22:06:31',NULL),
(802,'LPN-00000802',1,1,'PALLET','STORED',1835,NULL,'2026-07-12 22:06:33','2026-07-12 22:06:34','2026-07-12 22:06:33',NULL),
(803,'LPN-00000803',1,1,'PALLET','STORED',1836,NULL,'2026-07-12 22:06:34','2026-07-12 22:06:35','2026-07-12 22:06:34',NULL),
(804,'LPN-00000804',1,1,'PALLET','STORED',1837,NULL,'2026-07-12 22:06:35','2026-07-12 22:06:36','2026-07-12 22:06:35',NULL),
(805,'LPN-00000805',1,1,'PALLET','STORED',1838,NULL,'2026-07-12 22:06:36','2026-07-12 22:06:38','2026-07-12 22:06:36',NULL),
(806,'LPN-00000806',1,1,'PALLET','STORED',1839,NULL,'2026-07-12 22:06:38','2026-07-12 22:06:39','2026-07-12 22:06:38',NULL),
(807,'LPN-00000807',1,1,'PALLET','STORED',1840,NULL,'2026-07-12 22:06:39','2026-07-12 22:06:40','2026-07-12 22:06:39',NULL),
(808,'LPN-00000808',1,1,'PALLET','STORED',1841,NULL,'2026-07-12 22:06:40','2026-07-12 22:06:41','2026-07-12 22:06:40',NULL),
(809,'LPN-00000809',1,1,'PALLET','STORED',1842,NULL,'2026-07-12 22:06:41','2026-07-12 22:06:42','2026-07-12 22:06:41',NULL),
(810,'LPN-00000810',1,1,'PALLET','STORED',1843,NULL,'2026-07-12 22:06:42','2026-07-12 22:06:44','2026-07-12 22:06:42',NULL),
(811,'LPN-00000811',1,1,'PALLET','STORED',1844,NULL,'2026-07-12 22:06:44','2026-07-12 22:06:45','2026-07-12 22:06:44',NULL),
(812,'LPN-00000812',1,1,'PALLET','STORED',1845,NULL,'2026-07-12 22:06:45','2026-07-12 22:06:46','2026-07-12 22:06:45',NULL),
(813,'LPN-00000813',1,1,'PALLET','STORED',1846,NULL,'2026-07-12 22:06:46','2026-07-12 22:06:47','2026-07-12 22:06:46',NULL),
(814,'LPN-00000814',1,1,'PALLET','STORED',1847,NULL,'2026-07-12 22:06:47','2026-07-12 22:06:48','2026-07-12 22:06:47',NULL),
(815,'LPN-00000815',1,1,'PALLET','STORED',1848,NULL,'2026-07-12 22:06:49','2026-07-12 22:06:50','2026-07-12 22:06:49',NULL),
(816,'LPN-00000816',1,1,'PALLET','STORED',1849,NULL,'2026-07-12 22:06:50','2026-07-12 22:06:51','2026-07-12 22:06:50',NULL),
(817,'LPN-00000817',1,1,'PALLET','STORED',1850,NULL,'2026-07-12 22:06:51','2026-07-12 22:06:52','2026-07-12 22:06:51',NULL),
(818,'LPN-00000818',1,1,'PALLET','STORED',1851,NULL,'2026-07-12 22:06:52','2026-07-12 22:06:53','2026-07-12 22:06:52',NULL),
(819,'LPN-00000819',1,1,'PALLET','STORED',1852,NULL,'2026-07-12 22:06:53','2026-07-12 22:06:55','2026-07-12 22:06:53',NULL),
(820,'LPN-00000820',1,1,'PALLET','STORED',1853,NULL,'2026-07-12 22:06:55','2026-07-12 22:25:55','2026-07-12 22:06:55',NULL),
(821,'LPN-00000821',1,1,'PALLET','STORED',1854,NULL,'2026-07-12 22:06:56','2026-07-12 22:32:56','2026-07-12 22:06:56',NULL),
(822,'LPN-00000822',1,1,'PALLET','STORED',1855,NULL,'2026-07-12 22:06:57','2026-07-12 22:14:57','2026-07-12 22:06:57',NULL),
(823,'LPN-00000823',1,1,'PALLET','STORED',1856,NULL,'2026-07-12 22:06:58','2026-07-12 22:21:58','2026-07-12 22:06:58',NULL),
(824,'LPN-00000824',1,1,'PALLET','STORED',1857,NULL,'2026-07-12 22:06:59','2026-07-12 22:28:59','2026-07-12 22:06:59',NULL),
(825,'LPN-00000825',1,1,'PALLET','STORED',1858,NULL,'2026-07-12 22:07:01','2026-07-12 22:11:01','2026-07-12 22:07:01',NULL),
(826,'LPN-00000826',1,1,'PALLET','STORED',1859,NULL,'2026-07-12 22:07:02','2026-07-12 22:18:02','2026-07-12 22:07:02',NULL),
(827,'LPN-00000827',1,1,'PALLET','STORED',1860,NULL,'2026-07-12 22:07:03','2026-07-12 22:25:03','2026-07-12 22:07:03',NULL),
(828,'LPN-00000828',1,1,'PALLET','STORED',1861,NULL,'2026-07-12 22:07:04','2026-07-12 22:32:04','2026-07-12 22:07:04',NULL),
(829,'LPN-00000829',1,1,'PALLET','STORED',1862,NULL,'2026-07-12 22:07:06','2026-07-12 22:14:06','2026-07-12 22:07:06',NULL),
(830,'LPN-00000830',1,1,'PALLET','STORED',1863,NULL,'2026-07-12 22:07:07','2026-07-12 22:21:07','2026-07-12 22:07:07',NULL),
(831,'LPN-00000831',1,1,'PALLET','STORED',1864,NULL,'2026-07-12 22:07:08','2026-07-12 22:28:08','2026-07-12 22:07:08',NULL),
(832,'LPN-00000832',1,1,'PALLET','STORED',1865,NULL,'2026-07-12 22:07:09','2026-07-12 22:35:09','2026-07-12 22:07:09',NULL),
(833,'LPN-00000833',1,1,'PALLET','STORED',1866,NULL,'2026-07-12 22:07:10','2026-07-12 22:17:10','2026-07-12 22:07:10',NULL),
(834,'LPN-00000834',1,1,'PALLET','STORED',1867,NULL,'2026-07-12 22:07:12','2026-07-12 22:24:12','2026-07-12 22:07:12',NULL),
(835,'LPN-00000835',1,1,'PALLET','STORED',1868,NULL,'2026-07-12 22:07:13','2026-07-12 22:31:13','2026-07-12 22:07:13',NULL),
(836,'LPN-00000836',1,1,'PALLET','STORED',1869,NULL,'2026-07-12 22:07:14','2026-07-12 22:13:14','2026-07-12 22:07:14',NULL),
(837,'LPN-00000837',1,1,'PALLET','STORED',1870,NULL,'2026-07-12 22:07:15','2026-07-12 22:20:15','2026-07-12 22:07:15',NULL),
(838,'LPN-00000838',1,1,'PALLET','STORED',1871,NULL,'2026-07-12 22:07:17','2026-07-12 22:27:17','2026-07-12 22:07:17',NULL),
(839,'LPN-00000839',1,1,'PALLET','STORED',1872,NULL,'2026-07-12 22:07:18','2026-07-12 22:34:18','2026-07-12 22:07:18',NULL),
(840,'LPN-00000840',1,1,'PALLET','STORED',1873,NULL,'2026-07-12 22:07:19','2026-07-12 22:16:19','2026-07-12 22:07:19',NULL),
(841,'LPN-00000841',1,1,'PALLET','STORED',1874,NULL,'2026-07-12 22:07:20','2026-07-12 22:23:20','2026-07-12 22:07:20',NULL),
(842,'LPN-00000842',1,1,'PALLET','STORED',1875,NULL,'2026-07-12 22:07:21','2026-07-12 22:30:22','2026-07-12 22:07:22',NULL),
(843,'LPN-00000843',1,1,'PALLET','STORED',1876,NULL,'2026-07-12 22:07:23','2026-07-12 22:12:23','2026-07-12 22:07:23',NULL),
(844,'LPN-00000844',1,1,'PALLET','STORED',1877,NULL,'2026-07-12 22:07:24','2026-07-12 22:19:24','2026-07-12 22:07:24',NULL),
(845,'LPN-00000845',1,1,'PALLET','STORED',1878,NULL,'2026-07-12 22:07:25','2026-07-12 22:26:25','2026-07-12 22:07:25',NULL),
(846,'LPN-00000846',1,1,'PALLET','STORED',1879,NULL,'2026-07-12 22:07:26','2026-07-12 22:33:26','2026-07-12 22:07:26',NULL),
(847,'LPN-00000847',1,1,'PALLET','STORED',1880,NULL,'2026-07-12 22:07:28','2026-07-12 22:15:28','2026-07-12 22:07:28',NULL),
(848,'LPN-00000848',1,1,'PALLET','STORED',1881,NULL,'2026-07-12 22:07:29','2026-07-12 22:22:29','2026-07-12 22:07:29',NULL),
(849,'LPN-00000849',1,1,'PALLET','STORED',1882,NULL,'2026-07-12 22:07:30','2026-07-12 22:29:30','2026-07-12 22:07:30',NULL),
(850,'LPN-00000850',1,1,'PALLET','STORED',1051,NULL,'2026-07-12 22:07:31','2026-07-14 02:03:29','2026-07-12 22:07:31',NULL),
(851,'LPN-00000851',1,1,'PALLET','STORED',1051,NULL,'2026-07-13 12:10:16','2026-07-13 12:15:19','2026-07-13 12:11:49',NULL),
(852,'LPN-00000852',1,3,'PALLET','OPEN',NULL,NULL,'2026-07-12 19:55:46','2026-07-14 19:55:46',NULL,NULL),
(853,'LPN-00000853',1,3,'PALLET','CLOSED',NULL,NULL,'2026-07-13 19:55:46','2026-07-14 19:55:46','2026-07-13 20:15:46',NULL),
(854,'LPN-00000854',1,3,'PALLET','STORED',3,NULL,'2026-07-14 13:55:46','2026-07-14 19:55:46','2026-07-14 14:03:46',NULL),
(855,'LPN-00000855',1,1,'PALLET','OPEN',NULL,NULL,'2026-07-12 19:55:46','2026-07-14 19:55:46',NULL,NULL),
(856,'LPN-00000856',1,1,'PALLET','CLOSED',NULL,NULL,'2026-07-13 19:55:46','2026-07-14 19:55:46','2026-07-13 20:15:46',NULL),
(857,'LPN-00000857',1,1,'PALLET','STORED',1051,NULL,'2026-07-14 13:55:46','2026-07-14 19:55:46','2026-07-14 14:03:46',NULL),
(858,'LPN-00000858',1,1,'PALLET','OPEN',NULL,NULL,'2026-07-18 18:25:25','2026-07-18 18:25:25',NULL,NULL),
(859,'LPN-00000859',1,1,'PALLET','OPEN',NULL,NULL,'2026-07-18 18:25:47','2026-07-18 18:25:47',NULL,NULL);

--
-- Table structure for table `outbound_document_lines`
--

CREATE TABLE `outbound_document_lines` (
  `id` int(10) unsigned NOT NULL AUTO_INCREMENT,
  `document_id` int(10) unsigned NOT NULL,
  `line_num` int(11) NOT NULL,
  `sap_line_num` int(11) DEFAULT NULL COMMENT 'LineNum de SAP (BaseLine para el push-back de la DeliveryNote)',
  `item_id` int(10) unsigned NOT NULL,
  `presentation_id` int(10) unsigned DEFAULT NULL COMMENT 'Presentacion en la que el cliente hizo el pedido. requested_qty ya esta convertido a unidad base',
  `presentation_qty` decimal(15,4) DEFAULT NULL COMMENT 'Cantidad pedida en la presentacion original (antes de convertir a unidad base)',
  `batch_id` int(10) unsigned DEFAULT NULL COMMENT 'Asignado por FEFO al liberar/pickear',
  `from_bin_id` int(10) unsigned DEFAULT NULL,
  `requested_qty` decimal(15,4) NOT NULL,
  `picked_qty` decimal(15,4) NOT NULL DEFAULT 0.0000,
  `uom` varchar(20) NOT NULL DEFAULT 'UN',
  `status` enum('PENDING','IN_PROGRESS','PICKED','SHORT','CANCELLED') NOT NULL DEFAULT 'PENDING',
  `notes` varchar(255) DEFAULT NULL,
  `created_at` datetime NOT NULL DEFAULT current_timestamp(),
  `updated_at` datetime NOT NULL DEFAULT current_timestamp() ON UPDATE current_timestamp(),
  PRIMARY KEY (`id`),
  UNIQUE KEY `uq_outboundline` (`document_id`,`line_num`),
  KEY `idx_outboundline_item` (`item_id`),
  KEY `idx_outboundline_batch` (`batch_id`),
  KEY `fk_outboundline_bin` (`from_bin_id`),
  KEY `fk_outboundline_presentation` (`presentation_id`),
  CONSTRAINT `fk_outboundline_batch` FOREIGN KEY (`batch_id`) REFERENCES `batches` (`id`),
  CONSTRAINT `fk_outboundline_bin` FOREIGN KEY (`from_bin_id`) REFERENCES `bins` (`id`),
  CONSTRAINT `fk_outboundline_doc` FOREIGN KEY (`document_id`) REFERENCES `outbound_documents` (`id`),
  CONSTRAINT `fk_outboundline_item` FOREIGN KEY (`item_id`) REFERENCES `items` (`id`),
  CONSTRAINT `fk_outboundline_presentation` FOREIGN KEY (`presentation_id`) REFERENCES `item_presentations` (`id`)
) ENGINE=InnoDB AUTO_INCREMENT=31 DEFAULT CHARSET=utf8mb4 COLLATE=utf8mb4_unicode_ci;

--
-- Dumping data for table `outbound_document_lines`
--

INSERT INTO `outbound_document_lines` VALUES
(1,1,1,0,19,NULL,NULL,NULL,NULL,50.0000,50.0000,'UN','PICKED',NULL,'2026-07-12 16:33:56','2026-07-12 16:59:36'),
(2,1,2,1,21,NULL,NULL,NULL,NULL,100.0000,100.0000,'UN','PICKED',NULL,'2026-07-12 16:33:56','2026-07-12 17:00:33'),
(3,2,1,0,17,NULL,NULL,NULL,NULL,80.0000,80.0000,'UN','PICKED',NULL,'2026-07-12 20:48:35','2026-07-12 21:21:54'),
(4,2,2,1,11,NULL,NULL,NULL,NULL,150.0000,150.0000,'UN','PICKED',NULL,'2026-07-12 20:48:35','2026-07-13 00:09:17'),
(5,3,1,0,19,NULL,NULL,NULL,NULL,30.0000,30.0000,'UN','PICKED',NULL,'2026-07-12 21:22:07','2026-07-12 21:22:40'),
(6,4,1,0,21,NULL,NULL,NULL,NULL,40.0000,40.0000,'UN','PICKED',NULL,'2026-07-12 21:22:08','2026-07-12 21:22:40'),
(7,5,1,0,19,NULL,NULL,NULL,NULL,20.0000,20.0000,'UN','PICKED',NULL,'2026-07-12 21:22:08','2026-07-14 02:06:06'),
(8,5,2,1,21,NULL,NULL,NULL,NULL,20.0000,20.0000,'UN','PICKED',NULL,'2026-07-12 21:22:08','2026-07-14 02:06:28'),
(9,6,1,NULL,1,NULL,NULL,NULL,NULL,25.0000,25.0000,'UN','PICKED',NULL,'2026-07-13 00:06:15','2026-07-13 00:07:02'),
(10,7,1,0,28,NULL,NULL,NULL,NULL,200.0000,200.0000,'KG','PICKED',NULL,'2026-07-14 00:34:10','2026-07-14 03:35:22'),
(11,8,1,0,30,NULL,NULL,NULL,NULL,150.0000,0.0000,'KG','PENDING',NULL,'2026-07-14 00:36:49','2026-07-14 00:36:49'),
(12,9,1,0,11,NULL,NULL,NULL,NULL,5.0000,4.0000,'UN','SHORT',NULL,'2026-07-18 11:43:08','2026-07-18 11:45:01'),
(15,12,1,0,19,NULL,NULL,NULL,NULL,360.0000,0.0000,'UN','IN_PROGRESS',NULL,'2026-07-18 19:02:53','2026-07-18 19:23:02'),
(21,18,1,0,19,NULL,NULL,NULL,NULL,5.0000,0.0000,'UN','PENDING',NULL,'2026-07-18 20:41:01','2026-07-18 20:41:01'),
(27,23,1,0,19,38,2.0000,NULL,NULL,600.0000,0.0000,'UN','IN_PROGRESS',NULL,'2026-07-18 23:28:54','2026-07-18 23:29:52'),
(28,23,2,1,21,NULL,NULL,NULL,NULL,10.0000,0.0000,'UN','IN_PROGRESS',NULL,'2026-07-18 23:28:54','2026-07-18 23:29:52');

--
-- Table structure for table `outbound_documents`
--

CREATE TABLE `outbound_documents` (
  `id` int(10) unsigned NOT NULL AUTO_INCREMENT,
  `company_id` int(10) unsigned NOT NULL,
  `customer_id` int(10) unsigned DEFAULT NULL,
  `supplier_id` int(10) unsigned DEFAULT NULL COMMENT 'Solo Devolucion a Proveedores: a que proveedor vuelve la mercaderia',
  `warehouse_id` int(10) unsigned NOT NULL,
  `doc_number` varchar(30) NOT NULL,
  `client_reference` varchar(100) DEFAULT NULL,
  `external_system` varchar(30) DEFAULT NULL,
  `external_doc_number` varchar(40) DEFAULT NULL,
  `external_user` varchar(60) DEFAULT NULL,
  `source_channel` enum('API','FILE_UPLOAD','MANUAL') NOT NULL DEFAULT 'MANUAL',
  `source_reference` varchar(255) DEFAULT NULL,
  `sap_doc_type` enum('SalesOrder','InventoryTransferRequest','PurchaseCreditNote','PurchaseReturnRequest') DEFAULT NULL,
  `sap_doc_entry` int(11) DEFAULT NULL COMMENT 'DocEntry de la OV en SAP',
  `sap_doc_num` int(11) DEFAULT NULL,
  `sap_to_warehouse_code` varchar(20) DEFAULT NULL COMMENT 'Solo ST de salida: codigo SAP del almacen destino (externo, sin fila local)',
  `sap_delivery_entry` int(11) DEFAULT NULL COMMENT 'DocEntry de la DeliveryNote posteada a SAP al despachar',
  `sap_delivery_num` int(11) DEFAULT NULL,
  `sap_credit_note_entry` int(11) DEFAULT NULL COMMENT 'DocEntry de la Nota de Credito de Compras / Devolucion de Mercaderia creada en SAP al confirmar la salida fisica',
  `sap_credit_note_num` int(11) DEFAULT NULL,
  `sap_transfer_entry` int(11) DEFAULT NULL COMMENT 'DocEntry del StockTransfer confirmado a SAP al despachar (solo ST de salida)',
  `sap_transfer_num` int(11) DEFAULT NULL,
  `status` enum('DRAFT','OPEN','IN_PROGRESS','COMPLETED','CANCELLED') NOT NULL DEFAULT 'OPEN',
  `requested_ship_date` date DEFAULT NULL,
  `carrier_name` varchar(100) DEFAULT NULL,
  `driver_name` varchar(100) DEFAULT NULL,
  `vehicle_plate` varchar(20) DEFAULT NULL,
  `dispatched_at` datetime DEFAULT NULL,
  `notes` text DEFAULT NULL,
  `created_at` datetime NOT NULL DEFAULT current_timestamp(),
  `updated_at` datetime NOT NULL DEFAULT current_timestamp() ON UPDATE current_timestamp(),
  `created_by` int(10) unsigned DEFAULT NULL,
  `target_dispatch_date` date DEFAULT NULL COMMENT 'Fecha operativa objetivo -- copia de requested_ship_date si vino de SAP, o calculada por el corte horario si no vino nada',
  `is_urgent` tinyint(1) NOT NULL DEFAULT 0 COMMENT 'Salta al frente de la cola de picking aunque la ola este activa',
  PRIMARY KEY (`id`),
  UNIQUE KEY `uq_outbound_docnum` (`doc_number`),
  UNIQUE KEY `uq_outbound_sap_doc` (`company_id`,`sap_doc_type`,`sap_doc_entry`),
  KEY `idx_outbound_company` (`company_id`),
  KEY `idx_outbound_status` (`status`),
  KEY `fk_outbound_warehouse` (`warehouse_id`),
  KEY `fk_outbound_customer` (`customer_id`),
  KEY `fk_outbound_documents_supplier` (`supplier_id`),
  CONSTRAINT `fk_outbound_company` FOREIGN KEY (`company_id`) REFERENCES `companies` (`id`),
  CONSTRAINT `fk_outbound_customer` FOREIGN KEY (`customer_id`) REFERENCES `customers` (`id`),
  CONSTRAINT `fk_outbound_documents_supplier` FOREIGN KEY (`supplier_id`) REFERENCES `suppliers` (`id`),
  CONSTRAINT `fk_outbound_warehouse` FOREIGN KEY (`warehouse_id`) REFERENCES `warehouses` (`id`)
) ENGINE=InnoDB AUTO_INCREMENT=26 DEFAULT CHARSET=utf8mb4 COLLATE=utf8mb4_unicode_ci COMMENT='Pedido de despacho. dispatched_at + carrier/driver/plate alimentan la confirmacion que se le manda al cliente';

--
-- Dumping data for table `outbound_documents`
--

INSERT INTO `outbound_documents` VALUES
(1,1,5,NULL,1,'OUT-00000001','OV 7001',NULL,NULL,NULL,'API','SAP Order 7001','SalesOrder',7001,7001,NULL,9138,9550,NULL,NULL,NULL,NULL,'COMPLETED',NULL,NULL,'Carlos Benítez','CIM-001','2026-07-12 17:06:25',NULL,'2026-07-12 16:33:56','2026-07-13 03:04:18',NULL,NULL,0),
(2,1,14,NULL,1,'OUT-00000002','OV 7002',NULL,NULL,NULL,'API','SAP Order 7002','SalesOrder',7002,7002,NULL,9007,9115,NULL,NULL,NULL,NULL,'COMPLETED','2026-07-14',NULL,'Miguel Ángel Duarte','CIM-002','2026-07-13 00:10:09',NULL,'2026-07-12 20:48:35','2026-07-13 00:10:09',NULL,NULL,0),
(3,1,1,NULL,1,'OUT-00000003','OV 7003',NULL,NULL,NULL,'API','SAP Order 7003','SalesOrder',7003,7003,NULL,9691,9177,NULL,NULL,NULL,NULL,'COMPLETED','2026-07-10',NULL,'Carlos Benítez','CIM-001','2026-07-12 21:24:23',NULL,'2026-07-12 21:22:07','2026-07-13 03:04:18',NULL,NULL,0),
(4,1,5,NULL,1,'OUT-00000004','OV 7004',NULL,NULL,NULL,'API','SAP Order 7004','SalesOrder',7004,7004,NULL,9673,9201,NULL,NULL,NULL,NULL,'COMPLETED','2026-07-18',NULL,'Carlos Benítez','CIM-001','2026-07-12 21:24:23',NULL,'2026-07-12 21:22:08','2026-07-13 03:04:18',NULL,NULL,0),
(5,1,14,NULL,1,'OUT-00000005','OV 7005',NULL,NULL,NULL,'API','SAP Order 7005','SalesOrder',7005,7005,NULL,9788,9938,NULL,NULL,NULL,NULL,'COMPLETED','2026-07-14',NULL,'Fernando Gómez','CIM-003','2026-07-14 02:09:34',NULL,'2026-07-12 21:22:08','2026-07-14 02:09:34',NULL,NULL,0),
(6,1,NULL,NULL,1,'OUT-00000006','ST-SALIDA OUT-00000006',NULL,NULL,NULL,'MANUAL','Creada en XPERT_SAPB1','InventoryTransferRequest',9731,9952,'ENVASADO-EXT',NULL,NULL,NULL,NULL,9889,9622,'COMPLETED','2026-07-15',NULL,'Carlos Benítez','CIM-001','2026-07-13 00:08:06','Prueba circuito ST salida','2026-07-13 00:06:15','2026-07-13 00:08:06',NULL,NULL,0),
(7,1,NULL,1,1,'OUT-00000007','Nota de Crédito de Compras 8001',NULL,NULL,NULL,'API','SAP Nota de Crédito de Compras 8001 (base OC 5601)','PurchaseCreditNote',8001,8001,NULL,NULL,NULL,9271,9859,NULL,NULL,'COMPLETED',NULL,NULL,'Carlos Benítez','CIM-001','2026-07-14 00:36:24',NULL,'2026-07-14 00:34:10','2026-07-14 00:36:24',NULL,NULL,0),
(8,1,NULL,2,1,'OUT-00000008','Devolución de Mercadería 8101',NULL,NULL,NULL,'API','SAP Devolución de Mercadería 8101 (base OC 5602)','PurchaseReturnRequest',8101,8101,NULL,NULL,NULL,NULL,NULL,NULL,NULL,'OPEN',NULL,NULL,NULL,NULL,NULL,NULL,'2026-07-14 00:36:49','2026-07-14 00:36:49',NULL,NULL,0),
(9,1,NULL,NULL,1,'OUT-00000009','OV 9500',NULL,NULL,NULL,'API','SAP Order 9500',NULL,9500,9500,NULL,9665,9061,NULL,NULL,NULL,NULL,'COMPLETED','2026-07-21',NULL,'Carlos Benítez','CIM-001','2026-07-19 01:15:06',NULL,'2026-07-18 11:43:08','2026-07-19 01:15:06',NULL,NULL,0),
(12,1,NULL,NULL,1,'OUT-00000010','OV 9501',NULL,NULL,NULL,'API','SAP Order 9501',NULL,9501,9501,NULL,NULL,NULL,NULL,NULL,NULL,NULL,'IN_PROGRESS','2026-07-21',NULL,NULL,NULL,NULL,NULL,'2026-07-18 19:02:53','2026-07-18 19:23:02',NULL,NULL,0),
(18,1,1,NULL,1,'OUT-00000012','OV 9503',NULL,NULL,NULL,'API','SAP Order 9503',NULL,9503,9503,NULL,NULL,NULL,NULL,NULL,NULL,NULL,'OPEN',NULL,NULL,NULL,NULL,NULL,NULL,'2026-07-18 20:41:01','2026-07-18 20:49:33',NULL,'2026-07-19',0),
(23,1,5,NULL,1,'OUT-00000015','OV 7006',NULL,NULL,NULL,'API','SAP Order 7006',NULL,7006,7006,NULL,NULL,NULL,NULL,NULL,NULL,NULL,'IN_PROGRESS','2026-07-22',NULL,NULL,NULL,NULL,NULL,'2026-07-18 23:28:54','2026-07-18 23:29:52',NULL,'2026-07-22',0);

--
-- Table structure for table `packing_orders`
--

CREATE TABLE `packing_orders` (
  `id` int(10) unsigned NOT NULL AUTO_INCREMENT,
  `document_id` int(10) unsigned NOT NULL COMMENT '1:1 con outbound_documents',
  `pack_number` varchar(30) NOT NULL,
  `warehouse_id` int(10) unsigned NOT NULL COMMENT 'Denormalizado desde outbound_documents.warehouse_id',
  `status` enum('OPEN','IN_PROGRESS','COMPLETED','CANCELLED') NOT NULL DEFAULT 'OPEN',
  `bulto_count` int(10) unsigned DEFAULT NULL,
  `notes` text DEFAULT NULL,
  `completed_at` datetime DEFAULT NULL,
  `created_at` datetime NOT NULL DEFAULT current_timestamp(),
  `updated_at` datetime NOT NULL DEFAULT current_timestamp() ON UPDATE current_timestamp(),
  `created_by` int(10) unsigned DEFAULT NULL,
  PRIMARY KEY (`id`),
  UNIQUE KEY `uq_packing_docnum` (`pack_number`),
  UNIQUE KEY `uq_packing_document` (`document_id`),
  KEY `fk_packing_warehouse` (`warehouse_id`),
  CONSTRAINT `fk_packing_document` FOREIGN KEY (`document_id`) REFERENCES `outbound_documents` (`id`),
  CONSTRAINT `fk_packing_warehouse` FOREIGN KEY (`warehouse_id`) REFERENCES `warehouses` (`id`)
) ENGINE=InnoDB AUTO_INCREMENT=11 DEFAULT CHARSET=utf8mb4 COLLATE=utf8mb4_unicode_ci COMMENT='1 orden de packing por documento de egreso (no hay consolidacion multi-cliente en este proyecto)';

--
-- Dumping data for table `packing_orders`
--

INSERT INTO `packing_orders` VALUES
(1,1,'PACK-00000001',1,'COMPLETED',2,NULL,'2026-07-12 17:05:17','2026-07-12 17:00:33','2026-07-12 17:05:17',NULL),
(2,3,'PACK-00000002',1,'COMPLETED',1,NULL,'2026-07-12 21:23:32','2026-07-12 21:22:40','2026-07-12 21:23:32',NULL),
(3,4,'PACK-00000003',1,'COMPLETED',1,NULL,'2026-07-12 21:23:32','2026-07-12 21:22:40','2026-07-12 21:23:32',NULL),
(4,6,'PACK-00000004',1,'COMPLETED',1,NULL,'2026-07-13 00:07:29','2026-07-13 00:07:02','2026-07-13 00:07:29',NULL),
(5,2,'PACK-00000005',1,'COMPLETED',1,NULL,'2026-07-13 00:09:48','2026-07-13 00:09:17','2026-07-13 00:09:48',NULL),
(6,7,'PACK-TEST-7',1,'COMPLETED',1,NULL,'2026-07-14 03:35:22','2026-07-14 03:35:22','2026-07-14 03:35:22',NULL),
(7,5,'PACK-00000006',1,'COMPLETED',3,NULL,'2026-07-14 02:08:33','2026-07-14 02:06:28','2026-07-14 02:08:33',NULL),
(8,9,'PACK-00000007',1,'COMPLETED',2,NULL,'2026-07-19 01:14:23','2026-07-18 11:45:01','2026-07-19 01:14:23',NULL);

--
-- Table structure for table `recall_results`
--

CREATE TABLE `recall_results` (
  `id` int(10) unsigned NOT NULL AUTO_INCREMENT,
  `recall_id` int(10) unsigned NOT NULL,
  `source` enum('STOCK_ON_HAND','DISPATCHED') NOT NULL,
  `batch_id` int(10) unsigned DEFAULT NULL COMMENT 'Que lote puntual cubre esta fila (util cuando el recall es de todo el item)',
  `bin_id` int(10) unsigned DEFAULT NULL COMMENT 'Solo para source=STOCK_ON_HAND',
  `outbound_document_id` int(10) unsigned DEFAULT NULL COMMENT 'Solo para source=DISPATCHED',
  `customer_id` int(10) unsigned DEFAULT NULL COMMENT 'Solo para source=DISPATCHED',
  `quantity` decimal(15,4) NOT NULL,
  `generated_at` datetime NOT NULL DEFAULT current_timestamp(),
  PRIMARY KEY (`id`),
  KEY `idx_recallresults_recall` (`recall_id`),
  KEY `idx_recallresults_source` (`source`),
  KEY `fk_recallresults_batch` (`batch_id`),
  KEY `fk_recallresults_bin` (`bin_id`),
  KEY `fk_recallresults_outbound` (`outbound_document_id`),
  KEY `fk_recallresults_customer` (`customer_id`),
  CONSTRAINT `fk_recallresults_batch` FOREIGN KEY (`batch_id`) REFERENCES `batches` (`id`),
  CONSTRAINT `fk_recallresults_bin` FOREIGN KEY (`bin_id`) REFERENCES `bins` (`id`),
  CONSTRAINT `fk_recallresults_customer` FOREIGN KEY (`customer_id`) REFERENCES `customers` (`id`),
  CONSTRAINT `fk_recallresults_outbound` FOREIGN KEY (`outbound_document_id`) REFERENCES `outbound_documents` (`id`),
  CONSTRAINT `fk_recallresults_recall` FOREIGN KEY (`recall_id`) REFERENCES `recalls` (`id`)
) ENGINE=InnoDB AUTO_INCREMENT=2 DEFAULT CHARSET=utf8mb4 COLLATE=utf8mb4_unicode_ci COMMENT='Calculado automaticamente al abrir el recall, no editable a mano';

--
-- Dumping data for table `recall_results`
--

INSERT INTO `recall_results` VALUES
(1,1,'STOCK_ON_HAND',1,41,NULL,NULL,5000.0000,'2026-07-19 17:08:06');

--
-- Table structure for table `recalls`
--

CREATE TABLE `recalls` (
  `id` int(10) unsigned NOT NULL AUTO_INCREMENT,
  `company_id` int(10) unsigned NOT NULL,
  `item_id` int(10) unsigned NOT NULL,
  `batch_id` int(10) unsigned DEFAULT NULL COMMENT 'NULL = recall de todo el item, sin importar el lote',
  `reason` text NOT NULL,
  `status` enum('OPEN','IN_PROGRESS','CLOSED') NOT NULL DEFAULT 'OPEN',
  `initiated_by` int(10) unsigned DEFAULT NULL,
  `initiated_at` datetime NOT NULL DEFAULT current_timestamp(),
  `closed_at` datetime DEFAULT NULL,
  `released_at` datetime DEFAULT NULL,
  `released_by` int(10) unsigned DEFAULT NULL,
  `release_reason` varchar(255) DEFAULT NULL COMMENT 'Motivo de la liberacion: lote/item equivocado, problema descartado, corregido, etc.',
  PRIMARY KEY (`id`),
  KEY `idx_recalls_company` (`company_id`),
  KEY `idx_recalls_item` (`item_id`),
  KEY `idx_recalls_status` (`status`),
  KEY `fk_recalls_batch` (`batch_id`),
  KEY `fk_recalls_released_by` (`released_by`),
  CONSTRAINT `fk_recalls_batch` FOREIGN KEY (`batch_id`) REFERENCES `batches` (`id`),
  CONSTRAINT `fk_recalls_company` FOREIGN KEY (`company_id`) REFERENCES `companies` (`id`),
  CONSTRAINT `fk_recalls_item` FOREIGN KEY (`item_id`) REFERENCES `items` (`id`),
  CONSTRAINT `fk_recalls_released_by` FOREIGN KEY (`released_by`) REFERENCES `users` (`id`)
) ENGINE=InnoDB AUTO_INCREMENT=2 DEFAULT CHARSET=utf8mb4 COLLATE=utf8mb4_unicode_ci;

--
-- Dumping data for table `recalls`
--

INSERT INTO `recalls` VALUES
(1,1,28,1,'Prueba de bloqueo automatico y origen','CLOSED',1,'2026-07-19 17:08:06','2026-07-19 17:08:55','2026-07-19 17:29:33',1,'Prueba: verificado con control de calidad, no habia problema real');

--
-- Table structure for table `role_permissions`
--

CREATE TABLE `role_permissions` (
  `id` int(10) unsigned NOT NULL AUTO_INCREMENT,
  `role_code` varchar(30) NOT NULL,
  `permission_type` enum('MENU','ACTION') NOT NULL,
  `permission_key` varchar(60) NOT NULL,
  `allowed` tinyint(1) NOT NULL DEFAULT 0,
  `updated_at` datetime NOT NULL DEFAULT current_timestamp() ON UPDATE current_timestamp(),
  `updated_by` int(10) unsigned DEFAULT NULL,
  PRIMARY KEY (`id`),
  UNIQUE KEY `uq_role_permission` (`role_code`,`permission_type`,`permission_key`),
  KEY `fk_role_permissions_user` (`updated_by`),
  CONSTRAINT `fk_role_permissions_role` FOREIGN KEY (`role_code`) REFERENCES `roles` (`code`),
  CONSTRAINT `fk_role_permissions_user` FOREIGN KEY (`updated_by`) REFERENCES `users` (`id`)
) ENGINE=InnoDB AUTO_INCREMENT=79 DEFAULT CHARSET=utf8mb4 COLLATE=utf8mb4_unicode_ci COMMENT='Accesos de menu y autorizacion de acciones por rol -- ver src/config/permission_registry.php';

--
-- Dumping data for table `role_permissions`
--

INSERT INTO `role_permissions` VALUES
(1,'supervisor','MENU','inbound',1,'2026-07-14 20:51:20',NULL),
(2,'supervisor','MENU','classification',1,'2026-07-14 20:51:20',NULL),
(3,'supervisor','MENU','stock',1,'2026-07-14 20:51:20',NULL),
(4,'supervisor','MENU','lpn-tracking',1,'2026-07-14 20:51:20',NULL),
(5,'supervisor','MENU','outbound',1,'2026-07-14 20:51:20',NULL),
(6,'supervisor','MENU','packing',1,'2026-07-14 20:51:20',NULL),
(7,'supervisor','MENU','dispatch',1,'2026-07-14 20:51:20',NULL),
(8,'supervisor','MENU','outbound-transfer',1,'2026-07-14 20:51:20',NULL),
(9,'supervisor','MENU','tasks',1,'2026-07-14 20:51:20',NULL),
(10,'supervisor','MENU','task-monitor',1,'2026-07-14 20:51:20',NULL),
(11,'supervisor','MENU','doc-tracking',1,'2026-07-14 20:51:20',NULL),
(12,'supervisor','MENU','warehouse-map',1,'2026-07-14 20:51:20',NULL),
(13,'supervisor','MENU','batches',1,'2026-07-14 20:51:20',NULL),
(14,'supervisor','MENU','stock-counts',1,'2026-07-14 20:51:20',NULL),
(15,'supervisor','MENU','inventory-reconciliation',1,'2026-07-14 20:51:20',NULL),
(16,'supervisor','MENU','traceability',1,'2026-07-14 20:51:20',NULL),
(17,'supervisor','MENU','recalls',1,'2026-07-14 20:51:20',NULL),
(18,'supervisor','MENU','reports-productivity',1,'2026-07-14 20:51:20',NULL),
(19,'supervisor','MENU','reports-service-level',1,'2026-07-14 20:51:20',NULL),
(20,'supervisor','MENU','reports-expiry',1,'2026-07-14 20:51:20',NULL),
(21,'supervisor','MENU','indicators-receiving',1,'2026-07-14 20:51:20',NULL),
(22,'supervisor','MENU','indicators-storage',1,'2026-07-14 20:51:20',NULL),
(23,'supervisor','MENU','indicators-outbound',1,'2026-07-14 20:51:20',NULL),
(24,'supervisor','MENU','indicators-productivity',1,'2026-07-14 20:51:20',NULL),
(25,'supervisor','MENU','warehouses',1,'2026-07-14 20:51:20',NULL),
(26,'supervisor','MENU','bins',1,'2026-07-14 20:51:20',NULL),
(27,'supervisor','MENU','vehicles',1,'2026-07-14 20:51:20',NULL),
(28,'supervisor','MENU','drivers',1,'2026-07-14 20:51:20',NULL),
(29,'supervisor','MENU','audit-log',1,'2026-07-14 20:51:20',NULL),
(30,'supervisor','MENU','tv-wall-admin',1,'2026-07-14 20:51:20',NULL),
(31,'op_recepcion','MENU','inbound',1,'2026-07-14 20:51:20',NULL),
(32,'op_recepcion','MENU','classification',1,'2026-07-14 20:51:20',NULL),
(33,'op_recepcion','MENU','stock',1,'2026-07-14 20:51:20',NULL),
(34,'op_recepcion','MENU','doc-tracking',1,'2026-07-14 20:51:20',NULL),
(35,'op_recepcion','MENU','indicators-receiving',1,'2026-07-14 20:51:20',NULL),
(36,'op_almacen','MENU','classification',1,'2026-07-14 20:51:20',NULL),
(37,'op_almacen','MENU','stock',1,'2026-07-14 20:51:20',NULL),
(38,'op_almacen','MENU','lpn-tracking',1,'2026-07-14 20:51:20',NULL),
(39,'op_almacen','MENU','tasks',1,'2026-07-14 20:51:20',NULL),
(40,'op_almacen','MENU','task-monitor',1,'2026-07-14 20:51:20',NULL),
(41,'op_almacen','MENU','warehouse-map',1,'2026-07-14 20:51:20',NULL),
(42,'op_almacen','MENU','doc-tracking',1,'2026-07-14 20:51:20',NULL),
(43,'op_almacen','MENU','indicators-storage',1,'2026-07-14 20:51:20',NULL),
(44,'op_picking','MENU','outbound',1,'2026-07-14 20:51:20',NULL),
(45,'op_picking','MENU','tasks',1,'2026-07-14 20:51:20',NULL),
(46,'op_picking','MENU','task-monitor',1,'2026-07-14 20:51:20',NULL),
(47,'op_picking','MENU','indicators-outbound',1,'2026-07-14 20:51:20',NULL),
(48,'op_packing','MENU','packing',1,'2026-07-14 20:51:20',NULL),
(49,'op_packing','MENU','tasks',1,'2026-07-14 20:51:20',NULL),
(50,'op_packing','MENU','task-monitor',1,'2026-07-14 20:51:20',NULL),
(51,'op_despacho','MENU','dispatch',1,'2026-07-14 20:51:20',NULL),
(52,'op_despacho','MENU','outbound-transfer',1,'2026-07-14 20:51:20',NULL),
(53,'op_despacho','MENU','doc-tracking',1,'2026-07-14 20:51:20',NULL),
(54,'op_despacho','MENU','indicators-outbound',1,'2026-07-14 20:51:20',NULL),
(55,'viewer','MENU','reports-productivity',1,'2026-07-14 20:51:20',NULL),
(56,'viewer','MENU','reports-service-level',1,'2026-07-14 20:51:20',NULL),
(57,'viewer','MENU','reports-expiry',1,'2026-07-14 20:51:20',NULL),
(58,'viewer','MENU','indicators-receiving',1,'2026-07-14 20:51:20',NULL),
(59,'viewer','MENU','indicators-storage',1,'2026-07-14 20:51:20',NULL),
(60,'viewer','MENU','indicators-outbound',1,'2026-07-14 20:51:20',NULL),
(61,'viewer','MENU','indicators-productivity',1,'2026-07-14 20:51:20',NULL),
(62,'supervisor','ACTION','inbound.cancel_document',1,'2026-07-14 20:51:20',NULL),
(63,'supervisor','ACTION','inbound.force_close',1,'2026-07-14 20:51:20',NULL),
(64,'supervisor','ACTION','stock.release_qa',1,'2026-07-14 20:51:20',NULL),
(65,'supervisor','ACTION','lpn.remove_stock',1,'2026-07-14 20:51:20',NULL),
(66,'supervisor','ACTION','outbound.release_to_picking',1,'2026-07-14 20:51:20',NULL),
(67,'supervisor','ACTION','outbound.cancel',1,'2026-07-14 20:51:20',NULL),
(68,'supervisor','ACTION','outbound.cancel_remaining_lines',1,'2026-07-14 20:51:20',NULL),
(69,'supervisor','ACTION','dispatch.cancel_trip',1,'2026-07-14 20:51:20',NULL),
(70,'supervisor','ACTION','dispatch.remove_document',1,'2026-07-14 20:51:20',NULL),
(71,'supervisor','ACTION','dispatch.depart',1,'2026-07-14 20:51:20',NULL),
(72,'supervisor','ACTION','stock_count.approve',1,'2026-07-14 20:51:20',NULL),
(73,'supervisor','ACTION','stock_count.reject',1,'2026-07-14 20:51:20',NULL),
(74,'op_despacho','ACTION','dispatch.depart',1,'2026-07-14 20:51:20',NULL),
(75,'op_almacen','ACTION','outbound.release_to_picking',1,'2026-07-14 20:51:20',NULL),
(76,'op_recepcion','ACTION','inbound.cancel_document',1,'2026-07-14 20:51:20',NULL),
(77,'supervisor','ACTION','outbound.authorize_shelf_life_exception',0,'2026-07-19 00:46:49',1);

--
-- Table structure for table `roles`
--

CREATE TABLE `roles` (
  `code` varchar(30) NOT NULL,
  `name` varchar(100) NOT NULL,
  `description` varchar(255) DEFAULT NULL,
  `is_system` tinyint(1) NOT NULL DEFAULT 0,
  `is_active` tinyint(1) NOT NULL DEFAULT 1,
  PRIMARY KEY (`code`)
) ENGINE=InnoDB DEFAULT CHARSET=utf8mb4 COLLATE=utf8mb4_unicode_ci;

--
-- Dumping data for table `roles`
--

INSERT INTO `roles` VALUES
('admin','Administrador',NULL,1,1),
('op_almacen','Operador de Almacen',NULL,0,1),
('op_despacho','Operador de Despacho',NULL,0,1),
('op_packing','Operador de Packing',NULL,0,1),
('op_picking','Operador de Picking',NULL,0,1),
('op_recepcion','Operador de Recepcion',NULL,0,1),
('supervisor','Supervisor de Deposito',NULL,0,1),
('viewer','Solo Lectura',NULL,0,1);

--
-- Table structure for table `sap_sync_log`
--

CREATE TABLE `sap_sync_log` (
  `id` int(10) unsigned NOT NULL AUTO_INCREMENT,
  `sync_type` enum('MASTER_ITEMS','MASTER_WAREHOUSES','MASTER_BP','MASTER_CATEGORIES','DOC_INBOUND','DOC_OUTBOUND','DOC_ADJUSTMENT','DOC_RETURN','DOC_VENDOR_RETURN') NOT NULL,
  `direction` enum('SAP_TO_WMS','WMS_TO_SAP') NOT NULL DEFAULT 'SAP_TO_WMS',
  `status` enum('PENDING','SUCCESS','ERROR','RETRY','WARN') NOT NULL DEFAULT 'PENDING',
  `retry_count` smallint(5) unsigned NOT NULL DEFAULT 0,
  `max_retries` smallint(5) unsigned NOT NULL DEFAULT 3,
  `next_retry_at` datetime DEFAULT NULL,
  `records_processed` int(10) unsigned NOT NULL DEFAULT 0,
  `records_failed` int(10) unsigned NOT NULL DEFAULT 0,
  `request_payload` longtext DEFAULT NULL,
  `response_payload` longtext DEFAULT NULL,
  `error_message` text DEFAULT NULL,
  `triggered_by` int(10) unsigned DEFAULT NULL COMMENT 'Usuario que disparo la sincronizacion manual',
  `created_at` datetime NOT NULL DEFAULT current_timestamp(),
  `updated_at` datetime NOT NULL DEFAULT current_timestamp() ON UPDATE current_timestamp(),
  PRIMARY KEY (`id`),
  KEY `idx_syncLog_type_status` (`sync_type`,`status`),
  KEY `idx_syncLog_created` (`created_at`)
) ENGINE=InnoDB AUTO_INCREMENT=93 DEFAULT CHARSET=utf8mb4 COLLATE=utf8mb4_unicode_ci COMMENT='Historial y cola de reintentos de cada corrida de sincronizacion con SAP B1';

--
-- Dumping data for table `sap_sync_log`
--

INSERT INTO `sap_sync_log` VALUES
(1,'DOC_INBOUND','SAP_TO_WMS','SUCCESS',0,3,NULL,1,0,NULL,NULL,NULL,1,'2026-07-12 12:54:49','2026-07-12 12:54:49'),
(2,'DOC_INBOUND','WMS_TO_SAP','SUCCESS',0,3,NULL,1,0,NULL,'{\"DocEntry\":9827,\"DocNum\":9461}',NULL,1,'2026-07-12 12:54:50','2026-07-12 12:54:50'),
(3,'DOC_INBOUND','SAP_TO_WMS','SUCCESS',0,3,NULL,1,0,NULL,NULL,NULL,1,'2026-07-12 12:54:50','2026-07-12 12:54:50'),
(4,'DOC_INBOUND','WMS_TO_SAP','SUCCESS',0,3,NULL,1,0,NULL,'{\"DocEntry\":9003,\"DocNum\":9954}',NULL,1,'2026-07-12 12:54:51','2026-07-12 12:54:51'),
(5,'DOC_INBOUND','SAP_TO_WMS','SUCCESS',0,3,NULL,1,0,NULL,NULL,NULL,1,'2026-07-12 12:54:51','2026-07-12 12:54:51'),
(6,'DOC_INBOUND','WMS_TO_SAP','SUCCESS',0,3,NULL,1,0,NULL,'{\"DocEntry\":9772,\"DocNum\":9252}',NULL,1,'2026-07-12 12:54:51','2026-07-12 12:54:51'),
(7,'DOC_INBOUND','SAP_TO_WMS','SUCCESS',0,3,NULL,1,0,NULL,NULL,NULL,1,'2026-07-12 12:54:51','2026-07-12 12:54:51'),
(8,'DOC_INBOUND','WMS_TO_SAP','SUCCESS',0,3,NULL,1,0,NULL,'{\"DocEntry\":9166,\"DocNum\":9298}',NULL,1,'2026-07-12 12:54:51','2026-07-12 12:54:51'),
(9,'DOC_INBOUND','SAP_TO_WMS','SUCCESS',0,3,NULL,1,0,NULL,NULL,NULL,1,'2026-07-12 12:54:51','2026-07-12 12:54:51'),
(10,'DOC_INBOUND','WMS_TO_SAP','SUCCESS',0,3,NULL,1,0,NULL,'{\"DocEntry\":9500,\"DocNum\":9148}',NULL,1,'2026-07-12 12:54:51','2026-07-12 12:54:51'),
(11,'DOC_INBOUND','SAP_TO_WMS','SUCCESS',0,3,NULL,1,0,NULL,NULL,NULL,1,'2026-07-12 12:54:51','2026-07-12 12:54:51'),
(12,'DOC_INBOUND','WMS_TO_SAP','SUCCESS',0,3,NULL,1,0,NULL,'{\"DocEntry\":9734,\"DocNum\":9477}',NULL,1,'2026-07-12 12:54:52','2026-07-12 12:54:52'),
(13,'DOC_INBOUND','SAP_TO_WMS','SUCCESS',0,3,NULL,1,0,NULL,NULL,NULL,1,'2026-07-12 12:54:52','2026-07-12 12:54:52'),
(14,'DOC_INBOUND','WMS_TO_SAP','SUCCESS',0,3,NULL,1,0,NULL,'{\"DocEntry\":9966,\"DocNum\":9598}',NULL,1,'2026-07-12 12:54:54','2026-07-12 12:54:55'),
(15,'DOC_INBOUND','SAP_TO_WMS','SUCCESS',0,3,NULL,1,0,NULL,NULL,NULL,1,'2026-07-12 12:54:55','2026-07-12 12:54:55'),
(16,'DOC_INBOUND','WMS_TO_SAP','SUCCESS',0,3,NULL,1,0,NULL,'{\"DocEntry\":9704,\"DocNum\":9648}',NULL,1,'2026-07-12 12:54:57','2026-07-12 12:54:57'),
(17,'DOC_INBOUND','SAP_TO_WMS','SUCCESS',0,3,NULL,1,0,NULL,NULL,NULL,1,'2026-07-12 12:54:57','2026-07-12 12:54:58'),
(18,'DOC_INBOUND','WMS_TO_SAP','SUCCESS',0,3,NULL,1,0,NULL,'{\"DocEntry\":9710,\"DocNum\":9746}',NULL,1,'2026-07-12 12:55:00','2026-07-12 12:55:00'),
(19,'DOC_INBOUND','SAP_TO_WMS','SUCCESS',0,3,NULL,1,0,NULL,NULL,NULL,1,'2026-07-12 12:55:00','2026-07-12 12:55:00'),
(20,'DOC_INBOUND','WMS_TO_SAP','SUCCESS',0,3,NULL,1,0,NULL,'{\"DocEntry\":9838,\"DocNum\":9245}',NULL,1,'2026-07-12 12:55:02','2026-07-12 12:55:02'),
(21,'DOC_INBOUND','SAP_TO_WMS','SUCCESS',0,3,NULL,1,0,NULL,NULL,NULL,1,'2026-07-12 15:34:29','2026-07-12 15:34:29'),
(22,'DOC_INBOUND','WMS_TO_SAP','SUCCESS',0,3,NULL,1,0,NULL,'{\"DocEntry\":9443,\"DocNum\":9311}',NULL,1,'2026-07-12 15:40:35','2026-07-12 15:40:35'),
(23,'DOC_OUTBOUND','SAP_TO_WMS','SUCCESS',0,3,NULL,1,0,NULL,NULL,NULL,1,'2026-07-12 16:33:56','2026-07-12 16:33:56'),
(24,'DOC_OUTBOUND','WMS_TO_SAP','SUCCESS',0,3,NULL,1,0,NULL,'{\"DocEntry\":9138,\"DocNum\":9550}',NULL,1,'2026-07-12 17:06:25','2026-07-12 17:06:25'),
(25,'MASTER_ITEMS','WMS_TO_SAP','SUCCESS',0,3,NULL,1,0,NULL,'[]',NULL,1,'2026-07-12 17:54:53','2026-07-12 17:54:53'),
(26,'MASTER_ITEMS','WMS_TO_SAP','SUCCESS',0,3,NULL,1,0,NULL,'{\"ItemCode\":\"TEST-GOV-001\",\"ItemName\":\"Item de prueba gobernanza\",\"BarCode\":null,\"InventoryUOM\":\"UN\",\"ManageBatchNumbers\":\"tNO\",\"ManageSerialNumbers\":\"tNO\"}',NULL,1,'2026-07-12 17:55:12','2026-07-12 17:55:12'),
(27,'DOC_OUTBOUND','SAP_TO_WMS','SUCCESS',0,3,NULL,1,0,NULL,NULL,NULL,1,'2026-07-12 20:48:35','2026-07-12 20:48:35'),
(28,'DOC_INBOUND','SAP_TO_WMS','SUCCESS',0,3,NULL,1,0,NULL,NULL,NULL,1,'2026-07-12 21:16:42','2026-07-12 21:16:42'),
(29,'DOC_INBOUND','WMS_TO_SAP','SUCCESS',0,3,NULL,1,0,NULL,'{\"DocEntry\":9013,\"DocNum\":9700}',NULL,1,'2026-07-12 21:19:21','2026-07-12 21:19:21'),
(30,'DOC_INBOUND','SAP_TO_WMS','SUCCESS',0,3,NULL,1,0,NULL,NULL,NULL,1,'2026-07-12 21:19:53','2026-07-12 21:19:53'),
(31,'DOC_OUTBOUND','SAP_TO_WMS','SUCCESS',0,3,NULL,1,0,NULL,NULL,NULL,1,'2026-07-12 21:22:07','2026-07-12 21:22:07'),
(32,'DOC_OUTBOUND','SAP_TO_WMS','SUCCESS',0,3,NULL,1,0,NULL,NULL,NULL,1,'2026-07-12 21:22:08','2026-07-12 21:22:08'),
(33,'DOC_OUTBOUND','SAP_TO_WMS','SUCCESS',0,3,NULL,1,0,NULL,NULL,NULL,1,'2026-07-12 21:22:08','2026-07-12 21:22:08'),
(34,'DOC_OUTBOUND','WMS_TO_SAP','SUCCESS',0,3,NULL,1,0,NULL,'{\"DocEntry\":9691,\"DocNum\":9177}',NULL,1,'2026-07-12 21:24:23','2026-07-12 21:24:23'),
(35,'DOC_OUTBOUND','WMS_TO_SAP','SUCCESS',0,3,NULL,1,0,NULL,'{\"DocEntry\":9673,\"DocNum\":9201}',NULL,1,'2026-07-12 21:24:23','2026-07-12 21:24:23'),
(36,'DOC_INBOUND','SAP_TO_WMS','SUCCESS',0,3,NULL,1,0,NULL,NULL,NULL,1,'2026-07-12 21:53:05','2026-07-12 21:53:05'),
(37,'DOC_INBOUND','WMS_TO_SAP','SUCCESS',0,3,NULL,1,0,NULL,'{\"DocEntry\":9098,\"DocNum\":9753}',NULL,1,'2026-07-12 22:10:33','2026-07-12 22:10:33'),
(38,'MASTER_WAREHOUSES','SAP_TO_WMS','SUCCESS',0,3,NULL,6,0,NULL,NULL,NULL,1,'2026-07-13 00:05:12','2026-07-13 00:05:12'),
(39,'DOC_OUTBOUND','WMS_TO_SAP','SUCCESS',0,3,NULL,1,0,NULL,'{\"DocEntry\":9731,\"DocNum\":9952}',NULL,1,'2026-07-13 00:06:15','2026-07-13 00:06:15'),
(40,'DOC_OUTBOUND','WMS_TO_SAP','SUCCESS',0,3,NULL,1,0,NULL,'{\"DocEntry\":9889,\"DocNum\":9622}',NULL,1,'2026-07-13 00:08:06','2026-07-13 00:08:06'),
(41,'DOC_OUTBOUND','WMS_TO_SAP','SUCCESS',0,3,NULL,1,0,NULL,'{\"DocEntry\":9007,\"DocNum\":9115}',NULL,1,'2026-07-13 00:10:09','2026-07-13 00:10:09'),
(42,'MASTER_CATEGORIES','SAP_TO_WMS','SUCCESS',0,3,NULL,8,0,NULL,NULL,NULL,1,'2026-07-13 00:27:54','2026-07-13 00:27:54'),
(43,'MASTER_ITEMS','SAP_TO_WMS','SUCCESS',0,3,NULL,36,0,NULL,NULL,NULL,1,'2026-07-13 00:27:56','2026-07-13 00:27:56'),
(44,'MASTER_WAREHOUSES','SAP_TO_WMS','SUCCESS',0,3,NULL,6,0,NULL,NULL,NULL,1,'2026-07-13 00:27:58','2026-07-13 00:27:58'),
(45,'MASTER_BP','SAP_TO_WMS','SUCCESS',0,3,NULL,6,0,NULL,NULL,NULL,1,'2026-07-13 00:27:59','2026-07-13 00:27:59'),
(46,'MASTER_BP','SAP_TO_WMS','SUCCESS',0,3,NULL,3,0,NULL,NULL,NULL,1,'2026-07-13 00:28:02','2026-07-13 00:28:02'),
(47,'DOC_INBOUND','SAP_TO_WMS','SUCCESS',0,3,NULL,1,0,NULL,NULL,NULL,1,'2026-07-13 12:04:04','2026-07-13 12:04:04'),
(48,'DOC_INBOUND','WMS_TO_SAP','SUCCESS',0,3,NULL,1,0,NULL,'{\"DocEntry\":9393,\"DocNum\":9516}',NULL,1,'2026-07-13 12:09:40','2026-07-13 12:09:40'),
(49,'DOC_VENDOR_RETURN','SAP_TO_WMS','SUCCESS',0,3,NULL,1,0,NULL,NULL,NULL,1,'2026-07-14 00:34:10','2026-07-14 00:34:10'),
(50,'DOC_VENDOR_RETURN','WMS_TO_SAP','SUCCESS',0,3,NULL,1,0,NULL,'{\"DocEntry\":9271,\"DocNum\":9859}',NULL,1,'2026-07-14 00:36:24','2026-07-14 00:36:24'),
(51,'DOC_VENDOR_RETURN','SAP_TO_WMS','SUCCESS',0,3,NULL,1,0,NULL,NULL,NULL,1,'2026-07-14 00:36:49','2026-07-14 00:36:49'),
(52,'DOC_OUTBOUND','WMS_TO_SAP','SUCCESS',0,3,NULL,1,0,NULL,'{\"DocEntry\":9788,\"DocNum\":9938}',NULL,1,'2026-07-14 02:09:34','2026-07-14 02:09:34'),
(53,'MASTER_ITEMS','WMS_TO_SAP','SUCCESS',0,3,NULL,1,0,NULL,'{\"ItemCode\":\"MP-COLORANTE-AZUL\",\"ItemName\":\"Masterbatch Colorante Azul\",\"BarCode\":null,\"InventoryUOM\":\"KG\",\"ManageBatchNumbers\":\"tYES\",\"ManageSerialNumbers\":\"tNO\",\"ItemsGroupCode\":\"206\"}',NULL,1,'2026-07-14 16:51:17','2026-07-14 16:51:17'),
(54,'MASTER_ITEMS','WMS_TO_SAP','SUCCESS',0,3,NULL,1,0,NULL,'{\"ItemCode\":\"MP-ADITIVO-UV\",\"ItemName\":\"Aditivo Estabilizante UV\",\"BarCode\":null,\"InventoryUOM\":\"KG\",\"ManageBatchNumbers\":\"tYES\",\"ManageSerialNumbers\":\"tNO\",\"ItemsGroupCode\":\"206\"}',NULL,1,'2026-07-14 16:51:17','2026-07-14 16:51:17'),
(55,'MASTER_ITEMS','WMS_TO_SAP','SUCCESS',0,3,NULL,1,0,NULL,'{\"ItemCode\":\"MP-FILM-STRETCH\",\"ItemName\":\"Film Stretch para Paletizado\",\"BarCode\":null,\"InventoryUOM\":\"M\",\"ManageBatchNumbers\":\"tYES\",\"ManageSerialNumbers\":\"tNO\",\"ItemsGroupCode\":\"207\"}',NULL,1,'2026-07-14 16:51:17','2026-07-14 16:51:17'),
(56,'MASTER_ITEMS','WMS_TO_SAP','SUCCESS',0,3,NULL,1,0,NULL,'{\"ItemCode\":\"MP-TAG-RFID-PALLET\",\"ItemName\":\"Tag RFID de Trazabilidad de Pallet\",\"BarCode\":null,\"InventoryUOM\":\"UN\",\"ManageBatchNumbers\":\"tNO\",\"ManageSerialNumbers\":\"tYES\",\"ItemsGroupCode\":\"207\"}',NULL,1,'2026-07-14 16:51:17','2026-07-14 16:51:17'),
(57,'MASTER_ITEMS','WMS_TO_SAP','SUCCESS',0,3,NULL,1,0,NULL,'{\"ItemCode\":\"BID-15L-PEAD\",\"ItemName\":\"Bidón 15 Litros PEAD\",\"BarCode\":null,\"InventoryUOM\":\"UN\",\"ManageBatchNumbers\":\"tNO\",\"ManageSerialNumbers\":\"tNO\",\"ItemsGroupCode\":\"200\"}',NULL,1,'2026-07-14 16:51:17','2026-07-14 16:51:17'),
(58,'MASTER_ITEMS','WMS_TO_SAP','SUCCESS',0,3,NULL,1,0,NULL,'{\"ItemCode\":\"TAPA-38-SEG\",\"ItemName\":\"Tapa Seguridad 38mm sello aluminio\",\"BarCode\":null,\"InventoryUOM\":\"UN\",\"ManageBatchNumbers\":\"tNO\",\"ManageSerialNumbers\":\"tNO\",\"ItemsGroupCode\":\"201\"}',NULL,1,'2026-07-14 16:51:17','2026-07-14 16:51:17'),
(59,'MASTER_ITEMS','WMS_TO_SAP','SUCCESS',0,3,NULL,1,0,NULL,'{\"ItemCode\":\"FRASCO-PET-VERDE\",\"ItemName\":\"Frasco Anillado PET Verde\",\"BarCode\":null,\"InventoryUOM\":\"UN\",\"ManageBatchNumbers\":\"tNO\",\"ManageSerialNumbers\":\"tNO\",\"ItemsGroupCode\":\"205\"}',NULL,1,'2026-07-14 16:51:17','2026-07-14 16:51:17'),
(60,'MASTER_ITEMS','WMS_TO_SAP','SUCCESS',0,3,NULL,1,0,NULL,'{\"ItemCode\":\"BOT-PET-750-NUM\",\"ItemName\":\"Botella PET 750cc Numerada (línea premium)\",\"BarCode\":null,\"InventoryUOM\":\"UN\",\"ManageBatchNumbers\":\"tNO\",\"ManageSerialNumbers\":\"tYES\",\"ItemsGroupCode\":\"202\"}',NULL,1,'2026-07-14 16:51:17','2026-07-14 16:51:17'),
(61,'DOC_INBOUND','SAP_TO_WMS','ERROR',0,3,NULL,0,0,NULL,NULL,'Error SAP Service Layer: HTTP 404',1,'2026-07-14 16:52:31','2026-07-14 16:52:31'),
(62,'DOC_INBOUND','SAP_TO_WMS','ERROR',0,3,NULL,0,0,NULL,NULL,'Error SAP Service Layer: HTTP 404',1,'2026-07-14 16:52:31','2026-07-14 16:52:31'),
(63,'DOC_INBOUND','SAP_TO_WMS','ERROR',0,3,NULL,0,0,NULL,NULL,'Error SAP Service Layer: HTTP 404',1,'2026-07-14 16:52:31','2026-07-14 16:52:31'),
(64,'DOC_INBOUND','SAP_TO_WMS','ERROR',0,3,NULL,0,0,NULL,NULL,'Error SAP Service Layer: HTTP 404',1,'2026-07-14 16:52:31','2026-07-14 16:52:31'),
(65,'DOC_INBOUND','SAP_TO_WMS','ERROR',0,3,NULL,0,0,NULL,NULL,'Error SAP Service Layer: HTTP 404',1,'2026-07-14 16:52:31','2026-07-14 16:52:31'),
(66,'DOC_INBOUND','SAP_TO_WMS','ERROR',0,3,NULL,0,0,NULL,NULL,'Error SAP Service Layer: HTTP 404',1,'2026-07-14 16:52:31','2026-07-14 16:52:31'),
(67,'DOC_INBOUND','SAP_TO_WMS','ERROR',0,3,NULL,0,0,NULL,NULL,'Error SAP Service Layer: HTTP 404',1,'2026-07-14 16:52:31','2026-07-14 16:52:31'),
(68,'DOC_INBOUND','SAP_TO_WMS','ERROR',0,3,NULL,0,0,NULL,NULL,'Error SAP Service Layer: HTTP 404',1,'2026-07-14 16:52:31','2026-07-14 16:52:31'),
(69,'DOC_INBOUND','SAP_TO_WMS','SUCCESS',0,3,NULL,1,0,NULL,NULL,NULL,1,'2026-07-14 16:54:19','2026-07-14 16:54:19'),
(70,'DOC_INBOUND','SAP_TO_WMS','SUCCESS',0,3,NULL,1,0,NULL,NULL,NULL,1,'2026-07-14 16:54:19','2026-07-14 16:54:19'),
(71,'DOC_INBOUND','SAP_TO_WMS','SUCCESS',0,3,NULL,1,0,NULL,NULL,NULL,1,'2026-07-14 16:54:19','2026-07-14 16:54:19'),
(72,'DOC_INBOUND','SAP_TO_WMS','SUCCESS',0,3,NULL,1,0,NULL,NULL,NULL,1,'2026-07-14 16:54:19','2026-07-14 16:54:19'),
(73,'DOC_INBOUND','WMS_TO_SAP','SUCCESS',0,3,NULL,1,0,NULL,'{\"DocEntry\":9956,\"DocNum\":9518}',NULL,1,'2026-07-14 16:54:20','2026-07-14 16:54:20'),
(74,'DOC_INBOUND','SAP_TO_WMS','SUCCESS',0,3,NULL,1,0,NULL,NULL,NULL,1,'2026-07-14 16:54:20','2026-07-14 16:54:20'),
(75,'DOC_INBOUND','SAP_TO_WMS','SUCCESS',0,3,NULL,1,0,NULL,NULL,NULL,1,'2026-07-14 16:54:20','2026-07-14 16:54:20'),
(76,'DOC_INBOUND','SAP_TO_WMS','SUCCESS',0,3,NULL,1,0,NULL,NULL,NULL,1,'2026-07-14 16:54:20','2026-07-14 16:54:20'),
(77,'DOC_INBOUND','SAP_TO_WMS','SUCCESS',0,3,NULL,1,0,NULL,NULL,NULL,1,'2026-07-14 16:54:20','2026-07-14 16:54:20'),
(78,'DOC_INBOUND','WMS_TO_SAP','SUCCESS',0,3,NULL,1,0,NULL,'{\"DocEntry\":9056,\"DocNum\":9717}',NULL,1,'2026-07-14 16:54:22','2026-07-14 16:54:22'),
(79,'DOC_ADJUSTMENT','WMS_TO_SAP','SUCCESS',0,3,NULL,1,0,NULL,'{\"DocEntry\":9055,\"DocNum\":9600}',NULL,1,'2026-07-18 10:46:55','2026-07-18 10:46:55'),
(80,'DOC_ADJUSTMENT','WMS_TO_SAP','SUCCESS',0,3,NULL,1,0,NULL,'{\"DocEntry\":9630,\"DocNum\":9078}',NULL,1,'2026-07-18 11:28:22','2026-07-18 11:28:22'),
(81,'DOC_OUTBOUND','SAP_TO_WMS','SUCCESS',0,3,NULL,1,0,NULL,NULL,NULL,1,'2026-07-18 11:43:08','2026-07-18 11:43:08'),
(82,'DOC_ADJUSTMENT','WMS_TO_SAP','SUCCESS',0,3,NULL,1,0,NULL,'{\"DocEntry\":9385,\"DocNum\":9912}',NULL,1,'2026-07-18 12:39:22','2026-07-18 12:39:22'),
(83,'DOC_INBOUND','WMS_TO_SAP','SUCCESS',0,3,NULL,1,0,NULL,'{\"DocEntry\":9253,\"DocNum\":9973}',NULL,1,'2026-07-18 18:25:00','2026-07-18 18:25:00'),
(84,'DOC_INBOUND','WMS_TO_SAP','SUCCESS',0,3,NULL,1,0,NULL,'{\"DocEntry\":9406,\"DocNum\":9252}',NULL,1,'2026-07-18 18:25:03','2026-07-18 18:25:03'),
(85,'DOC_INBOUND','WMS_TO_SAP','SUCCESS',0,3,NULL,1,0,NULL,'{\"DocEntry\":9035,\"DocNum\":9782}',NULL,1,'2026-07-18 18:25:08','2026-07-18 18:25:08'),
(86,'DOC_OUTBOUND','SAP_TO_WMS','SUCCESS',0,3,NULL,1,0,NULL,NULL,NULL,1,'2026-07-18 19:02:53','2026-07-18 19:02:53'),
(87,'DOC_OUTBOUND','SAP_TO_WMS','SUCCESS',0,3,NULL,1,0,NULL,NULL,NULL,1,'2026-07-18 20:39:02','2026-07-18 20:39:02'),
(88,'DOC_OUTBOUND','SAP_TO_WMS','SUCCESS',0,3,NULL,1,0,NULL,NULL,NULL,1,'2026-07-18 20:41:01','2026-07-18 20:41:01'),
(89,'DOC_OUTBOUND','SAP_TO_WMS','SUCCESS',0,3,NULL,1,0,NULL,NULL,NULL,1,'2026-07-18 23:22:21','2026-07-18 23:22:21'),
(90,'DOC_OUTBOUND','SAP_TO_WMS','SUCCESS',0,3,NULL,1,0,NULL,NULL,NULL,1,'2026-07-18 23:23:07','2026-07-18 23:23:07'),
(91,'DOC_OUTBOUND','SAP_TO_WMS','SUCCESS',0,3,NULL,1,0,NULL,NULL,NULL,1,'2026-07-18 23:28:54','2026-07-18 23:28:54'),
(92,'DOC_OUTBOUND','WMS_TO_SAP','SUCCESS',0,3,NULL,1,0,NULL,'{\"DocEntry\":9665,\"DocNum\":9061}',NULL,1,'2026-07-19 01:15:06','2026-07-19 01:15:06');

--
-- Table structure for table `stock`
--

CREATE TABLE `stock` (
  `id` int(10) unsigned NOT NULL AUTO_INCREMENT,
  `company_id` int(10) unsigned NOT NULL COMMENT 'Denormalizado desde items.company_id para reportes/costeo rapidos',
  `warehouse_id` int(10) unsigned NOT NULL,
  `bin_id` int(10) unsigned NOT NULL,
  `lpn_id` int(10) unsigned DEFAULT NULL,
  `item_id` int(10) unsigned NOT NULL,
  `batch_id` int(10) unsigned DEFAULT NULL,
  `serial_number` varchar(100) DEFAULT NULL,
  `stock_status` enum('AVAILABLE','QA','BLOCKED','DAMAGED','IN_TRANSIT') NOT NULL DEFAULT 'AVAILABLE',
  `quantity` decimal(15,4) NOT NULL DEFAULT 0.0000,
  `reserved_qty` decimal(15,4) NOT NULL DEFAULT 0.0000,
  `uom` varchar(20) NOT NULL DEFAULT 'UN',
  `received_at` datetime DEFAULT NULL COMMENT 'Fecha de ingreso a este bin, base para costeo de almacenamiento por dia',
  `created_at` datetime NOT NULL DEFAULT current_timestamp(),
  `updated_at` datetime NOT NULL DEFAULT current_timestamp() ON UPDATE current_timestamp(),
  PRIMARY KEY (`id`),
  UNIQUE KEY `uq_stock_position` (`warehouse_id`,`bin_id`,`item_id`,`batch_id`,`stock_status`,`serial_number`),
  KEY `idx_stock_company` (`company_id`),
  KEY `idx_stock_item` (`item_id`),
  KEY `idx_stock_batch` (`batch_id`),
  KEY `idx_stock_bin` (`bin_id`),
  KEY `idx_stock_lpn` (`lpn_id`),
  CONSTRAINT `fk_stock_batch` FOREIGN KEY (`batch_id`) REFERENCES `batches` (`id`),
  CONSTRAINT `fk_stock_bin` FOREIGN KEY (`bin_id`) REFERENCES `bins` (`id`),
  CONSTRAINT `fk_stock_company` FOREIGN KEY (`company_id`) REFERENCES `companies` (`id`),
  CONSTRAINT `fk_stock_item` FOREIGN KEY (`item_id`) REFERENCES `items` (`id`),
  CONSTRAINT `fk_stock_lpn` FOREIGN KEY (`lpn_id`) REFERENCES `lpns` (`id`),
  CONSTRAINT `fk_stock_warehouse` FOREIGN KEY (`warehouse_id`) REFERENCES `warehouses` (`id`),
  CONSTRAINT `chk_stock_qty` CHECK (`quantity` >= 0),
  CONSTRAINT `chk_stock_reserved` CHECK (`reserved_qty` >= 0 and `reserved_qty` <= `quantity`)
) ENGINE=InnoDB AUTO_INCREMENT=1005 DEFAULT CHARSET=utf8mb4 COLLATE=utf8mb4_unicode_ci COMMENT='Un mismo bin puede tener muchas filas (distintos item/lote) - multireferencia real';

--
-- Dumping data for table `stock`
--

INSERT INTO `stock` VALUES
(2,1,3,41,1,28,1,NULL,'QA',5000.0000,0.0000,'KG','2026-07-12 12:54:49','2026-07-12 12:54:49','2026-07-19 17:29:33'),
(4,1,3,42,2,29,2,NULL,'QA',3000.0000,0.0000,'KG','2026-07-12 12:54:50','2026-07-12 12:54:50','2026-07-12 12:54:50'),
(6,1,3,43,3,30,3,NULL,'QA',4000.0000,0.0000,'KG','2026-07-12 12:54:50','2026-07-12 12:54:50','2026-07-12 12:54:50'),
(8,1,3,44,4,31,4,NULL,'QA',2000.0000,0.0000,'KG','2026-07-12 12:54:50','2026-07-12 12:54:50','2026-07-12 12:54:51'),
(10,1,3,201,5,33,5,NULL,'QA',800.0000,0.0000,'KG','2026-07-12 12:54:51','2026-07-12 12:54:51','2026-07-12 12:54:51'),
(12,1,3,202,6,34,6,NULL,'QA',600.0000,0.0000,'KG','2026-07-12 12:54:51','2026-07-12 12:54:51','2026-07-12 12:54:51'),
(14,1,3,203,7,35,7,NULL,'QA',500.0000,0.0000,'KG','2026-07-12 12:54:51','2026-07-12 12:54:51','2026-07-12 12:54:51'),
(16,1,3,45,8,36,8,NULL,'QA',750.0000,0.0000,'KG','2026-07-12 12:54:51','2026-07-12 12:54:51','2026-07-12 12:54:51'),
(18,1,3,46,9,32,9,NULL,'QA',2500.0000,0.0000,'KG','2026-07-12 12:54:51','2026-07-12 12:54:51','2026-07-12 12:54:52'),
(20,1,3,47,10,29,10,NULL,'QA',1500.0000,0.0000,'KG','2026-07-12 12:54:52','2026-07-12 12:54:52','2026-07-12 12:54:52'),
(22,1,1,1051,11,1,NULL,NULL,'AVAILABLE',1975.0000,0.0000,'UN','2026-07-12 12:54:52','2026-07-12 12:54:52','2026-07-19 03:46:37'),
(24,1,1,1777,12,3,NULL,NULL,'AVAILABLE',1000.0000,0.0000,'UN','2026-07-12 12:54:53','2026-07-12 12:54:53','2026-07-12 22:12:56'),
(26,1,1,3226,13,7,NULL,NULL,'AVAILABLE',600.0000,0.0000,'UN','2026-07-12 12:54:53','2026-07-12 12:54:53','2026-07-12 22:12:57'),
(28,1,1,1084,14,11,NULL,NULL,'AVAILABLE',4845.0000,0.0000,'UN','2026-07-12 12:54:54','2026-07-12 12:54:54','2026-07-18 12:39:22'),
(30,1,1,1117,15,17,NULL,NULL,'AVAILABLE',2920.0000,0.0000,'UN','2026-07-12 12:54:55','2026-07-12 12:54:55','2026-07-12 21:21:54'),
(32,1,1,1054,16,19,NULL,NULL,'AVAILABLE',2400.0000,0.0000,'UN','2026-07-12 12:54:55','2026-07-12 12:54:55','2026-07-18 23:42:30'),
(34,1,1,3248,17,20,NULL,NULL,'AVAILABLE',1200.0000,0.0000,'UN','2026-07-12 12:54:56','2026-07-12 12:54:56','2026-07-12 22:12:57'),
(36,1,1,1150,18,21,NULL,NULL,'AVAILABLE',5840.0000,10.0000,'UN','2026-07-12 12:54:57','2026-07-12 12:54:57','2026-07-18 23:29:52'),
(38,1,1,1183,19,23,NULL,NULL,'AVAILABLE',1800.0000,0.0000,'UN','2026-07-12 12:54:58','2026-07-12 12:54:58','2026-07-12 22:12:48'),
(40,1,1,1779,20,25,NULL,NULL,'AVAILABLE',900.0000,0.0000,'UN','2026-07-12 12:54:58','2026-07-12 12:54:58','2026-07-12 22:12:56'),
(42,1,1,3270,21,26,NULL,NULL,'AVAILABLE',4000.0000,0.0000,'UN','2026-07-12 12:54:59','2026-07-12 12:54:59','2026-07-12 22:12:57'),
(44,1,1,1216,22,9,NULL,NULL,'AVAILABLE',1500.0000,0.0000,'UN','2026-07-12 12:54:59','2026-07-12 12:54:59','2026-07-12 22:12:48'),
(46,1,1,1249,23,5,NULL,NULL,'AVAILABLE',400.0000,0.0000,'UN','2026-07-12 12:55:00','2026-07-12 12:55:00','2026-07-12 22:12:49'),
(48,1,1,1780,24,14,NULL,NULL,'AVAILABLE',2200.0000,0.0000,'UN','2026-07-12 12:55:01','2026-07-12 12:55:01','2026-07-12 22:12:56'),
(50,1,1,3292,25,24,NULL,NULL,'AVAILABLE',1300.0000,0.0000,'UN','2026-07-12 12:55:01','2026-07-12 12:55:01','2026-07-12 22:12:57'),
(52,1,1,1282,26,27,NULL,NULL,'AVAILABLE',2800.0000,0.0000,'UN','2026-07-12 12:55:02','2026-07-12 12:55:02','2026-07-12 22:12:49'),
(56,1,1,1052,27,28,11,NULL,'AVAILABLE',500.0000,0.0000,'KG','2026-07-12 15:37:32','2026-07-12 15:45:15','2026-07-12 22:12:46'),
(57,1,1,1053,28,28,12,NULL,'AVAILABLE',500.0000,0.0000,'KG','2026-07-12 15:37:32','2026-07-12 15:45:29','2026-07-12 22:12:46'),
(58,1,1,1053,28,29,13,NULL,'AVAILABLE',800.0000,0.0000,'KG','2026-07-12 15:38:48','2026-07-12 15:45:33','2026-07-12 22:12:46'),
(61,1,3,48,29,30,14,NULL,'QA',1000.0000,0.0000,'KG','2026-07-12 21:17:53','2026-07-12 21:19:00','2026-07-12 21:19:21'),
(62,1,3,49,30,31,15,NULL,'QA',800.0000,0.0000,'KG','2026-07-12 21:17:53','2026-07-12 21:19:00','2026-07-12 21:19:37'),
(64,1,3,2,31,36,16,NULL,'QA',300.0000,0.0000,'KG','2026-07-12 21:19:53','2026-07-12 21:19:54','2026-07-13 13:45:31'),
(92,1,1,1055,32,7,NULL,NULL,'AVAILABLE',59.0000,0.0000,'UN','2026-07-12 21:53:05','2026-07-12 21:53:05','2026-07-18 10:46:55'),
(93,1,1,1056,33,7,NULL,NULL,'AVAILABLE',60.0000,0.0000,'UN','2026-07-12 21:53:05','2026-07-12 21:53:06','2026-07-12 22:12:46'),
(94,1,1,1057,34,7,NULL,NULL,'AVAILABLE',57.0000,0.0000,'UN','2026-07-12 21:53:05','2026-07-12 21:53:06','2026-07-18 11:28:22'),
(95,1,1,1058,35,7,NULL,NULL,'AVAILABLE',60.0000,0.0000,'UN','2026-07-12 21:53:05','2026-07-12 21:53:07','2026-07-12 22:12:46'),
(96,1,1,1059,36,7,NULL,NULL,'AVAILABLE',60.0000,0.0000,'UN','2026-07-12 21:53:05','2026-07-12 21:53:08','2026-07-12 22:12:46'),
(97,1,1,1060,37,7,NULL,NULL,'AVAILABLE',60.0000,0.0000,'UN','2026-07-12 21:53:05','2026-07-12 21:53:08','2026-07-12 22:12:46'),
(98,1,1,1061,38,7,NULL,NULL,'AVAILABLE',60.0000,0.0000,'UN','2026-07-12 21:53:05','2026-07-12 21:53:09','2026-07-12 22:12:46'),
(99,1,1,1062,39,7,NULL,NULL,'AVAILABLE',60.0000,0.0000,'UN','2026-07-12 21:53:05','2026-07-12 21:53:09','2026-07-12 22:12:46'),
(100,1,1,1063,40,7,NULL,NULL,'AVAILABLE',60.0000,0.0000,'UN','2026-07-12 21:53:05','2026-07-12 21:53:10','2026-07-12 22:12:46'),
(101,1,1,1064,41,7,NULL,NULL,'AVAILABLE',60.0000,0.0000,'UN','2026-07-12 21:53:05','2026-07-12 21:53:11','2026-07-12 22:12:46'),
(102,1,1,1065,42,7,NULL,NULL,'AVAILABLE',60.0000,0.0000,'UN','2026-07-12 21:53:05','2026-07-12 21:53:11','2026-07-12 22:12:46'),
(103,1,1,1066,43,7,NULL,NULL,'AVAILABLE',60.0000,0.0000,'UN','2026-07-12 21:53:05','2026-07-12 21:53:12','2026-07-12 22:12:46'),
(104,1,1,1067,44,7,NULL,NULL,'AVAILABLE',60.0000,0.0000,'UN','2026-07-12 21:53:05','2026-07-12 21:53:12','2026-07-12 22:12:46'),
(105,1,1,1068,45,7,NULL,NULL,'AVAILABLE',60.0000,0.0000,'UN','2026-07-12 21:53:05','2026-07-12 21:53:13','2026-07-12 22:12:46'),
(106,1,1,1069,46,7,NULL,NULL,'AVAILABLE',60.0000,0.0000,'UN','2026-07-12 21:53:05','2026-07-12 21:53:14','2026-07-12 22:12:46'),
(107,1,1,1070,47,7,NULL,NULL,'AVAILABLE',60.0000,0.0000,'UN','2026-07-12 21:53:05','2026-07-12 21:53:14','2026-07-12 22:12:46'),
(108,1,1,1071,48,7,NULL,NULL,'AVAILABLE',60.0000,0.0000,'UN','2026-07-12 21:53:05','2026-07-12 21:53:15','2026-07-12 22:12:46'),
(109,1,1,1072,49,7,NULL,NULL,'AVAILABLE',60.0000,0.0000,'UN','2026-07-12 21:53:05','2026-07-12 21:53:15','2026-07-12 22:12:46'),
(110,1,1,1073,50,7,NULL,NULL,'AVAILABLE',60.0000,0.0000,'UN','2026-07-12 21:53:05','2026-07-12 21:53:16','2026-07-12 22:12:46'),
(111,1,1,1074,51,7,NULL,NULL,'AVAILABLE',60.0000,0.0000,'UN','2026-07-12 21:53:05','2026-07-12 21:53:17','2026-07-12 22:12:46'),
(112,1,1,1075,52,7,NULL,NULL,'AVAILABLE',60.0000,0.0000,'UN','2026-07-12 21:53:05','2026-07-12 21:53:17','2026-07-12 22:12:46'),
(113,1,1,1076,53,7,NULL,NULL,'AVAILABLE',60.0000,0.0000,'UN','2026-07-12 21:53:05','2026-07-12 21:53:18','2026-07-12 22:12:46'),
(114,1,1,1077,54,7,NULL,NULL,'AVAILABLE',60.0000,0.0000,'UN','2026-07-12 21:53:05','2026-07-12 21:53:18','2026-07-12 22:12:46'),
(115,1,1,1078,55,7,NULL,NULL,'AVAILABLE',60.0000,0.0000,'UN','2026-07-12 21:53:05','2026-07-12 21:53:19','2026-07-12 22:12:46'),
(116,1,1,1079,56,7,NULL,NULL,'AVAILABLE',60.0000,0.0000,'UN','2026-07-12 21:53:05','2026-07-12 21:53:20','2026-07-12 22:12:46'),
(117,1,1,1080,57,7,NULL,NULL,'AVAILABLE',60.0000,0.0000,'UN','2026-07-12 21:53:05','2026-07-12 21:53:20','2026-07-12 22:12:46'),
(118,1,1,1081,58,7,NULL,NULL,'AVAILABLE',60.0000,0.0000,'UN','2026-07-12 21:53:05','2026-07-12 21:53:21','2026-07-12 22:12:46'),
(119,1,1,1082,59,7,NULL,NULL,'AVAILABLE',60.0000,0.0000,'UN','2026-07-12 21:53:05','2026-07-12 21:53:21','2026-07-12 22:12:47'),
(120,1,1,1083,60,7,NULL,NULL,'AVAILABLE',60.0000,0.0000,'UN','2026-07-12 21:53:05','2026-07-12 21:53:22','2026-07-12 22:12:47'),
(121,1,1,1085,61,7,NULL,NULL,'AVAILABLE',60.0000,0.0000,'UN','2026-07-12 21:53:05','2026-07-12 21:53:22','2026-07-12 22:12:47'),
(122,1,1,1086,62,7,NULL,NULL,'AVAILABLE',60.0000,0.0000,'UN','2026-07-12 21:53:05','2026-07-12 21:53:23','2026-07-12 22:12:47'),
(123,1,1,1087,63,7,NULL,NULL,'AVAILABLE',60.0000,0.0000,'UN','2026-07-12 21:53:05','2026-07-12 21:53:24','2026-07-12 22:12:47'),
(124,1,1,1088,64,7,NULL,NULL,'AVAILABLE',60.0000,0.0000,'UN','2026-07-12 21:53:05','2026-07-12 21:53:24','2026-07-12 22:12:47'),
(125,1,1,1089,65,7,NULL,NULL,'AVAILABLE',60.0000,0.0000,'UN','2026-07-12 21:53:05','2026-07-12 21:53:25','2026-07-12 22:12:47'),
(126,1,1,1090,66,7,NULL,NULL,'AVAILABLE',60.0000,0.0000,'UN','2026-07-12 21:53:05','2026-07-12 21:53:25','2026-07-12 22:12:47'),
(127,1,1,1091,67,4,NULL,NULL,'AVAILABLE',60.0000,0.0000,'UN','2026-07-12 21:53:05','2026-07-12 21:53:26','2026-07-12 22:12:47'),
(128,1,1,1092,68,4,NULL,NULL,'AVAILABLE',60.0000,0.0000,'UN','2026-07-12 21:53:05','2026-07-12 21:53:27','2026-07-12 22:12:47'),
(129,1,1,1093,69,4,NULL,NULL,'AVAILABLE',60.0000,0.0000,'UN','2026-07-12 21:53:05','2026-07-12 21:53:27','2026-07-12 22:12:47'),
(130,1,1,1094,70,4,NULL,NULL,'AVAILABLE',60.0000,0.0000,'UN','2026-07-12 21:53:05','2026-07-12 21:53:28','2026-07-12 22:12:47'),
(131,1,1,1095,71,4,NULL,NULL,'AVAILABLE',60.0000,0.0000,'UN','2026-07-12 21:53:05','2026-07-12 21:53:28','2026-07-12 22:12:47'),
(132,1,1,1096,72,4,NULL,NULL,'AVAILABLE',60.0000,0.0000,'UN','2026-07-12 21:53:05','2026-07-12 21:53:29','2026-07-12 22:12:47'),
(133,1,1,1097,73,4,NULL,NULL,'AVAILABLE',60.0000,0.0000,'UN','2026-07-12 21:53:05','2026-07-12 21:53:30','2026-07-12 22:12:47'),
(134,1,1,1098,74,4,NULL,NULL,'AVAILABLE',60.0000,0.0000,'UN','2026-07-12 21:53:05','2026-07-12 21:53:30','2026-07-12 22:12:47'),
(135,1,1,1099,75,4,NULL,NULL,'AVAILABLE',60.0000,0.0000,'UN','2026-07-12 21:53:05','2026-07-12 21:53:31','2026-07-12 22:12:47'),
(136,1,1,1100,76,4,NULL,NULL,'AVAILABLE',60.0000,0.0000,'UN','2026-07-12 21:53:05','2026-07-12 21:53:31','2026-07-12 22:12:47'),
(137,1,1,1101,77,4,NULL,NULL,'AVAILABLE',60.0000,0.0000,'UN','2026-07-12 21:53:05','2026-07-12 21:53:32','2026-07-12 22:12:47'),
(138,1,1,1102,78,4,NULL,NULL,'AVAILABLE',60.0000,0.0000,'UN','2026-07-12 21:53:05','2026-07-12 21:53:32','2026-07-12 22:12:47'),
(139,1,1,1103,79,4,NULL,NULL,'AVAILABLE',60.0000,0.0000,'UN','2026-07-12 21:53:05','2026-07-12 21:53:33','2026-07-12 22:12:47'),
(140,1,1,1104,80,4,NULL,NULL,'AVAILABLE',60.0000,0.0000,'UN','2026-07-12 21:53:05','2026-07-12 21:53:34','2026-07-12 22:12:47'),
(141,1,1,1105,81,4,NULL,NULL,'AVAILABLE',60.0000,0.0000,'UN','2026-07-12 21:53:05','2026-07-12 21:53:34','2026-07-12 22:12:47'),
(142,1,1,1106,82,4,NULL,NULL,'AVAILABLE',60.0000,0.0000,'UN','2026-07-12 21:53:05','2026-07-12 21:53:35','2026-07-12 22:12:47'),
(143,1,1,1107,83,4,NULL,NULL,'AVAILABLE',60.0000,0.0000,'UN','2026-07-12 21:53:05','2026-07-12 21:53:35','2026-07-12 22:12:47'),
(144,1,1,1108,84,4,NULL,NULL,'AVAILABLE',60.0000,0.0000,'UN','2026-07-12 21:53:05','2026-07-12 21:53:36','2026-07-12 22:12:47'),
(145,1,1,1109,85,4,NULL,NULL,'AVAILABLE',60.0000,0.0000,'UN','2026-07-12 21:53:05','2026-07-12 21:53:37','2026-07-12 22:12:47'),
(146,1,1,1110,86,4,NULL,NULL,'AVAILABLE',60.0000,0.0000,'UN','2026-07-12 21:53:05','2026-07-12 21:53:37','2026-07-12 22:12:47'),
(147,1,1,1111,87,4,NULL,NULL,'AVAILABLE',60.0000,0.0000,'UN','2026-07-12 21:53:05','2026-07-12 21:53:38','2026-07-12 22:12:47'),
(148,1,1,1112,88,4,NULL,NULL,'AVAILABLE',60.0000,0.0000,'UN','2026-07-12 21:53:05','2026-07-12 21:53:38','2026-07-12 22:12:47'),
(149,1,1,1113,89,4,NULL,NULL,'AVAILABLE',60.0000,0.0000,'UN','2026-07-12 21:53:05','2026-07-12 21:53:39','2026-07-12 22:12:47'),
(150,1,1,1114,90,4,NULL,NULL,'AVAILABLE',60.0000,0.0000,'UN','2026-07-12 21:53:05','2026-07-12 21:53:40','2026-07-12 22:12:47'),
(151,1,1,1115,91,4,NULL,NULL,'AVAILABLE',60.0000,0.0000,'UN','2026-07-12 21:53:05','2026-07-12 21:53:40','2026-07-12 22:12:47'),
(152,1,1,1116,92,4,NULL,NULL,'AVAILABLE',60.0000,0.0000,'UN','2026-07-12 21:53:05','2026-07-12 21:53:41','2026-07-12 22:12:47'),
(153,1,1,1118,93,4,NULL,NULL,'AVAILABLE',60.0000,0.0000,'UN','2026-07-12 21:53:05','2026-07-12 21:53:41','2026-07-12 22:12:47'),
(154,1,1,1119,94,4,NULL,NULL,'AVAILABLE',60.0000,0.0000,'UN','2026-07-12 21:53:05','2026-07-12 21:53:42','2026-07-12 22:12:47'),
(155,1,1,1120,95,4,NULL,NULL,'AVAILABLE',60.0000,0.0000,'UN','2026-07-12 21:53:05','2026-07-12 21:53:43','2026-07-12 22:12:47'),
(156,1,1,1121,96,4,NULL,NULL,'AVAILABLE',60.0000,0.0000,'UN','2026-07-12 21:53:05','2026-07-12 21:53:43','2026-07-12 22:12:47'),
(157,1,1,1122,97,4,NULL,NULL,'AVAILABLE',60.0000,0.0000,'UN','2026-07-12 21:53:05','2026-07-12 21:53:44','2026-07-12 22:12:47'),
(158,1,1,1123,98,4,NULL,NULL,'AVAILABLE',60.0000,0.0000,'UN','2026-07-12 21:53:05','2026-07-12 21:53:44','2026-07-12 22:12:47'),
(159,1,1,1124,99,4,NULL,NULL,'AVAILABLE',60.0000,0.0000,'UN','2026-07-12 21:53:05','2026-07-12 21:53:45','2026-07-12 22:12:47'),
(160,1,1,1125,100,4,NULL,NULL,'AVAILABLE',60.0000,0.0000,'UN','2026-07-12 21:53:05','2026-07-12 21:53:46','2026-07-12 22:12:47'),
(161,1,1,1126,101,4,NULL,NULL,'AVAILABLE',60.0000,0.0000,'UN','2026-07-12 21:53:05','2026-07-12 21:53:46','2026-07-12 22:12:47'),
(162,1,1,1127,102,8,NULL,NULL,'AVAILABLE',60.0000,0.0000,'UN','2026-07-12 21:53:05','2026-07-12 21:53:47','2026-07-12 22:12:47'),
(163,1,1,1128,103,8,NULL,NULL,'AVAILABLE',60.0000,0.0000,'UN','2026-07-12 21:53:05','2026-07-12 21:53:47','2026-07-12 22:12:47'),
(164,1,1,1129,104,8,NULL,NULL,'AVAILABLE',60.0000,0.0000,'UN','2026-07-12 21:53:05','2026-07-12 21:53:48','2026-07-12 22:12:47'),
(165,1,1,1130,105,8,NULL,NULL,'AVAILABLE',60.0000,0.0000,'UN','2026-07-12 21:53:05','2026-07-12 21:53:49','2026-07-12 22:12:47'),
(166,1,1,1131,106,8,NULL,NULL,'AVAILABLE',60.0000,0.0000,'UN','2026-07-12 21:53:05','2026-07-12 21:53:49','2026-07-12 22:12:47'),
(167,1,1,1132,107,8,NULL,NULL,'AVAILABLE',60.0000,0.0000,'UN','2026-07-12 21:53:05','2026-07-12 21:53:50','2026-07-12 22:12:47'),
(168,1,1,1133,108,8,NULL,NULL,'AVAILABLE',60.0000,0.0000,'UN','2026-07-12 21:53:05','2026-07-12 21:53:50','2026-07-12 22:12:47'),
(169,1,1,1134,109,8,NULL,NULL,'AVAILABLE',60.0000,0.0000,'UN','2026-07-12 21:53:05','2026-07-12 21:53:51','2026-07-12 22:12:47'),
(170,1,1,1135,110,8,NULL,NULL,'AVAILABLE',60.0000,0.0000,'UN','2026-07-12 21:53:05','2026-07-12 21:53:51','2026-07-12 22:12:47'),
(171,1,1,1136,111,8,NULL,NULL,'AVAILABLE',60.0000,0.0000,'UN','2026-07-12 21:53:05','2026-07-12 21:53:52','2026-07-12 22:12:47'),
(172,1,1,1137,112,8,NULL,NULL,'AVAILABLE',60.0000,0.0000,'UN','2026-07-12 21:53:05','2026-07-12 21:53:53','2026-07-12 22:12:47'),
(173,1,1,1138,113,8,NULL,NULL,'AVAILABLE',60.0000,0.0000,'UN','2026-07-12 21:53:05','2026-07-12 21:53:53','2026-07-12 22:12:47'),
(174,1,1,1139,114,8,NULL,NULL,'AVAILABLE',60.0000,0.0000,'UN','2026-07-12 21:53:05','2026-07-12 21:53:54','2026-07-12 22:12:47'),
(175,1,1,1140,115,8,NULL,NULL,'AVAILABLE',60.0000,0.0000,'UN','2026-07-12 21:53:05','2026-07-12 21:53:54','2026-07-12 22:12:47'),
(176,1,1,1141,116,8,NULL,NULL,'AVAILABLE',60.0000,0.0000,'UN','2026-07-12 21:53:05','2026-07-12 21:53:55','2026-07-12 22:12:47'),
(177,1,1,1142,117,8,NULL,NULL,'AVAILABLE',60.0000,0.0000,'UN','2026-07-12 21:53:05','2026-07-12 21:53:56','2026-07-12 22:12:47'),
(178,1,1,1143,118,8,NULL,NULL,'AVAILABLE',60.0000,0.0000,'UN','2026-07-12 21:53:05','2026-07-12 21:53:56','2026-07-12 22:12:47'),
(179,1,1,1144,119,8,NULL,NULL,'AVAILABLE',60.0000,0.0000,'UN','2026-07-12 21:53:05','2026-07-12 21:53:57','2026-07-12 22:12:47'),
(180,1,1,1145,120,8,NULL,NULL,'AVAILABLE',60.0000,0.0000,'UN','2026-07-12 21:53:05','2026-07-12 21:53:57','2026-07-12 22:12:47'),
(181,1,1,1146,121,8,NULL,NULL,'AVAILABLE',60.0000,0.0000,'UN','2026-07-12 21:53:05','2026-07-12 21:53:58','2026-07-12 22:12:47'),
(182,1,1,1147,122,8,NULL,NULL,'AVAILABLE',60.0000,0.0000,'UN','2026-07-12 21:53:05','2026-07-12 21:53:59','2026-07-12 22:12:47'),
(183,1,1,1148,123,8,NULL,NULL,'AVAILABLE',60.0000,0.0000,'UN','2026-07-12 21:53:05','2026-07-12 21:53:59','2026-07-12 22:12:47'),
(184,1,1,1149,124,8,NULL,NULL,'AVAILABLE',60.0000,0.0000,'UN','2026-07-12 21:53:05','2026-07-12 21:54:00','2026-07-12 22:12:47'),
(185,1,1,1151,125,8,NULL,NULL,'AVAILABLE',60.0000,0.0000,'UN','2026-07-12 21:53:05','2026-07-12 21:54:00','2026-07-12 22:12:47'),
(186,1,1,1152,126,8,NULL,NULL,'AVAILABLE',60.0000,0.0000,'UN','2026-07-12 21:53:05','2026-07-12 21:54:01','2026-07-12 22:12:47'),
(187,1,1,1153,127,8,NULL,NULL,'AVAILABLE',60.0000,0.0000,'UN','2026-07-12 21:53:05','2026-07-12 21:54:02','2026-07-12 22:12:47'),
(188,1,1,1154,128,8,NULL,NULL,'AVAILABLE',60.0000,0.0000,'UN','2026-07-12 21:53:05','2026-07-12 21:54:02','2026-07-12 22:12:47'),
(189,1,1,1155,129,8,NULL,NULL,'AVAILABLE',60.0000,0.0000,'UN','2026-07-12 21:53:05','2026-07-12 21:54:03','2026-07-12 22:12:47'),
(190,1,1,1156,130,8,NULL,NULL,'AVAILABLE',60.0000,0.0000,'UN','2026-07-12 21:53:05','2026-07-12 21:54:03','2026-07-12 22:12:47'),
(191,1,1,1157,131,8,NULL,NULL,'AVAILABLE',60.0000,0.0000,'UN','2026-07-12 21:53:05','2026-07-12 21:54:04','2026-07-12 22:12:47'),
(192,1,1,1158,132,8,NULL,NULL,'AVAILABLE',60.0000,0.0000,'UN','2026-07-12 21:53:05','2026-07-12 21:54:04','2026-07-12 22:12:47'),
(193,1,1,1159,133,8,NULL,NULL,'AVAILABLE',60.0000,0.0000,'UN','2026-07-12 21:53:05','2026-07-12 21:54:05','2026-07-12 22:12:47'),
(194,1,1,1160,134,8,NULL,NULL,'AVAILABLE',60.0000,0.0000,'UN','2026-07-12 21:53:05','2026-07-12 21:54:06','2026-07-12 22:12:48'),
(195,1,1,1161,135,8,NULL,NULL,'AVAILABLE',60.0000,0.0000,'UN','2026-07-12 21:53:05','2026-07-12 21:54:06','2026-07-12 22:12:48'),
(196,1,1,1162,136,8,NULL,NULL,'AVAILABLE',60.0000,0.0000,'UN','2026-07-12 21:53:05','2026-07-12 21:54:07','2026-07-12 22:12:48'),
(197,1,1,1163,137,5,NULL,NULL,'AVAILABLE',60.0000,0.0000,'UN','2026-07-12 21:53:05','2026-07-12 21:54:07','2026-07-12 22:12:48'),
(198,1,1,1164,138,5,NULL,NULL,'AVAILABLE',60.0000,0.0000,'UN','2026-07-12 21:53:05','2026-07-12 21:54:08','2026-07-12 22:12:48'),
(199,1,1,1165,139,5,NULL,NULL,'AVAILABLE',60.0000,0.0000,'UN','2026-07-12 21:53:05','2026-07-12 21:54:09','2026-07-12 22:12:48'),
(200,1,1,1166,140,5,NULL,NULL,'AVAILABLE',60.0000,0.0000,'UN','2026-07-12 21:53:05','2026-07-12 21:54:09','2026-07-12 22:12:48'),
(201,1,1,1167,141,5,NULL,NULL,'AVAILABLE',60.0000,0.0000,'UN','2026-07-12 21:53:05','2026-07-12 21:54:10','2026-07-12 22:12:48'),
(202,1,1,1168,142,5,NULL,NULL,'AVAILABLE',60.0000,0.0000,'UN','2026-07-12 21:53:05','2026-07-12 21:54:10','2026-07-12 22:12:48'),
(203,1,1,1169,143,5,NULL,NULL,'AVAILABLE',60.0000,0.0000,'UN','2026-07-12 21:53:05','2026-07-12 21:54:11','2026-07-12 22:12:48'),
(204,1,1,1170,144,5,NULL,NULL,'AVAILABLE',60.0000,0.0000,'UN','2026-07-12 21:53:05','2026-07-12 21:54:12','2026-07-12 22:12:48'),
(205,1,1,1171,145,5,NULL,NULL,'AVAILABLE',60.0000,0.0000,'UN','2026-07-12 21:53:05','2026-07-12 21:54:12','2026-07-12 22:12:48'),
(206,1,1,1172,146,5,NULL,NULL,'AVAILABLE',60.0000,0.0000,'UN','2026-07-12 21:53:05','2026-07-12 21:54:13','2026-07-12 22:12:48'),
(207,1,1,1173,147,5,NULL,NULL,'AVAILABLE',60.0000,0.0000,'UN','2026-07-12 21:53:05','2026-07-12 21:54:13','2026-07-12 22:12:48'),
(208,1,1,1174,148,5,NULL,NULL,'AVAILABLE',60.0000,0.0000,'UN','2026-07-12 21:53:05','2026-07-12 21:54:14','2026-07-12 22:12:48'),
(209,1,1,1175,149,5,NULL,NULL,'AVAILABLE',60.0000,0.0000,'UN','2026-07-12 21:53:05','2026-07-12 21:54:15','2026-07-12 22:12:48'),
(210,1,1,1176,150,5,NULL,NULL,'AVAILABLE',60.0000,0.0000,'UN','2026-07-12 21:53:05','2026-07-12 21:54:15','2026-07-12 22:12:48'),
(211,1,1,1177,151,5,NULL,NULL,'AVAILABLE',60.0000,0.0000,'UN','2026-07-12 21:53:05','2026-07-12 21:54:16','2026-07-12 22:12:48'),
(212,1,1,1178,152,5,NULL,NULL,'AVAILABLE',60.0000,0.0000,'UN','2026-07-12 21:53:05','2026-07-12 21:54:16','2026-07-12 22:12:48'),
(213,1,1,1179,153,5,NULL,NULL,'AVAILABLE',60.0000,0.0000,'UN','2026-07-12 21:53:05','2026-07-12 21:54:17','2026-07-12 22:12:48'),
(214,1,1,1180,154,5,NULL,NULL,'AVAILABLE',60.0000,0.0000,'UN','2026-07-12 21:53:05','2026-07-12 21:54:18','2026-07-12 22:12:48'),
(215,1,1,1181,155,5,NULL,NULL,'AVAILABLE',60.0000,0.0000,'UN','2026-07-12 21:53:05','2026-07-12 21:54:18','2026-07-12 22:12:48'),
(216,1,1,1182,156,5,NULL,NULL,'AVAILABLE',60.0000,0.0000,'UN','2026-07-12 21:53:05','2026-07-12 21:54:19','2026-07-12 22:12:48'),
(217,1,1,1184,157,5,NULL,NULL,'AVAILABLE',60.0000,0.0000,'UN','2026-07-12 21:53:05','2026-07-12 21:54:19','2026-07-12 22:12:48'),
(218,1,1,1185,158,5,NULL,NULL,'AVAILABLE',60.0000,0.0000,'UN','2026-07-12 21:53:05','2026-07-12 21:54:20','2026-07-12 22:12:48'),
(219,1,1,1186,159,5,NULL,NULL,'AVAILABLE',60.0000,0.0000,'UN','2026-07-12 21:53:05','2026-07-12 21:54:20','2026-07-12 22:12:48'),
(220,1,1,1187,160,5,NULL,NULL,'AVAILABLE',60.0000,0.0000,'UN','2026-07-12 21:53:05','2026-07-12 21:54:21','2026-07-12 22:12:48'),
(221,1,1,1188,161,5,NULL,NULL,'AVAILABLE',60.0000,0.0000,'UN','2026-07-12 21:53:05','2026-07-12 21:54:22','2026-07-12 22:12:48'),
(222,1,1,1189,162,5,NULL,NULL,'AVAILABLE',60.0000,0.0000,'UN','2026-07-12 21:53:05','2026-07-12 21:54:22','2026-07-12 22:12:48'),
(223,1,1,1190,163,5,NULL,NULL,'AVAILABLE',60.0000,0.0000,'UN','2026-07-12 21:53:05','2026-07-12 21:54:23','2026-07-12 22:12:48'),
(224,1,1,1191,164,5,NULL,NULL,'AVAILABLE',60.0000,0.0000,'UN','2026-07-12 21:53:05','2026-07-12 21:54:23','2026-07-12 22:12:48'),
(225,1,1,1192,165,5,NULL,NULL,'AVAILABLE',60.0000,0.0000,'UN','2026-07-12 21:53:05','2026-07-12 21:54:24','2026-07-12 22:12:48'),
(226,1,1,1193,166,5,NULL,NULL,'AVAILABLE',60.0000,0.0000,'UN','2026-07-12 21:53:05','2026-07-12 21:54:25','2026-07-12 22:12:48'),
(227,1,1,1194,167,5,NULL,NULL,'AVAILABLE',60.0000,0.0000,'UN','2026-07-12 21:53:05','2026-07-12 21:54:25','2026-07-12 22:12:48'),
(228,1,1,1195,168,5,NULL,NULL,'AVAILABLE',60.0000,0.0000,'UN','2026-07-12 21:53:05','2026-07-12 21:54:26','2026-07-12 22:12:48'),
(229,1,1,1196,169,5,NULL,NULL,'AVAILABLE',60.0000,0.0000,'UN','2026-07-12 21:53:05','2026-07-12 21:54:26','2026-07-12 22:12:48'),
(230,1,1,1197,170,5,NULL,NULL,'AVAILABLE',60.0000,0.0000,'UN','2026-07-12 21:53:05','2026-07-12 21:54:27','2026-07-12 22:12:48'),
(231,1,1,1198,171,5,NULL,NULL,'AVAILABLE',60.0000,0.0000,'UN','2026-07-12 21:53:05','2026-07-12 21:54:28','2026-07-12 22:12:48'),
(232,1,1,1199,172,6,NULL,NULL,'AVAILABLE',60.0000,0.0000,'UN','2026-07-12 21:53:05','2026-07-12 21:54:28','2026-07-12 22:12:48'),
(233,1,1,1200,173,6,NULL,NULL,'AVAILABLE',60.0000,0.0000,'UN','2026-07-12 21:53:05','2026-07-12 21:54:29','2026-07-12 22:12:48'),
(234,1,1,1201,174,6,NULL,NULL,'AVAILABLE',60.0000,0.0000,'UN','2026-07-12 21:53:05','2026-07-12 21:54:29','2026-07-12 22:12:48'),
(235,1,1,1202,175,6,NULL,NULL,'AVAILABLE',60.0000,0.0000,'UN','2026-07-12 21:53:05','2026-07-12 21:54:30','2026-07-12 22:12:48'),
(236,1,1,1203,176,6,NULL,NULL,'AVAILABLE',60.0000,0.0000,'UN','2026-07-12 21:53:05','2026-07-12 21:54:31','2026-07-12 22:12:48'),
(237,1,1,1204,177,6,NULL,NULL,'AVAILABLE',60.0000,0.0000,'UN','2026-07-12 21:53:05','2026-07-12 21:54:31','2026-07-12 22:12:48'),
(238,1,1,1205,178,6,NULL,NULL,'AVAILABLE',60.0000,0.0000,'UN','2026-07-12 21:53:05','2026-07-12 21:54:32','2026-07-12 22:12:48'),
(239,1,1,1206,179,6,NULL,NULL,'AVAILABLE',60.0000,0.0000,'UN','2026-07-12 21:53:05','2026-07-12 21:54:32','2026-07-12 22:12:48'),
(240,1,1,1207,180,6,NULL,NULL,'AVAILABLE',60.0000,0.0000,'UN','2026-07-12 21:53:05','2026-07-12 21:54:33','2026-07-12 22:12:48'),
(241,1,1,1208,181,6,NULL,NULL,'AVAILABLE',60.0000,0.0000,'UN','2026-07-12 21:53:05','2026-07-12 21:54:33','2026-07-12 22:12:48'),
(242,1,1,1209,182,6,NULL,NULL,'AVAILABLE',60.0000,0.0000,'UN','2026-07-12 21:53:05','2026-07-12 21:54:34','2026-07-12 22:12:48'),
(243,1,1,1210,183,6,NULL,NULL,'AVAILABLE',60.0000,0.0000,'UN','2026-07-12 21:53:05','2026-07-12 21:54:35','2026-07-12 22:12:48'),
(244,1,1,1211,184,6,NULL,NULL,'AVAILABLE',60.0000,0.0000,'UN','2026-07-12 21:53:05','2026-07-12 21:54:35','2026-07-12 22:12:48'),
(245,1,1,1212,185,6,NULL,NULL,'AVAILABLE',60.0000,0.0000,'UN','2026-07-12 21:53:05','2026-07-12 21:54:36','2026-07-12 22:12:48'),
(246,1,1,1213,186,6,NULL,NULL,'AVAILABLE',60.0000,0.0000,'UN','2026-07-12 21:53:05','2026-07-12 21:54:36','2026-07-12 22:12:48'),
(247,1,1,1214,187,6,NULL,NULL,'AVAILABLE',60.0000,0.0000,'UN','2026-07-12 21:53:05','2026-07-12 21:54:37','2026-07-12 22:12:48'),
(248,1,1,1215,188,6,NULL,NULL,'AVAILABLE',60.0000,0.0000,'UN','2026-07-12 21:53:05','2026-07-12 21:54:38','2026-07-12 22:12:48'),
(249,1,1,1217,189,6,NULL,NULL,'AVAILABLE',60.0000,0.0000,'UN','2026-07-12 21:53:05','2026-07-12 21:54:38','2026-07-12 22:12:48'),
(250,1,1,1218,190,6,NULL,NULL,'AVAILABLE',60.0000,0.0000,'UN','2026-07-12 21:53:05','2026-07-12 21:54:39','2026-07-12 22:12:48'),
(251,1,1,1219,191,6,NULL,NULL,'AVAILABLE',60.0000,0.0000,'UN','2026-07-12 21:53:05','2026-07-12 21:54:39','2026-07-12 22:12:48'),
(252,1,1,1220,192,6,NULL,NULL,'AVAILABLE',60.0000,0.0000,'UN','2026-07-12 21:53:05','2026-07-12 21:54:40','2026-07-12 22:12:48'),
(253,1,1,1221,193,6,NULL,NULL,'AVAILABLE',60.0000,0.0000,'UN','2026-07-12 21:53:05','2026-07-12 21:54:41','2026-07-12 22:12:48'),
(254,1,1,1222,194,6,NULL,NULL,'AVAILABLE',60.0000,0.0000,'UN','2026-07-12 21:53:05','2026-07-12 21:54:41','2026-07-12 22:12:48'),
(255,1,1,1223,195,6,NULL,NULL,'AVAILABLE',60.0000,0.0000,'UN','2026-07-12 21:53:05','2026-07-12 21:54:42','2026-07-12 22:12:48'),
(256,1,1,1224,196,6,NULL,NULL,'AVAILABLE',60.0000,0.0000,'UN','2026-07-12 21:53:05','2026-07-12 21:54:42','2026-07-12 22:12:48'),
(257,1,1,1225,197,6,NULL,NULL,'AVAILABLE',60.0000,0.0000,'UN','2026-07-12 21:53:05','2026-07-12 21:54:43','2026-07-12 22:12:48'),
(258,1,1,1226,198,6,NULL,NULL,'AVAILABLE',60.0000,0.0000,'UN','2026-07-12 21:53:05','2026-07-12 21:54:43','2026-07-12 22:12:48'),
(259,1,1,1227,199,6,NULL,NULL,'AVAILABLE',60.0000,0.0000,'UN','2026-07-12 21:53:05','2026-07-12 21:54:44','2026-07-12 22:12:48'),
(260,1,1,1228,200,6,NULL,NULL,'AVAILABLE',60.0000,0.0000,'UN','2026-07-12 21:53:05','2026-07-12 21:54:45','2026-07-12 22:12:48'),
(261,1,1,1229,201,6,NULL,NULL,'AVAILABLE',60.0000,0.0000,'UN','2026-07-12 21:53:05','2026-07-12 21:54:45','2026-07-12 22:12:48'),
(262,1,1,1230,202,6,NULL,NULL,'AVAILABLE',60.0000,0.0000,'UN','2026-07-12 21:53:05','2026-07-12 21:54:46','2026-07-12 22:12:48'),
(263,1,1,1231,203,6,NULL,NULL,'AVAILABLE',60.0000,0.0000,'UN','2026-07-12 21:53:05','2026-07-12 21:54:46','2026-07-12 22:12:48'),
(264,1,1,1232,204,6,NULL,NULL,'AVAILABLE',60.0000,0.0000,'UN','2026-07-12 21:53:05','2026-07-12 21:54:47','2026-07-12 22:12:48'),
(265,1,1,1233,205,6,NULL,NULL,'AVAILABLE',60.0000,0.0000,'UN','2026-07-12 21:53:05','2026-07-12 21:54:48','2026-07-12 22:12:48'),
(266,1,1,1234,206,6,NULL,NULL,'AVAILABLE',60.0000,0.0000,'UN','2026-07-12 21:53:05','2026-07-12 21:54:48','2026-07-12 22:12:48'),
(267,1,1,1235,207,3,NULL,NULL,'AVAILABLE',60.0000,0.0000,'UN','2026-07-12 21:53:05','2026-07-12 21:54:49','2026-07-12 22:12:49'),
(268,1,1,1236,208,3,NULL,NULL,'AVAILABLE',60.0000,0.0000,'UN','2026-07-12 21:53:05','2026-07-12 21:54:49','2026-07-12 22:12:49'),
(269,1,1,1237,209,3,NULL,NULL,'AVAILABLE',60.0000,0.0000,'UN','2026-07-12 21:53:05','2026-07-12 21:54:50','2026-07-12 22:12:49'),
(270,1,1,1238,210,3,NULL,NULL,'AVAILABLE',60.0000,0.0000,'UN','2026-07-12 21:53:05','2026-07-12 21:54:50','2026-07-12 22:12:49'),
(271,1,1,1239,211,3,NULL,NULL,'AVAILABLE',60.0000,0.0000,'UN','2026-07-12 21:53:05','2026-07-12 21:54:51','2026-07-12 22:12:49'),
(272,1,1,1240,212,3,NULL,NULL,'AVAILABLE',60.0000,0.0000,'UN','2026-07-12 21:53:05','2026-07-12 21:54:52','2026-07-12 22:12:49'),
(273,1,1,1241,213,3,NULL,NULL,'AVAILABLE',60.0000,0.0000,'UN','2026-07-12 21:53:05','2026-07-12 21:54:52','2026-07-12 22:12:49'),
(274,1,1,1242,214,3,NULL,NULL,'AVAILABLE',60.0000,0.0000,'UN','2026-07-12 21:53:05','2026-07-12 21:54:53','2026-07-12 22:12:49'),
(275,1,1,1243,215,3,NULL,NULL,'AVAILABLE',60.0000,0.0000,'UN','2026-07-12 21:53:05','2026-07-12 21:54:53','2026-07-12 22:12:49'),
(276,1,1,1244,216,3,NULL,NULL,'AVAILABLE',60.0000,0.0000,'UN','2026-07-12 21:53:05','2026-07-12 21:54:54','2026-07-12 22:12:49'),
(277,1,1,1245,217,3,NULL,NULL,'AVAILABLE',60.0000,0.0000,'UN','2026-07-12 21:53:05','2026-07-12 21:54:55','2026-07-12 22:12:49'),
(278,1,1,1246,218,3,NULL,NULL,'AVAILABLE',60.0000,0.0000,'UN','2026-07-12 21:53:05','2026-07-12 21:54:55','2026-07-12 22:12:49'),
(279,1,1,1247,219,3,NULL,NULL,'AVAILABLE',60.0000,0.0000,'UN','2026-07-12 21:53:05','2026-07-12 21:54:56','2026-07-12 22:12:49'),
(280,1,1,1248,220,3,NULL,NULL,'AVAILABLE',60.0000,0.0000,'UN','2026-07-12 21:53:05','2026-07-12 21:54:57','2026-07-12 22:12:49'),
(281,1,1,1250,221,3,NULL,NULL,'AVAILABLE',60.0000,0.0000,'UN','2026-07-12 21:53:05','2026-07-12 21:54:57','2026-07-12 22:12:49'),
(282,1,1,1251,222,3,NULL,NULL,'AVAILABLE',60.0000,0.0000,'UN','2026-07-12 21:53:05','2026-07-12 21:54:58','2026-07-12 22:12:49'),
(283,1,1,1252,223,3,NULL,NULL,'AVAILABLE',60.0000,0.0000,'UN','2026-07-12 21:53:05','2026-07-12 21:54:59','2026-07-12 22:12:49'),
(284,1,1,1253,224,3,NULL,NULL,'AVAILABLE',60.0000,0.0000,'UN','2026-07-12 21:53:05','2026-07-12 21:54:59','2026-07-12 22:12:49'),
(285,1,1,1254,225,3,NULL,NULL,'AVAILABLE',60.0000,0.0000,'UN','2026-07-12 21:53:05','2026-07-12 21:55:00','2026-07-12 22:12:49'),
(286,1,1,1255,226,3,NULL,NULL,'AVAILABLE',60.0000,0.0000,'UN','2026-07-12 21:53:05','2026-07-12 21:55:01','2026-07-12 22:12:49'),
(287,1,1,1256,227,3,NULL,NULL,'AVAILABLE',60.0000,0.0000,'UN','2026-07-12 21:53:05','2026-07-12 21:55:01','2026-07-12 22:12:49'),
(288,1,1,1257,228,3,NULL,NULL,'AVAILABLE',60.0000,0.0000,'UN','2026-07-12 21:53:05','2026-07-12 21:55:02','2026-07-12 22:12:49'),
(289,1,1,1258,229,3,NULL,NULL,'AVAILABLE',60.0000,0.0000,'UN','2026-07-12 21:53:05','2026-07-12 21:55:02','2026-07-12 22:12:49'),
(290,1,1,1259,230,3,NULL,NULL,'AVAILABLE',60.0000,0.0000,'UN','2026-07-12 21:53:05','2026-07-12 21:55:03','2026-07-12 22:12:49'),
(291,1,1,1260,231,3,NULL,NULL,'AVAILABLE',60.0000,0.0000,'UN','2026-07-12 21:53:05','2026-07-12 21:55:03','2026-07-12 22:12:49'),
(292,1,1,1261,232,3,NULL,NULL,'AVAILABLE',60.0000,0.0000,'UN','2026-07-12 21:53:05','2026-07-12 21:55:04','2026-07-12 22:12:49'),
(293,1,1,1262,233,3,NULL,NULL,'AVAILABLE',60.0000,0.0000,'UN','2026-07-12 21:53:05','2026-07-12 21:55:04','2026-07-12 22:12:49'),
(294,1,1,1263,234,3,NULL,NULL,'AVAILABLE',60.0000,0.0000,'UN','2026-07-12 21:53:05','2026-07-12 21:55:05','2026-07-12 22:12:49'),
(295,1,1,1264,235,3,NULL,NULL,'AVAILABLE',60.0000,0.0000,'UN','2026-07-12 21:53:05','2026-07-12 21:55:05','2026-07-12 22:12:49'),
(296,1,1,1265,236,3,NULL,NULL,'AVAILABLE',60.0000,0.0000,'UN','2026-07-12 21:53:05','2026-07-12 21:55:06','2026-07-12 22:12:49'),
(297,1,1,1266,237,3,NULL,NULL,'AVAILABLE',60.0000,0.0000,'UN','2026-07-12 21:53:05','2026-07-12 21:55:07','2026-07-12 22:12:49'),
(298,1,1,1267,238,3,NULL,NULL,'AVAILABLE',60.0000,0.0000,'UN','2026-07-12 21:53:05','2026-07-12 21:55:07','2026-07-12 22:12:49'),
(299,1,1,1268,239,3,NULL,NULL,'AVAILABLE',60.0000,0.0000,'UN','2026-07-12 21:53:05','2026-07-12 21:55:08','2026-07-12 22:12:49'),
(300,1,1,1269,240,3,NULL,NULL,'AVAILABLE',60.0000,0.0000,'UN','2026-07-12 21:53:05','2026-07-12 21:55:09','2026-07-12 22:12:49'),
(301,1,1,1270,241,3,NULL,NULL,'AVAILABLE',60.0000,0.0000,'UN','2026-07-12 21:53:05','2026-07-12 21:55:10','2026-07-12 22:12:49'),
(302,1,1,1271,242,20,NULL,NULL,'AVAILABLE',60.0000,0.0000,'UN','2026-07-12 21:53:05','2026-07-12 21:55:11','2026-07-12 22:12:49'),
(303,1,1,1272,243,20,NULL,NULL,'AVAILABLE',60.0000,0.0000,'UN','2026-07-12 21:53:05','2026-07-12 21:55:13','2026-07-12 22:12:49'),
(304,1,1,1273,244,20,NULL,NULL,'AVAILABLE',60.0000,0.0000,'UN','2026-07-12 21:53:05','2026-07-12 21:55:14','2026-07-12 22:12:49'),
(305,1,1,1274,245,20,NULL,NULL,'AVAILABLE',60.0000,0.0000,'UN','2026-07-12 21:53:05','2026-07-12 21:55:15','2026-07-12 22:12:49'),
(306,1,1,1275,246,20,NULL,NULL,'AVAILABLE',60.0000,0.0000,'UN','2026-07-12 21:53:05','2026-07-12 21:55:16','2026-07-12 22:12:49'),
(307,1,1,1276,247,20,NULL,NULL,'AVAILABLE',60.0000,0.0000,'UN','2026-07-12 21:53:05','2026-07-12 21:55:17','2026-07-12 22:12:49'),
(308,1,1,1277,248,20,NULL,NULL,'AVAILABLE',60.0000,0.0000,'UN','2026-07-12 21:53:05','2026-07-12 21:55:19','2026-07-12 22:12:49'),
(309,1,1,1278,249,20,NULL,NULL,'AVAILABLE',60.0000,0.0000,'UN','2026-07-12 21:53:05','2026-07-12 21:55:20','2026-07-12 22:12:49'),
(310,1,1,1279,250,20,NULL,NULL,'AVAILABLE',60.0000,0.0000,'UN','2026-07-12 21:53:05','2026-07-12 21:55:21','2026-07-12 22:12:49'),
(311,1,1,1280,251,20,NULL,NULL,'AVAILABLE',60.0000,0.0000,'UN','2026-07-12 21:53:05','2026-07-12 21:55:22','2026-07-12 22:12:49'),
(312,1,1,1281,252,20,NULL,NULL,'AVAILABLE',60.0000,0.0000,'UN','2026-07-12 21:53:05','2026-07-12 21:55:23','2026-07-12 22:12:49'),
(313,1,1,1283,253,20,NULL,NULL,'AVAILABLE',60.0000,0.0000,'UN','2026-07-12 21:53:05','2026-07-12 21:55:25','2026-07-12 22:12:49'),
(314,1,1,1284,254,20,NULL,NULL,'AVAILABLE',60.0000,0.0000,'UN','2026-07-12 21:53:05','2026-07-12 21:55:26','2026-07-12 22:12:49'),
(315,1,1,1285,255,20,NULL,NULL,'AVAILABLE',60.0000,0.0000,'UN','2026-07-12 21:53:05','2026-07-12 21:55:27','2026-07-12 22:12:49'),
(316,1,1,1286,256,20,NULL,NULL,'AVAILABLE',60.0000,0.0000,'UN','2026-07-12 21:53:05','2026-07-12 21:55:28','2026-07-12 22:12:49'),
(317,1,1,1287,257,20,NULL,NULL,'AVAILABLE',60.0000,0.0000,'UN','2026-07-12 21:53:05','2026-07-12 21:55:29','2026-07-12 22:12:49'),
(318,1,1,1288,258,20,NULL,NULL,'AVAILABLE',60.0000,0.0000,'UN','2026-07-12 21:53:05','2026-07-12 21:55:31','2026-07-12 22:12:49'),
(319,1,1,1289,259,20,NULL,NULL,'AVAILABLE',60.0000,0.0000,'UN','2026-07-12 21:53:05','2026-07-12 21:55:32','2026-07-12 22:12:49'),
(320,1,1,1290,260,20,NULL,NULL,'AVAILABLE',60.0000,0.0000,'UN','2026-07-12 21:53:05','2026-07-12 21:55:33','2026-07-12 22:12:49'),
(321,1,1,1291,261,20,NULL,NULL,'AVAILABLE',60.0000,0.0000,'UN','2026-07-12 21:53:05','2026-07-12 21:55:34','2026-07-12 22:12:49'),
(322,1,1,1292,262,20,NULL,NULL,'AVAILABLE',60.0000,0.0000,'UN','2026-07-12 21:53:05','2026-07-12 21:55:35','2026-07-12 22:12:49'),
(323,1,1,1293,263,20,NULL,NULL,'AVAILABLE',60.0000,0.0000,'UN','2026-07-12 21:53:05','2026-07-12 21:55:37','2026-07-12 22:12:49'),
(324,1,1,1294,264,20,NULL,NULL,'AVAILABLE',60.0000,0.0000,'UN','2026-07-12 21:53:05','2026-07-12 21:55:38','2026-07-12 22:12:49'),
(325,1,1,1295,265,20,NULL,NULL,'AVAILABLE',60.0000,0.0000,'UN','2026-07-12 21:53:05','2026-07-12 21:55:39','2026-07-12 22:12:49'),
(326,1,1,1296,266,20,NULL,NULL,'AVAILABLE',60.0000,0.0000,'UN','2026-07-12 21:53:05','2026-07-12 21:55:40','2026-07-12 22:12:49'),
(327,1,1,1297,267,20,NULL,NULL,'AVAILABLE',60.0000,0.0000,'UN','2026-07-12 21:53:05','2026-07-12 21:55:41','2026-07-12 22:12:49'),
(328,1,1,1298,268,20,NULL,NULL,'AVAILABLE',60.0000,0.0000,'UN','2026-07-12 21:53:05','2026-07-12 21:55:43','2026-07-12 22:12:49'),
(329,1,1,1299,269,20,NULL,NULL,'AVAILABLE',60.0000,0.0000,'UN','2026-07-12 21:53:05','2026-07-12 21:55:44','2026-07-12 22:12:49'),
(330,1,1,1300,270,20,NULL,NULL,'AVAILABLE',60.0000,0.0000,'UN','2026-07-12 21:53:05','2026-07-12 21:55:45','2026-07-12 22:12:49'),
(331,1,1,1301,271,20,NULL,NULL,'AVAILABLE',60.0000,0.0000,'UN','2026-07-12 21:53:05','2026-07-12 21:55:46','2026-07-12 22:12:49'),
(332,1,1,1302,272,20,NULL,NULL,'AVAILABLE',60.0000,0.0000,'UN','2026-07-12 21:53:05','2026-07-12 21:55:47','2026-07-12 22:12:49'),
(333,1,1,1303,273,20,NULL,NULL,'AVAILABLE',60.0000,0.0000,'UN','2026-07-12 21:53:05','2026-07-12 21:55:49','2026-07-12 22:12:49'),
(334,1,1,1304,274,20,NULL,NULL,'AVAILABLE',60.0000,0.0000,'UN','2026-07-12 21:53:05','2026-07-12 21:55:50','2026-07-12 22:12:49'),
(335,1,1,1305,275,20,NULL,NULL,'AVAILABLE',60.0000,0.0000,'UN','2026-07-12 21:53:05','2026-07-12 21:55:51','2026-07-12 22:12:49'),
(336,1,1,1306,276,20,NULL,NULL,'AVAILABLE',60.0000,0.0000,'UN','2026-07-12 21:53:05','2026-07-12 21:55:52','2026-07-12 22:12:49'),
(337,1,1,1307,277,15,NULL,NULL,'AVAILABLE',60.0000,0.0000,'UN','2026-07-12 21:53:05','2026-07-12 21:55:53','2026-07-12 22:12:49'),
(338,1,1,1308,278,15,NULL,NULL,'AVAILABLE',60.0000,0.0000,'UN','2026-07-12 21:53:05','2026-07-12 21:55:54','2026-07-12 22:12:49'),
(339,1,1,1309,279,15,NULL,NULL,'AVAILABLE',60.0000,0.0000,'UN','2026-07-12 21:53:05','2026-07-12 21:55:56','2026-07-12 22:12:49'),
(340,1,1,1310,280,15,NULL,NULL,'AVAILABLE',60.0000,0.0000,'UN','2026-07-12 21:53:05','2026-07-12 21:55:57','2026-07-12 22:12:49'),
(341,1,1,1311,281,15,NULL,NULL,'AVAILABLE',60.0000,0.0000,'UN','2026-07-12 21:53:05','2026-07-12 21:55:58','2026-07-12 22:12:49'),
(342,1,1,1312,282,15,NULL,NULL,'AVAILABLE',60.0000,0.0000,'UN','2026-07-12 21:53:05','2026-07-12 21:55:59','2026-07-12 22:12:49'),
(343,1,1,1313,283,15,NULL,NULL,'AVAILABLE',60.0000,0.0000,'UN','2026-07-12 21:53:05','2026-07-12 21:56:00','2026-07-12 22:12:49'),
(344,1,1,1314,284,15,NULL,NULL,'AVAILABLE',60.0000,0.0000,'UN','2026-07-12 21:53:05','2026-07-12 21:56:02','2026-07-12 22:12:49'),
(345,1,1,1315,285,15,NULL,NULL,'AVAILABLE',60.0000,0.0000,'UN','2026-07-12 21:53:05','2026-07-12 21:56:03','2026-07-12 22:12:50'),
(346,1,1,1316,286,15,NULL,NULL,'AVAILABLE',60.0000,0.0000,'UN','2026-07-12 21:53:05','2026-07-12 21:56:04','2026-07-12 22:12:50'),
(347,1,1,1317,287,15,NULL,NULL,'AVAILABLE',60.0000,0.0000,'UN','2026-07-12 21:53:05','2026-07-12 21:56:05','2026-07-12 22:12:50'),
(348,1,1,1318,288,15,NULL,NULL,'AVAILABLE',60.0000,0.0000,'UN','2026-07-12 21:53:05','2026-07-12 21:56:06','2026-07-12 22:12:50'),
(349,1,1,1319,289,15,NULL,NULL,'AVAILABLE',60.0000,0.0000,'UN','2026-07-12 21:53:05','2026-07-12 21:56:07','2026-07-12 22:12:50'),
(350,1,1,1320,290,15,NULL,NULL,'AVAILABLE',60.0000,0.0000,'UN','2026-07-12 21:53:05','2026-07-12 21:56:09','2026-07-12 22:12:50'),
(351,1,1,1321,291,15,NULL,NULL,'AVAILABLE',60.0000,0.0000,'UN','2026-07-12 21:53:05','2026-07-12 21:56:10','2026-07-12 22:12:50'),
(352,1,1,1322,292,15,NULL,NULL,'AVAILABLE',60.0000,0.0000,'UN','2026-07-12 21:53:05','2026-07-12 21:56:11','2026-07-12 22:12:50'),
(353,1,1,1323,293,15,NULL,NULL,'AVAILABLE',60.0000,0.0000,'UN','2026-07-12 21:53:05','2026-07-12 21:56:12','2026-07-12 22:12:50'),
(354,1,1,1324,294,15,NULL,NULL,'AVAILABLE',60.0000,0.0000,'UN','2026-07-12 21:53:05','2026-07-12 21:56:13','2026-07-12 22:12:50'),
(355,1,1,1325,295,15,NULL,NULL,'AVAILABLE',60.0000,0.0000,'UN','2026-07-12 21:53:05','2026-07-12 21:56:15','2026-07-12 22:12:50'),
(356,1,1,1326,296,15,NULL,NULL,'AVAILABLE',60.0000,0.0000,'UN','2026-07-12 21:53:05','2026-07-12 21:56:16','2026-07-12 22:12:50'),
(357,1,1,1327,297,15,NULL,NULL,'AVAILABLE',60.0000,0.0000,'UN','2026-07-12 21:53:05','2026-07-12 21:56:17','2026-07-12 22:12:50'),
(358,1,1,1328,298,15,NULL,NULL,'AVAILABLE',60.0000,0.0000,'UN','2026-07-12 21:53:05','2026-07-12 21:56:18','2026-07-12 22:12:50'),
(359,1,1,1329,299,15,NULL,NULL,'AVAILABLE',60.0000,0.0000,'UN','2026-07-12 21:53:05','2026-07-12 21:56:19','2026-07-12 22:12:50'),
(360,1,1,1330,300,15,NULL,NULL,'AVAILABLE',60.0000,0.0000,'UN','2026-07-12 21:53:05','2026-07-12 21:56:21','2026-07-12 22:12:50'),
(361,1,1,1331,301,15,NULL,NULL,'AVAILABLE',60.0000,0.0000,'UN','2026-07-12 21:53:05','2026-07-12 21:56:22','2026-07-12 22:12:50'),
(362,1,1,1332,302,15,NULL,NULL,'AVAILABLE',60.0000,0.0000,'UN','2026-07-12 21:53:05','2026-07-12 21:56:23','2026-07-12 22:12:50'),
(363,1,1,1333,303,15,NULL,NULL,'AVAILABLE',60.0000,0.0000,'UN','2026-07-12 21:53:05','2026-07-12 21:56:24','2026-07-12 22:12:50'),
(364,1,1,1334,304,15,NULL,NULL,'AVAILABLE',60.0000,0.0000,'UN','2026-07-12 21:53:05','2026-07-12 21:56:25','2026-07-12 22:12:50'),
(365,1,1,1335,305,15,NULL,NULL,'AVAILABLE',60.0000,0.0000,'UN','2026-07-12 21:53:05','2026-07-12 21:56:26','2026-07-12 22:12:50'),
(366,1,1,1336,306,15,NULL,NULL,'AVAILABLE',60.0000,0.0000,'UN','2026-07-12 21:53:05','2026-07-12 21:56:28','2026-07-12 22:12:50'),
(367,1,1,1337,307,15,NULL,NULL,'AVAILABLE',60.0000,0.0000,'UN','2026-07-12 21:53:05','2026-07-12 21:56:29','2026-07-12 22:12:50'),
(368,1,1,1338,308,15,NULL,NULL,'AVAILABLE',60.0000,0.0000,'UN','2026-07-12 21:53:05','2026-07-12 21:56:30','2026-07-12 22:12:50'),
(369,1,1,1339,309,15,NULL,NULL,'AVAILABLE',60.0000,0.0000,'UN','2026-07-12 21:53:05','2026-07-12 21:56:31','2026-07-12 22:12:50'),
(370,1,1,1340,310,15,NULL,NULL,'AVAILABLE',60.0000,0.0000,'UN','2026-07-12 21:53:05','2026-07-12 21:56:32','2026-07-12 22:12:50'),
(371,1,1,1341,311,15,NULL,NULL,'AVAILABLE',60.0000,0.0000,'UN','2026-07-12 21:53:05','2026-07-12 21:56:34','2026-07-12 22:12:50'),
(372,1,1,1342,312,16,NULL,NULL,'AVAILABLE',60.0000,0.0000,'UN','2026-07-12 21:53:05','2026-07-12 21:56:35','2026-07-12 22:12:50'),
(373,1,1,1343,313,16,NULL,NULL,'AVAILABLE',60.0000,0.0000,'UN','2026-07-12 21:53:05','2026-07-12 21:56:36','2026-07-12 22:12:50'),
(374,1,1,1344,314,16,NULL,NULL,'AVAILABLE',60.0000,0.0000,'UN','2026-07-12 21:53:05','2026-07-12 21:56:37','2026-07-12 22:12:50'),
(375,1,1,1345,315,16,NULL,NULL,'AVAILABLE',60.0000,0.0000,'UN','2026-07-12 21:53:05','2026-07-12 21:56:38','2026-07-12 22:12:50'),
(376,1,1,1346,316,16,NULL,NULL,'AVAILABLE',60.0000,0.0000,'UN','2026-07-12 21:53:05','2026-07-12 21:56:40','2026-07-12 22:12:50'),
(377,1,1,1347,317,16,NULL,NULL,'AVAILABLE',60.0000,0.0000,'UN','2026-07-12 21:53:05','2026-07-12 21:56:41','2026-07-12 22:12:50'),
(378,1,1,1348,318,16,NULL,NULL,'AVAILABLE',60.0000,0.0000,'UN','2026-07-12 21:53:05','2026-07-12 21:56:42','2026-07-12 22:12:50'),
(379,1,1,1349,319,16,NULL,NULL,'AVAILABLE',60.0000,0.0000,'UN','2026-07-12 21:53:05','2026-07-12 21:56:43','2026-07-12 22:12:50'),
(380,1,1,1350,320,16,NULL,NULL,'AVAILABLE',60.0000,0.0000,'UN','2026-07-12 21:53:05','2026-07-12 21:56:44','2026-07-12 22:12:50'),
(381,1,1,1351,321,16,NULL,NULL,'AVAILABLE',60.0000,0.0000,'UN','2026-07-12 21:53:05','2026-07-12 21:56:45','2026-07-12 22:12:50'),
(382,1,1,1352,322,16,NULL,NULL,'AVAILABLE',60.0000,0.0000,'UN','2026-07-12 21:53:05','2026-07-12 21:56:47','2026-07-12 22:12:50'),
(383,1,1,1353,323,16,NULL,NULL,'AVAILABLE',60.0000,0.0000,'UN','2026-07-12 21:53:05','2026-07-12 21:56:48','2026-07-12 22:12:50'),
(384,1,1,1354,324,16,NULL,NULL,'AVAILABLE',60.0000,0.0000,'UN','2026-07-12 21:53:05','2026-07-12 21:56:49','2026-07-12 22:12:50'),
(385,1,1,1355,325,16,NULL,NULL,'AVAILABLE',60.0000,0.0000,'UN','2026-07-12 21:53:05','2026-07-12 21:56:50','2026-07-12 22:12:50'),
(386,1,1,1356,326,16,NULL,NULL,'AVAILABLE',60.0000,0.0000,'UN','2026-07-12 21:53:05','2026-07-12 21:56:51','2026-07-12 22:12:50'),
(387,1,1,1357,327,16,NULL,NULL,'AVAILABLE',60.0000,0.0000,'UN','2026-07-12 21:53:05','2026-07-12 21:56:53','2026-07-12 22:12:50'),
(388,1,1,1358,328,16,NULL,NULL,'AVAILABLE',60.0000,0.0000,'UN','2026-07-12 21:53:05','2026-07-12 21:56:54','2026-07-12 22:12:50'),
(389,1,1,1359,329,16,NULL,NULL,'AVAILABLE',60.0000,0.0000,'UN','2026-07-12 21:53:05','2026-07-12 21:56:55','2026-07-12 22:12:50'),
(390,1,1,1360,330,16,NULL,NULL,'AVAILABLE',60.0000,0.0000,'UN','2026-07-12 21:53:05','2026-07-12 21:56:56','2026-07-12 22:12:50'),
(391,1,1,1361,331,16,NULL,NULL,'AVAILABLE',60.0000,0.0000,'UN','2026-07-12 21:53:05','2026-07-12 21:56:57','2026-07-12 22:12:50'),
(392,1,1,1362,332,16,NULL,NULL,'AVAILABLE',60.0000,0.0000,'UN','2026-07-12 21:53:05','2026-07-12 21:56:59','2026-07-12 22:12:50'),
(393,1,1,1363,333,16,NULL,NULL,'AVAILABLE',60.0000,0.0000,'UN','2026-07-12 21:53:05','2026-07-12 21:57:00','2026-07-12 22:12:50'),
(394,1,1,1364,334,16,NULL,NULL,'AVAILABLE',60.0000,0.0000,'UN','2026-07-12 21:53:05','2026-07-12 21:57:01','2026-07-12 22:12:50'),
(395,1,1,1365,335,16,NULL,NULL,'AVAILABLE',60.0000,0.0000,'UN','2026-07-12 21:53:05','2026-07-12 21:57:02','2026-07-12 22:12:50'),
(396,1,1,1366,336,16,NULL,NULL,'AVAILABLE',60.0000,0.0000,'UN','2026-07-12 21:53:05','2026-07-12 21:57:03','2026-07-12 22:12:50'),
(397,1,1,1367,337,16,NULL,NULL,'AVAILABLE',60.0000,0.0000,'UN','2026-07-12 21:53:05','2026-07-12 21:57:05','2026-07-12 22:12:50'),
(398,1,1,1368,338,16,NULL,NULL,'AVAILABLE',60.0000,0.0000,'UN','2026-07-12 21:53:05','2026-07-12 21:57:06','2026-07-12 22:12:50'),
(399,1,1,1369,339,16,NULL,NULL,'AVAILABLE',60.0000,0.0000,'UN','2026-07-12 21:53:05','2026-07-12 21:57:07','2026-07-12 22:12:50'),
(400,1,1,1370,340,16,NULL,NULL,'AVAILABLE',60.0000,0.0000,'UN','2026-07-12 21:53:05','2026-07-12 21:57:08','2026-07-12 22:12:50'),
(401,1,1,1371,341,16,NULL,NULL,'AVAILABLE',60.0000,0.0000,'UN','2026-07-12 21:53:05','2026-07-12 21:57:09','2026-07-12 22:12:50'),
(402,1,1,1372,342,16,NULL,NULL,'AVAILABLE',60.0000,0.0000,'UN','2026-07-12 21:53:05','2026-07-12 21:57:11','2026-07-12 22:12:50'),
(403,1,1,1373,343,16,NULL,NULL,'AVAILABLE',60.0000,0.0000,'UN','2026-07-12 21:53:05','2026-07-12 21:57:12','2026-07-12 22:12:50'),
(404,1,1,1374,344,16,NULL,NULL,'AVAILABLE',60.0000,0.0000,'UN','2026-07-12 21:53:05','2026-07-12 21:57:13','2026-07-12 22:12:50'),
(405,1,1,1375,345,16,NULL,NULL,'AVAILABLE',60.0000,0.0000,'UN','2026-07-12 21:53:05','2026-07-12 21:57:14','2026-07-12 22:12:50'),
(406,1,1,1376,346,16,NULL,NULL,'AVAILABLE',60.0000,0.0000,'UN','2026-07-12 21:53:05','2026-07-12 21:57:15','2026-07-12 22:12:50'),
(407,1,1,1377,347,17,NULL,NULL,'AVAILABLE',60.0000,0.0000,'UN','2026-07-12 21:53:05','2026-07-12 21:57:17','2026-07-12 22:12:50'),
(408,1,1,1378,348,17,NULL,NULL,'AVAILABLE',60.0000,0.0000,'UN','2026-07-12 21:53:05','2026-07-12 21:57:18','2026-07-12 22:12:50'),
(409,1,1,1379,349,17,NULL,NULL,'AVAILABLE',60.0000,0.0000,'UN','2026-07-12 21:53:05','2026-07-12 21:57:19','2026-07-12 22:12:50'),
(410,1,1,1380,350,17,NULL,NULL,'AVAILABLE',60.0000,0.0000,'UN','2026-07-12 21:53:05','2026-07-12 21:57:20','2026-07-12 22:12:50'),
(411,1,1,1381,351,17,NULL,NULL,'AVAILABLE',60.0000,0.0000,'UN','2026-07-12 21:53:05','2026-07-12 21:57:22','2026-07-12 22:12:50'),
(412,1,1,1382,352,17,NULL,NULL,'AVAILABLE',60.0000,0.0000,'UN','2026-07-12 21:53:05','2026-07-12 21:57:23','2026-07-12 22:12:50'),
(413,1,1,1383,353,17,NULL,NULL,'AVAILABLE',60.0000,0.0000,'UN','2026-07-12 21:53:05','2026-07-12 21:57:24','2026-07-12 22:12:50'),
(414,1,1,1384,354,17,NULL,NULL,'AVAILABLE',60.0000,0.0000,'UN','2026-07-12 21:53:05','2026-07-12 21:57:25','2026-07-12 22:12:50'),
(415,1,1,1385,355,17,NULL,NULL,'AVAILABLE',60.0000,0.0000,'UN','2026-07-12 21:53:05','2026-07-12 21:57:27','2026-07-12 22:12:50'),
(416,1,1,1386,356,17,NULL,NULL,'AVAILABLE',60.0000,0.0000,'UN','2026-07-12 21:53:05','2026-07-12 21:57:28','2026-07-12 22:12:50'),
(417,1,1,1387,357,17,NULL,NULL,'AVAILABLE',60.0000,0.0000,'UN','2026-07-12 21:53:05','2026-07-12 21:57:29','2026-07-12 22:12:50'),
(418,1,1,1388,358,17,NULL,NULL,'AVAILABLE',60.0000,0.0000,'UN','2026-07-12 21:53:05','2026-07-12 21:57:30','2026-07-12 22:12:50'),
(419,1,1,1389,359,17,NULL,NULL,'AVAILABLE',60.0000,0.0000,'UN','2026-07-12 21:53:05','2026-07-12 21:57:32','2026-07-12 22:12:50'),
(420,1,1,1390,360,17,NULL,NULL,'AVAILABLE',60.0000,0.0000,'UN','2026-07-12 21:53:05','2026-07-12 21:57:33','2026-07-12 22:12:50'),
(421,1,1,1391,361,17,NULL,NULL,'AVAILABLE',60.0000,0.0000,'UN','2026-07-12 21:53:05','2026-07-12 21:57:34','2026-07-12 22:12:50'),
(422,1,1,1392,362,17,NULL,NULL,'AVAILABLE',60.0000,0.0000,'UN','2026-07-12 21:53:05','2026-07-12 21:57:35','2026-07-12 22:12:50'),
(423,1,1,1393,363,17,NULL,NULL,'AVAILABLE',60.0000,0.0000,'UN','2026-07-12 21:53:05','2026-07-12 21:57:37','2026-07-12 22:12:51'),
(424,1,1,1394,364,17,NULL,NULL,'AVAILABLE',60.0000,0.0000,'UN','2026-07-12 21:53:05','2026-07-12 21:57:38','2026-07-12 22:12:51'),
(425,1,1,1395,365,17,NULL,NULL,'AVAILABLE',60.0000,0.0000,'UN','2026-07-12 21:53:05','2026-07-12 21:57:39','2026-07-12 22:12:51'),
(426,1,1,1396,366,17,NULL,NULL,'AVAILABLE',60.0000,0.0000,'UN','2026-07-12 21:53:05','2026-07-12 21:57:40','2026-07-12 22:12:51'),
(427,1,1,1397,367,17,NULL,NULL,'AVAILABLE',60.0000,0.0000,'UN','2026-07-12 21:53:05','2026-07-12 21:57:41','2026-07-12 22:12:51'),
(428,1,1,1398,368,17,NULL,NULL,'AVAILABLE',60.0000,0.0000,'UN','2026-07-12 21:53:05','2026-07-12 21:57:43','2026-07-12 22:12:51'),
(429,1,1,1399,369,17,NULL,NULL,'AVAILABLE',60.0000,0.0000,'UN','2026-07-12 21:53:05','2026-07-12 21:57:44','2026-07-12 22:12:51'),
(430,1,1,1400,370,17,NULL,NULL,'AVAILABLE',60.0000,0.0000,'UN','2026-07-12 21:53:05','2026-07-12 21:57:45','2026-07-12 22:12:51'),
(431,1,1,1401,371,17,NULL,NULL,'AVAILABLE',60.0000,0.0000,'UN','2026-07-12 21:53:05','2026-07-12 21:57:46','2026-07-12 22:12:51'),
(432,1,1,1402,372,17,NULL,NULL,'AVAILABLE',60.0000,0.0000,'UN','2026-07-12 21:53:05','2026-07-12 21:57:47','2026-07-12 22:12:51'),
(433,1,1,1403,373,17,NULL,NULL,'AVAILABLE',60.0000,0.0000,'UN','2026-07-12 21:53:05','2026-07-12 21:57:49','2026-07-12 22:12:51'),
(434,1,1,1404,374,17,NULL,NULL,'AVAILABLE',60.0000,0.0000,'UN','2026-07-12 21:53:05','2026-07-12 21:57:50','2026-07-12 22:12:51'),
(435,1,1,1405,375,17,NULL,NULL,'AVAILABLE',60.0000,0.0000,'UN','2026-07-12 21:53:05','2026-07-12 21:57:51','2026-07-12 22:12:51'),
(436,1,1,1406,376,17,NULL,NULL,'AVAILABLE',60.0000,0.0000,'UN','2026-07-12 21:53:05','2026-07-12 21:57:52','2026-07-12 22:12:51'),
(437,1,1,1407,377,17,NULL,NULL,'AVAILABLE',60.0000,0.0000,'UN','2026-07-12 21:53:05','2026-07-12 21:57:53','2026-07-12 22:12:51'),
(438,1,1,1408,378,17,NULL,NULL,'AVAILABLE',60.0000,0.0000,'UN','2026-07-12 21:53:05','2026-07-12 21:57:55','2026-07-12 22:12:51'),
(439,1,1,1409,379,17,NULL,NULL,'AVAILABLE',60.0000,0.0000,'UN','2026-07-12 21:53:05','2026-07-12 21:57:56','2026-07-12 22:12:51'),
(440,1,1,1410,380,17,NULL,NULL,'AVAILABLE',60.0000,0.0000,'UN','2026-07-12 21:53:05','2026-07-12 21:57:57','2026-07-12 22:12:51'),
(441,1,1,1411,381,17,NULL,NULL,'AVAILABLE',60.0000,0.0000,'UN','2026-07-12 21:53:05','2026-07-12 21:57:58','2026-07-12 22:12:51'),
(442,1,1,1412,382,18,NULL,NULL,'AVAILABLE',60.0000,0.0000,'UN','2026-07-12 21:53:05','2026-07-12 21:57:59','2026-07-12 22:12:51'),
(443,1,1,1413,383,18,NULL,NULL,'AVAILABLE',60.0000,0.0000,'UN','2026-07-12 21:53:05','2026-07-12 21:58:01','2026-07-12 22:12:51'),
(444,1,1,1414,384,18,NULL,NULL,'AVAILABLE',60.0000,0.0000,'UN','2026-07-12 21:53:05','2026-07-12 21:58:02','2026-07-12 22:12:51'),
(445,1,1,1415,385,18,NULL,NULL,'AVAILABLE',60.0000,0.0000,'UN','2026-07-12 21:53:05','2026-07-12 21:58:03','2026-07-12 22:12:51'),
(446,1,1,1416,386,18,NULL,NULL,'AVAILABLE',60.0000,0.0000,'UN','2026-07-12 21:53:05','2026-07-12 21:58:04','2026-07-12 22:12:51'),
(447,1,1,1417,387,18,NULL,NULL,'AVAILABLE',60.0000,0.0000,'UN','2026-07-12 21:53:05','2026-07-12 21:58:05','2026-07-12 22:12:51'),
(448,1,1,1418,388,18,NULL,NULL,'AVAILABLE',60.0000,0.0000,'UN','2026-07-12 21:53:05','2026-07-12 21:58:07','2026-07-12 22:12:51'),
(449,1,1,1419,389,18,NULL,NULL,'AVAILABLE',60.0000,0.0000,'UN','2026-07-12 21:53:05','2026-07-12 21:58:08','2026-07-12 22:12:51'),
(450,1,1,1420,390,18,NULL,NULL,'AVAILABLE',60.0000,0.0000,'UN','2026-07-12 21:53:05','2026-07-12 21:58:09','2026-07-12 22:12:51'),
(451,1,1,1421,391,18,NULL,NULL,'AVAILABLE',60.0000,0.0000,'UN','2026-07-12 21:53:05','2026-07-12 21:58:10','2026-07-12 22:12:51'),
(452,1,1,1422,392,18,NULL,NULL,'AVAILABLE',60.0000,0.0000,'UN','2026-07-12 21:53:05','2026-07-12 21:58:11','2026-07-12 22:12:51'),
(453,1,1,1423,393,18,NULL,NULL,'AVAILABLE',60.0000,0.0000,'UN','2026-07-12 21:53:05','2026-07-12 21:58:13','2026-07-12 22:12:51'),
(454,1,1,1424,394,18,NULL,NULL,'AVAILABLE',60.0000,0.0000,'UN','2026-07-12 21:53:05','2026-07-12 21:58:14','2026-07-12 22:12:51'),
(455,1,1,1425,395,18,NULL,NULL,'AVAILABLE',60.0000,0.0000,'UN','2026-07-12 21:53:05','2026-07-12 21:58:15','2026-07-12 22:12:51'),
(456,1,1,1426,396,18,NULL,NULL,'AVAILABLE',60.0000,0.0000,'UN','2026-07-12 21:53:05','2026-07-12 21:58:16','2026-07-12 22:12:51'),
(457,1,1,1427,397,18,NULL,NULL,'AVAILABLE',60.0000,0.0000,'UN','2026-07-12 21:53:05','2026-07-12 21:58:18','2026-07-12 22:12:51'),
(458,1,1,1428,398,18,NULL,NULL,'AVAILABLE',60.0000,0.0000,'UN','2026-07-12 21:53:05','2026-07-12 21:58:19','2026-07-12 22:12:51'),
(459,1,1,1429,399,18,NULL,NULL,'AVAILABLE',60.0000,0.0000,'UN','2026-07-12 21:53:05','2026-07-12 21:58:20','2026-07-12 22:12:51'),
(460,1,1,1430,400,18,NULL,NULL,'AVAILABLE',60.0000,0.0000,'UN','2026-07-12 21:53:05','2026-07-12 21:58:21','2026-07-12 22:12:51'),
(461,1,1,1431,401,18,NULL,NULL,'AVAILABLE',60.0000,0.0000,'UN','2026-07-12 21:53:05','2026-07-12 21:58:22','2026-07-12 22:12:51'),
(462,1,1,1432,402,18,NULL,NULL,'AVAILABLE',60.0000,0.0000,'UN','2026-07-12 21:53:05','2026-07-12 21:58:24','2026-07-12 22:12:51'),
(463,1,1,1433,403,18,NULL,NULL,'AVAILABLE',60.0000,0.0000,'UN','2026-07-12 21:53:05','2026-07-12 21:58:25','2026-07-12 22:12:51'),
(464,1,1,1434,404,18,NULL,NULL,'AVAILABLE',60.0000,0.0000,'UN','2026-07-12 21:53:05','2026-07-12 21:58:26','2026-07-12 22:12:51'),
(465,1,1,1435,405,18,NULL,NULL,'AVAILABLE',60.0000,0.0000,'UN','2026-07-12 21:53:05','2026-07-12 21:58:27','2026-07-12 22:12:51'),
(466,1,1,1436,406,18,NULL,NULL,'AVAILABLE',60.0000,0.0000,'UN','2026-07-12 21:53:05','2026-07-12 21:58:29','2026-07-12 22:12:51'),
(467,1,1,1437,407,18,NULL,NULL,'AVAILABLE',60.0000,0.0000,'UN','2026-07-12 21:53:05','2026-07-12 21:58:30','2026-07-12 22:12:51'),
(468,1,1,1438,408,18,NULL,NULL,'AVAILABLE',60.0000,0.0000,'UN','2026-07-12 21:53:05','2026-07-12 21:58:31','2026-07-12 22:12:51'),
(469,1,1,1439,409,18,NULL,NULL,'AVAILABLE',60.0000,0.0000,'UN','2026-07-12 21:53:05','2026-07-12 21:58:32','2026-07-12 22:12:51'),
(470,1,1,1440,410,18,NULL,NULL,'AVAILABLE',60.0000,0.0000,'UN','2026-07-12 21:53:05','2026-07-12 21:58:33','2026-07-12 22:12:51'),
(471,1,1,1441,411,18,NULL,NULL,'AVAILABLE',60.0000,0.0000,'UN','2026-07-12 21:53:05','2026-07-12 21:58:35','2026-07-12 22:12:51'),
(472,1,1,1442,412,18,NULL,NULL,'AVAILABLE',60.0000,0.0000,'UN','2026-07-12 21:53:05','2026-07-12 21:58:36','2026-07-12 22:12:51'),
(473,1,1,1443,413,18,NULL,NULL,'AVAILABLE',60.0000,0.0000,'UN','2026-07-12 21:53:05','2026-07-12 21:58:37','2026-07-12 22:12:51'),
(474,1,1,1444,414,18,NULL,NULL,'AVAILABLE',60.0000,0.0000,'UN','2026-07-12 21:53:05','2026-07-12 21:58:38','2026-07-12 22:12:51'),
(475,1,1,1445,415,18,NULL,NULL,'AVAILABLE',60.0000,0.0000,'UN','2026-07-12 21:53:05','2026-07-12 21:58:39','2026-07-12 22:12:51'),
(476,1,1,1446,416,19,NULL,NULL,'AVAILABLE',0.0000,0.0000,'UN','2026-07-12 21:53:05','2026-07-12 21:58:41','2026-07-18 22:10:43'),
(477,1,1,1447,417,19,NULL,NULL,'AVAILABLE',300.0000,300.0000,'UN','2026-07-12 21:53:05','2026-07-12 21:58:42','2026-07-18 19:23:02'),
(478,1,1,1448,418,19,NULL,NULL,'AVAILABLE',0.0000,0.0000,'UN','2026-07-12 21:53:05','2026-07-12 21:58:43','2026-07-18 22:10:43'),
(479,1,1,1449,419,19,NULL,NULL,'AVAILABLE',0.0000,0.0000,'UN','2026-07-12 21:53:05','2026-07-12 21:58:44','2026-07-18 22:10:43'),
(480,1,1,1450,420,19,NULL,NULL,'AVAILABLE',0.0000,0.0000,'UN','2026-07-12 21:53:05','2026-07-12 21:58:45','2026-07-18 22:10:43'),
(481,1,1,1451,421,19,NULL,NULL,'AVAILABLE',60.0000,60.0000,'UN','2026-07-12 21:53:05','2026-07-12 21:58:47','2026-07-18 23:29:52'),
(482,1,1,1452,422,19,NULL,NULL,'AVAILABLE',60.0000,60.0000,'UN','2026-07-12 21:53:05','2026-07-12 21:58:48','2026-07-18 23:29:52'),
(483,1,1,1453,423,19,NULL,NULL,'AVAILABLE',60.0000,60.0000,'UN','2026-07-12 21:53:05','2026-07-12 21:58:49','2026-07-18 23:29:52'),
(484,1,1,1454,424,19,NULL,NULL,'AVAILABLE',60.0000,60.0000,'UN','2026-07-12 21:53:05','2026-07-12 21:58:50','2026-07-18 23:29:52'),
(485,1,1,1455,425,19,NULL,NULL,'AVAILABLE',60.0000,60.0000,'UN','2026-07-12 21:53:05','2026-07-12 21:58:51','2026-07-18 23:29:52'),
(486,1,1,1456,426,19,NULL,NULL,'AVAILABLE',60.0000,60.0000,'UN','2026-07-12 21:53:05','2026-07-12 21:58:53','2026-07-18 23:29:52'),
(487,1,1,1457,427,19,NULL,NULL,'AVAILABLE',60.0000,60.0000,'UN','2026-07-12 21:53:05','2026-07-12 21:58:54','2026-07-18 23:29:52'),
(488,1,1,1458,428,19,NULL,NULL,'AVAILABLE',60.0000,60.0000,'UN','2026-07-12 21:53:05','2026-07-12 21:58:55','2026-07-18 23:29:52'),
(489,1,1,1459,429,19,NULL,NULL,'AVAILABLE',60.0000,60.0000,'UN','2026-07-12 21:53:05','2026-07-12 21:58:56','2026-07-18 23:29:52'),
(490,1,1,1460,430,19,NULL,NULL,'AVAILABLE',60.0000,60.0000,'UN','2026-07-12 21:53:05','2026-07-12 21:58:58','2026-07-18 23:29:52'),
(491,1,1,1461,431,19,NULL,NULL,'AVAILABLE',60.0000,0.0000,'UN','2026-07-12 21:53:05','2026-07-12 21:58:59','2026-07-12 22:12:51'),
(492,1,1,1462,432,19,NULL,NULL,'AVAILABLE',60.0000,0.0000,'UN','2026-07-12 21:53:05','2026-07-12 21:59:00','2026-07-12 22:12:51'),
(493,1,1,1463,433,19,NULL,NULL,'AVAILABLE',60.0000,0.0000,'UN','2026-07-12 21:53:05','2026-07-12 21:59:01','2026-07-12 22:12:52'),
(494,1,1,1464,434,19,NULL,NULL,'AVAILABLE',60.0000,0.0000,'UN','2026-07-12 21:53:05','2026-07-12 21:59:02','2026-07-12 22:12:52'),
(495,1,1,1465,435,19,NULL,NULL,'AVAILABLE',60.0000,0.0000,'UN','2026-07-12 21:53:05','2026-07-12 21:59:04','2026-07-12 22:12:52'),
(496,1,1,1466,436,19,NULL,NULL,'AVAILABLE',60.0000,0.0000,'UN','2026-07-12 21:53:05','2026-07-12 21:59:05','2026-07-12 22:12:52'),
(497,1,1,1467,437,19,NULL,NULL,'AVAILABLE',60.0000,0.0000,'UN','2026-07-12 21:53:05','2026-07-12 21:59:06','2026-07-12 22:12:52'),
(498,1,1,1468,438,19,NULL,NULL,'AVAILABLE',60.0000,0.0000,'UN','2026-07-12 21:53:05','2026-07-12 21:59:07','2026-07-12 22:12:52'),
(499,1,1,1469,439,19,NULL,NULL,'AVAILABLE',60.0000,0.0000,'UN','2026-07-12 21:53:05','2026-07-12 21:59:08','2026-07-12 22:12:52'),
(500,1,1,1470,440,19,NULL,NULL,'AVAILABLE',60.0000,0.0000,'UN','2026-07-12 21:53:05','2026-07-12 21:59:10','2026-07-12 22:12:52'),
(501,1,1,1471,441,19,NULL,NULL,'AVAILABLE',60.0000,0.0000,'UN','2026-07-12 21:53:05','2026-07-12 21:59:11','2026-07-12 22:12:52'),
(502,1,1,1472,442,19,NULL,NULL,'AVAILABLE',60.0000,0.0000,'UN','2026-07-12 21:53:05','2026-07-12 21:59:12','2026-07-12 22:12:52'),
(503,1,1,1473,443,19,NULL,NULL,'AVAILABLE',60.0000,0.0000,'UN','2026-07-12 21:53:05','2026-07-12 21:59:13','2026-07-12 22:12:52'),
(504,1,1,1474,444,19,NULL,NULL,'AVAILABLE',60.0000,0.0000,'UN','2026-07-12 21:53:05','2026-07-12 21:59:15','2026-07-12 22:12:52'),
(505,1,1,1475,445,19,NULL,NULL,'AVAILABLE',60.0000,0.0000,'UN','2026-07-12 21:53:05','2026-07-12 21:59:16','2026-07-12 22:12:52'),
(506,1,1,1476,446,19,NULL,NULL,'AVAILABLE',60.0000,0.0000,'UN','2026-07-12 21:53:05','2026-07-12 21:59:17','2026-07-12 22:12:52'),
(507,1,1,1477,447,19,NULL,NULL,'AVAILABLE',60.0000,0.0000,'UN','2026-07-12 21:53:05','2026-07-12 21:59:18','2026-07-12 22:12:52'),
(508,1,1,1478,448,19,NULL,NULL,'AVAILABLE',60.0000,0.0000,'UN','2026-07-12 21:53:05','2026-07-12 21:59:20','2026-07-12 22:12:52'),
(509,1,1,1479,449,19,NULL,NULL,'AVAILABLE',60.0000,0.0000,'UN','2026-07-12 21:53:05','2026-07-12 21:59:21','2026-07-12 22:12:52'),
(510,1,1,1480,450,2,NULL,NULL,'AVAILABLE',60.0000,0.0000,'UN','2026-07-12 21:53:05','2026-07-12 21:59:22','2026-07-12 22:12:52'),
(511,1,1,1481,451,2,NULL,NULL,'AVAILABLE',60.0000,0.0000,'UN','2026-07-12 21:53:05','2026-07-12 21:59:23','2026-07-12 22:12:52'),
(512,1,1,1482,452,2,NULL,NULL,'AVAILABLE',60.0000,0.0000,'UN','2026-07-12 21:53:05','2026-07-12 21:59:24','2026-07-12 22:12:52'),
(513,1,1,1483,453,2,NULL,NULL,'AVAILABLE',60.0000,0.0000,'UN','2026-07-12 21:53:05','2026-07-12 21:59:26','2026-07-12 22:12:52'),
(514,1,1,1484,454,2,NULL,NULL,'AVAILABLE',60.0000,0.0000,'UN','2026-07-12 21:53:05','2026-07-12 21:59:27','2026-07-12 22:12:52'),
(515,1,1,1485,455,2,NULL,NULL,'AVAILABLE',60.0000,0.0000,'UN','2026-07-12 21:53:05','2026-07-12 21:59:29','2026-07-12 22:12:52'),
(516,1,1,1486,456,2,NULL,NULL,'AVAILABLE',60.0000,0.0000,'UN','2026-07-12 21:53:05','2026-07-12 21:59:30','2026-07-12 22:12:52'),
(517,1,1,1487,457,2,NULL,NULL,'AVAILABLE',60.0000,0.0000,'UN','2026-07-12 21:53:05','2026-07-12 21:59:31','2026-07-12 22:12:52'),
(518,1,1,1488,458,2,NULL,NULL,'AVAILABLE',60.0000,0.0000,'UN','2026-07-12 21:53:05','2026-07-12 21:59:32','2026-07-12 22:12:52'),
(519,1,1,1489,459,2,NULL,NULL,'AVAILABLE',60.0000,0.0000,'UN','2026-07-12 21:53:05','2026-07-12 21:59:34','2026-07-12 22:12:52'),
(520,1,1,1490,460,2,NULL,NULL,'AVAILABLE',60.0000,0.0000,'UN','2026-07-12 21:53:05','2026-07-12 21:59:35','2026-07-12 22:12:52'),
(521,1,1,1491,461,2,NULL,NULL,'AVAILABLE',60.0000,0.0000,'UN','2026-07-12 21:53:05','2026-07-12 21:59:36','2026-07-12 22:12:52'),
(522,1,1,1492,462,2,NULL,NULL,'AVAILABLE',60.0000,0.0000,'UN','2026-07-12 21:53:05','2026-07-12 21:59:37','2026-07-12 22:12:52'),
(523,1,1,1493,463,2,NULL,NULL,'AVAILABLE',60.0000,0.0000,'UN','2026-07-12 21:53:05','2026-07-12 21:59:38','2026-07-12 22:12:52'),
(524,1,1,1494,464,2,NULL,NULL,'AVAILABLE',60.0000,0.0000,'UN','2026-07-12 21:53:05','2026-07-12 21:59:40','2026-07-12 22:12:52'),
(525,1,1,1495,465,2,NULL,NULL,'AVAILABLE',60.0000,0.0000,'UN','2026-07-12 21:53:05','2026-07-12 21:59:41','2026-07-12 22:12:52'),
(526,1,1,1496,466,2,NULL,NULL,'AVAILABLE',60.0000,0.0000,'UN','2026-07-12 21:53:05','2026-07-12 21:59:42','2026-07-12 22:12:52'),
(527,1,1,1497,467,2,NULL,NULL,'AVAILABLE',60.0000,0.0000,'UN','2026-07-12 21:53:05','2026-07-12 21:59:43','2026-07-12 22:12:52'),
(528,1,1,1498,468,2,NULL,NULL,'AVAILABLE',60.0000,0.0000,'UN','2026-07-12 21:53:05','2026-07-12 21:59:44','2026-07-12 22:12:52'),
(529,1,1,1499,469,2,NULL,NULL,'AVAILABLE',60.0000,0.0000,'UN','2026-07-12 21:53:05','2026-07-12 21:59:46','2026-07-12 22:12:52'),
(530,1,1,1500,470,2,NULL,NULL,'AVAILABLE',60.0000,0.0000,'UN','2026-07-12 21:53:05','2026-07-12 21:59:47','2026-07-12 22:12:52'),
(531,1,1,1501,471,2,NULL,NULL,'AVAILABLE',60.0000,0.0000,'UN','2026-07-12 21:53:05','2026-07-12 21:59:48','2026-07-12 22:12:52'),
(532,1,1,1502,472,2,NULL,NULL,'AVAILABLE',60.0000,0.0000,'UN','2026-07-12 21:53:05','2026-07-12 21:59:49','2026-07-12 22:12:52'),
(533,1,1,1503,473,2,NULL,NULL,'AVAILABLE',60.0000,0.0000,'UN','2026-07-12 21:53:05','2026-07-12 21:59:50','2026-07-12 22:12:52'),
(534,1,1,1504,474,2,NULL,NULL,'AVAILABLE',60.0000,0.0000,'UN','2026-07-12 21:53:05','2026-07-12 21:59:52','2026-07-12 22:12:52'),
(535,1,1,1505,475,2,NULL,NULL,'AVAILABLE',60.0000,0.0000,'UN','2026-07-12 21:53:05','2026-07-12 21:59:53','2026-07-12 22:12:52'),
(536,1,1,1506,476,2,NULL,NULL,'AVAILABLE',60.0000,0.0000,'UN','2026-07-12 21:53:05','2026-07-12 21:59:54','2026-07-12 22:12:52'),
(537,1,1,1507,477,2,NULL,NULL,'AVAILABLE',60.0000,0.0000,'UN','2026-07-12 21:53:05','2026-07-12 21:59:55','2026-07-12 22:12:52'),
(538,1,1,1508,478,2,NULL,NULL,'AVAILABLE',60.0000,0.0000,'UN','2026-07-12 21:53:05','2026-07-12 21:59:56','2026-07-12 22:12:52'),
(539,1,1,1509,479,2,NULL,NULL,'AVAILABLE',60.0000,0.0000,'UN','2026-07-12 21:53:05','2026-07-12 21:59:58','2026-07-12 22:12:52'),
(540,1,1,1510,480,2,NULL,NULL,'AVAILABLE',60.0000,0.0000,'UN','2026-07-12 21:53:05','2026-07-12 21:59:59','2026-07-12 22:12:52'),
(541,1,1,1511,481,2,NULL,NULL,'AVAILABLE',60.0000,0.0000,'UN','2026-07-12 21:53:05','2026-07-12 22:00:00','2026-07-12 22:12:52'),
(542,1,1,1512,482,2,NULL,NULL,'AVAILABLE',60.0000,0.0000,'UN','2026-07-12 21:53:05','2026-07-12 22:00:01','2026-07-12 22:12:52'),
(543,1,1,1513,483,2,NULL,NULL,'AVAILABLE',60.0000,0.0000,'UN','2026-07-12 21:53:05','2026-07-12 22:00:02','2026-07-12 22:12:52'),
(544,1,1,1514,484,1,NULL,NULL,'AVAILABLE',60.0000,0.0000,'UN','2026-07-12 21:53:05','2026-07-12 22:00:04','2026-07-19 03:46:37'),
(545,1,1,1515,485,1,NULL,NULL,'AVAILABLE',60.0000,0.0000,'UN','2026-07-12 21:53:05','2026-07-12 22:00:05','2026-07-19 03:46:37'),
(546,1,1,1516,486,1,NULL,NULL,'AVAILABLE',60.0000,0.0000,'UN','2026-07-12 21:53:05','2026-07-12 22:00:06','2026-07-19 03:46:37'),
(547,1,1,1517,487,1,NULL,NULL,'AVAILABLE',60.0000,0.0000,'UN','2026-07-12 21:53:05','2026-07-12 22:00:07','2026-07-19 03:46:37'),
(548,1,1,1518,488,1,NULL,NULL,'AVAILABLE',60.0000,0.0000,'UN','2026-07-12 21:53:05','2026-07-12 22:00:09','2026-07-19 03:46:37'),
(549,1,1,1519,489,1,NULL,NULL,'AVAILABLE',60.0000,0.0000,'UN','2026-07-12 21:53:05','2026-07-12 22:00:10','2026-07-19 03:46:37'),
(550,1,1,1520,490,1,NULL,NULL,'AVAILABLE',60.0000,0.0000,'UN','2026-07-12 21:53:05','2026-07-12 22:00:11','2026-07-19 03:46:37'),
(551,1,1,1521,491,1,NULL,NULL,'AVAILABLE',60.0000,0.0000,'UN','2026-07-12 21:53:05','2026-07-12 22:00:12','2026-07-19 03:46:37'),
(552,1,1,1522,492,1,NULL,NULL,'AVAILABLE',60.0000,0.0000,'UN','2026-07-12 21:53:05','2026-07-12 22:00:13','2026-07-19 03:46:37'),
(553,1,1,1523,493,1,NULL,NULL,'AVAILABLE',60.0000,0.0000,'UN','2026-07-12 21:53:05','2026-07-12 22:00:15','2026-07-19 03:46:37'),
(554,1,1,1524,494,1,NULL,NULL,'AVAILABLE',60.0000,0.0000,'UN','2026-07-12 21:53:05','2026-07-12 22:00:16','2026-07-19 03:46:37'),
(555,1,1,1525,495,1,NULL,NULL,'AVAILABLE',60.0000,0.0000,'UN','2026-07-12 21:53:05','2026-07-12 22:00:17','2026-07-19 03:46:37'),
(556,1,1,1526,496,1,NULL,NULL,'AVAILABLE',60.0000,0.0000,'UN','2026-07-12 21:53:05','2026-07-12 22:00:18','2026-07-19 03:46:37'),
(557,1,1,1527,497,1,NULL,NULL,'AVAILABLE',60.0000,0.0000,'UN','2026-07-12 21:53:05','2026-07-12 22:00:19','2026-07-19 03:46:37'),
(558,1,1,1528,498,1,NULL,NULL,'AVAILABLE',60.0000,0.0000,'UN','2026-07-12 21:53:05','2026-07-12 22:00:21','2026-07-19 03:46:37'),
(559,1,1,1529,499,1,NULL,NULL,'AVAILABLE',60.0000,0.0000,'UN','2026-07-12 21:53:05','2026-07-12 22:00:22','2026-07-19 03:46:37'),
(560,1,1,1530,500,1,NULL,NULL,'AVAILABLE',60.0000,0.0000,'UN','2026-07-12 21:53:05','2026-07-12 22:00:23','2026-07-19 03:46:37'),
(561,1,1,1531,501,1,NULL,NULL,'AVAILABLE',60.0000,0.0000,'UN','2026-07-12 21:53:05','2026-07-12 22:00:24','2026-07-19 03:46:37'),
(562,1,1,1532,502,1,NULL,NULL,'AVAILABLE',60.0000,0.0000,'UN','2026-07-12 21:53:05','2026-07-12 22:00:26','2026-07-19 03:46:37'),
(563,1,1,1533,503,1,NULL,NULL,'AVAILABLE',60.0000,0.0000,'UN','2026-07-12 21:53:05','2026-07-12 22:00:27','2026-07-19 03:46:37'),
(564,1,1,1534,504,1,NULL,NULL,'AVAILABLE',60.0000,0.0000,'UN','2026-07-12 21:53:05','2026-07-12 22:00:28','2026-07-19 03:46:37'),
(565,1,1,1535,505,1,NULL,NULL,'AVAILABLE',60.0000,0.0000,'UN','2026-07-12 21:53:05','2026-07-12 22:00:29','2026-07-19 03:46:37'),
(566,1,1,1536,506,1,NULL,NULL,'AVAILABLE',60.0000,0.0000,'UN','2026-07-12 21:53:05','2026-07-12 22:00:30','2026-07-19 03:46:37'),
(567,1,1,1537,507,1,NULL,NULL,'AVAILABLE',60.0000,0.0000,'UN','2026-07-12 21:53:05','2026-07-12 22:00:32','2026-07-19 03:46:37'),
(568,1,1,1538,508,1,NULL,NULL,'AVAILABLE',60.0000,0.0000,'UN','2026-07-12 21:53:05','2026-07-12 22:00:33','2026-07-19 03:46:37'),
(569,1,1,1539,509,1,NULL,NULL,'AVAILABLE',60.0000,0.0000,'UN','2026-07-12 21:53:05','2026-07-12 22:00:34','2026-07-19 03:46:37'),
(570,1,1,1540,510,1,NULL,NULL,'AVAILABLE',60.0000,0.0000,'UN','2026-07-12 21:53:05','2026-07-12 22:00:35','2026-07-19 03:46:37'),
(571,1,1,1541,511,1,NULL,NULL,'AVAILABLE',60.0000,0.0000,'UN','2026-07-12 21:53:05','2026-07-12 22:00:36','2026-07-19 03:46:37'),
(572,1,1,1542,512,1,NULL,NULL,'AVAILABLE',60.0000,0.0000,'UN','2026-07-12 21:53:05','2026-07-12 22:00:38','2026-07-19 03:46:37'),
(573,1,1,1543,513,1,NULL,NULL,'AVAILABLE',60.0000,0.0000,'UN','2026-07-12 21:53:05','2026-07-12 22:00:39','2026-07-19 03:46:37'),
(574,1,1,1544,514,1,NULL,NULL,'AVAILABLE',60.0000,0.0000,'UN','2026-07-12 21:53:05','2026-07-12 22:00:40','2026-07-19 03:46:37'),
(575,1,1,1545,515,1,NULL,NULL,'AVAILABLE',60.0000,0.0000,'UN','2026-07-12 21:53:05','2026-07-12 22:00:41','2026-07-19 03:46:37'),
(576,1,1,1546,516,1,NULL,NULL,'AVAILABLE',60.0000,0.0000,'UN','2026-07-12 21:53:05','2026-07-12 22:00:42','2026-07-19 03:46:37'),
(577,1,1,1547,517,1,NULL,NULL,'AVAILABLE',60.0000,0.0000,'UN','2026-07-12 21:53:05','2026-07-12 22:00:44','2026-07-19 03:46:37'),
(578,1,1,1548,518,25,NULL,NULL,'AVAILABLE',60.0000,0.0000,'UN','2026-07-12 21:53:05','2026-07-12 22:00:45','2026-07-12 22:12:53'),
(579,1,1,1549,519,25,NULL,NULL,'AVAILABLE',60.0000,0.0000,'UN','2026-07-12 21:53:05','2026-07-12 22:00:46','2026-07-12 22:12:53'),
(580,1,1,1550,520,25,NULL,NULL,'AVAILABLE',60.0000,0.0000,'UN','2026-07-12 21:53:05','2026-07-12 22:00:47','2026-07-12 22:12:53'),
(581,1,1,1551,521,25,NULL,NULL,'AVAILABLE',60.0000,0.0000,'UN','2026-07-12 21:53:05','2026-07-12 22:00:48','2026-07-12 22:12:53'),
(582,1,1,1552,522,25,NULL,NULL,'AVAILABLE',60.0000,0.0000,'UN','2026-07-12 21:53:05','2026-07-12 22:00:50','2026-07-12 22:12:53'),
(583,1,1,1553,523,25,NULL,NULL,'AVAILABLE',60.0000,0.0000,'UN','2026-07-12 21:53:05','2026-07-12 22:00:51','2026-07-12 22:12:53'),
(584,1,1,1554,524,25,NULL,NULL,'AVAILABLE',60.0000,0.0000,'UN','2026-07-12 21:53:05','2026-07-12 22:00:52','2026-07-12 22:12:53'),
(585,1,1,1555,525,25,NULL,NULL,'AVAILABLE',60.0000,0.0000,'UN','2026-07-12 21:53:05','2026-07-12 22:00:53','2026-07-12 22:12:53'),
(586,1,1,1556,526,25,NULL,NULL,'AVAILABLE',60.0000,0.0000,'UN','2026-07-12 21:53:05','2026-07-12 22:00:55','2026-07-12 22:12:53'),
(587,1,1,1557,527,25,NULL,NULL,'AVAILABLE',60.0000,0.0000,'UN','2026-07-12 21:53:05','2026-07-12 22:00:56','2026-07-12 22:12:53'),
(588,1,1,1558,528,25,NULL,NULL,'AVAILABLE',60.0000,0.0000,'UN','2026-07-12 21:53:05','2026-07-12 22:00:57','2026-07-12 22:12:53'),
(589,1,1,1559,529,25,NULL,NULL,'AVAILABLE',60.0000,0.0000,'UN','2026-07-12 21:53:05','2026-07-12 22:00:58','2026-07-12 22:12:53'),
(590,1,1,1560,530,25,NULL,NULL,'AVAILABLE',60.0000,0.0000,'UN','2026-07-12 21:53:05','2026-07-12 22:00:59','2026-07-12 22:12:53'),
(591,1,1,1561,531,25,NULL,NULL,'AVAILABLE',60.0000,0.0000,'UN','2026-07-12 21:53:05','2026-07-12 22:01:00','2026-07-12 22:12:53'),
(592,1,1,1562,532,25,NULL,NULL,'AVAILABLE',60.0000,0.0000,'UN','2026-07-12 21:53:05','2026-07-12 22:01:02','2026-07-12 22:12:53'),
(593,1,1,1563,533,25,NULL,NULL,'AVAILABLE',60.0000,0.0000,'UN','2026-07-12 21:53:05','2026-07-12 22:01:03','2026-07-12 22:12:53'),
(594,1,1,1564,534,25,NULL,NULL,'AVAILABLE',60.0000,0.0000,'UN','2026-07-12 21:53:05','2026-07-12 22:01:04','2026-07-12 22:12:53'),
(595,1,1,1565,535,25,NULL,NULL,'AVAILABLE',60.0000,0.0000,'UN','2026-07-12 21:53:05','2026-07-12 22:01:05','2026-07-12 22:12:53'),
(596,1,1,1566,536,25,NULL,NULL,'AVAILABLE',60.0000,0.0000,'UN','2026-07-12 21:53:05','2026-07-12 22:01:06','2026-07-12 22:12:53'),
(597,1,1,1567,537,25,NULL,NULL,'AVAILABLE',60.0000,0.0000,'UN','2026-07-12 21:53:05','2026-07-12 22:01:08','2026-07-12 22:12:53'),
(598,1,1,1568,538,25,NULL,NULL,'AVAILABLE',60.0000,0.0000,'UN','2026-07-12 21:53:05','2026-07-12 22:01:09','2026-07-12 22:12:53'),
(599,1,1,1569,539,25,NULL,NULL,'AVAILABLE',60.0000,0.0000,'UN','2026-07-12 21:53:05','2026-07-12 22:01:10','2026-07-12 22:12:53'),
(600,1,1,1570,540,25,NULL,NULL,'AVAILABLE',60.0000,0.0000,'UN','2026-07-12 21:53:05','2026-07-12 22:01:11','2026-07-12 22:12:53'),
(601,1,1,1571,541,25,NULL,NULL,'AVAILABLE',60.0000,0.0000,'UN','2026-07-12 21:53:05','2026-07-12 22:01:12','2026-07-12 22:12:53'),
(602,1,1,1572,542,25,NULL,NULL,'AVAILABLE',60.0000,0.0000,'UN','2026-07-12 21:53:05','2026-07-12 22:01:14','2026-07-12 22:12:53'),
(603,1,1,1573,543,25,NULL,NULL,'AVAILABLE',60.0000,0.0000,'UN','2026-07-12 21:53:05','2026-07-12 22:01:15','2026-07-12 22:12:53'),
(604,1,1,1574,544,25,NULL,NULL,'AVAILABLE',60.0000,0.0000,'UN','2026-07-12 21:53:05','2026-07-12 22:01:16','2026-07-12 22:12:53'),
(605,1,1,1575,545,25,NULL,NULL,'AVAILABLE',60.0000,0.0000,'UN','2026-07-12 21:53:05','2026-07-12 22:01:17','2026-07-12 22:12:53'),
(606,1,1,1576,546,25,NULL,NULL,'AVAILABLE',60.0000,0.0000,'UN','2026-07-12 21:53:05','2026-07-12 22:01:19','2026-07-12 22:12:53'),
(607,1,1,1577,547,25,NULL,NULL,'AVAILABLE',60.0000,0.0000,'UN','2026-07-12 21:53:05','2026-07-12 22:01:20','2026-07-12 22:12:53'),
(608,1,1,1578,548,25,NULL,NULL,'AVAILABLE',60.0000,0.0000,'UN','2026-07-12 21:53:05','2026-07-12 22:01:21','2026-07-12 22:12:53'),
(609,1,1,1579,549,25,NULL,NULL,'AVAILABLE',60.0000,0.0000,'UN','2026-07-12 21:53:05','2026-07-12 22:01:22','2026-07-12 22:12:53'),
(610,1,1,1580,550,25,NULL,NULL,'AVAILABLE',60.0000,0.0000,'UN','2026-07-12 21:53:05','2026-07-12 22:01:24','2026-07-12 22:12:53'),
(611,1,1,1581,551,25,NULL,NULL,'AVAILABLE',60.0000,0.0000,'UN','2026-07-12 21:53:05','2026-07-12 22:01:25','2026-07-12 22:12:53'),
(612,1,1,1582,552,24,NULL,NULL,'AVAILABLE',60.0000,0.0000,'UN','2026-07-12 21:53:05','2026-07-12 22:01:26','2026-07-12 22:12:53'),
(613,1,1,1583,553,24,NULL,NULL,'AVAILABLE',60.0000,0.0000,'UN','2026-07-12 21:53:05','2026-07-12 22:01:27','2026-07-12 22:12:53'),
(614,1,1,1584,554,24,NULL,NULL,'AVAILABLE',60.0000,0.0000,'UN','2026-07-12 21:53:05','2026-07-12 22:01:28','2026-07-12 22:12:53'),
(615,1,1,1585,555,24,NULL,NULL,'AVAILABLE',60.0000,0.0000,'UN','2026-07-12 21:53:05','2026-07-12 22:01:30','2026-07-12 22:12:53'),
(616,1,1,1586,556,24,NULL,NULL,'AVAILABLE',60.0000,0.0000,'UN','2026-07-12 21:53:05','2026-07-12 22:01:31','2026-07-12 22:12:53'),
(617,1,1,1587,557,24,NULL,NULL,'AVAILABLE',60.0000,0.0000,'UN','2026-07-12 21:53:05','2026-07-12 22:01:32','2026-07-12 22:12:53'),
(618,1,1,1588,558,24,NULL,NULL,'AVAILABLE',60.0000,0.0000,'UN','2026-07-12 21:53:05','2026-07-12 22:01:33','2026-07-12 22:12:53'),
(619,1,1,1589,559,24,NULL,NULL,'AVAILABLE',60.0000,0.0000,'UN','2026-07-12 21:53:05','2026-07-12 22:01:35','2026-07-12 22:12:53'),
(620,1,1,1590,560,24,NULL,NULL,'AVAILABLE',60.0000,0.0000,'UN','2026-07-12 21:53:05','2026-07-12 22:01:36','2026-07-12 22:12:53'),
(621,1,1,1591,561,24,NULL,NULL,'AVAILABLE',60.0000,0.0000,'UN','2026-07-12 21:53:05','2026-07-12 22:01:37','2026-07-12 22:12:53'),
(622,1,1,1592,562,24,NULL,NULL,'AVAILABLE',60.0000,0.0000,'UN','2026-07-12 21:53:05','2026-07-12 22:01:38','2026-07-12 22:12:53'),
(623,1,1,1593,563,24,NULL,NULL,'AVAILABLE',60.0000,0.0000,'UN','2026-07-12 21:53:05','2026-07-12 22:01:40','2026-07-12 22:12:53'),
(624,1,1,1594,564,24,NULL,NULL,'AVAILABLE',60.0000,0.0000,'UN','2026-07-12 21:53:05','2026-07-12 22:01:41','2026-07-12 22:12:53'),
(625,1,1,1595,565,24,NULL,NULL,'AVAILABLE',60.0000,0.0000,'UN','2026-07-12 21:53:05','2026-07-12 22:01:42','2026-07-12 22:12:53'),
(626,1,1,1596,566,24,NULL,NULL,'AVAILABLE',60.0000,0.0000,'UN','2026-07-12 21:53:05','2026-07-12 22:01:43','2026-07-12 22:12:53'),
(627,1,1,1597,567,24,NULL,NULL,'AVAILABLE',60.0000,0.0000,'UN','2026-07-12 21:53:05','2026-07-12 22:01:44','2026-07-12 22:12:53'),
(628,1,1,1598,568,24,NULL,NULL,'AVAILABLE',60.0000,0.0000,'UN','2026-07-12 21:53:05','2026-07-12 22:01:46','2026-07-12 22:12:53'),
(629,1,1,1599,569,24,NULL,NULL,'AVAILABLE',60.0000,0.0000,'UN','2026-07-12 21:53:05','2026-07-12 22:01:47','2026-07-12 22:12:53'),
(630,1,1,1600,570,24,NULL,NULL,'AVAILABLE',60.0000,0.0000,'UN','2026-07-12 21:53:05','2026-07-12 22:01:48','2026-07-12 22:12:53'),
(631,1,1,1601,571,24,NULL,NULL,'AVAILABLE',60.0000,0.0000,'UN','2026-07-12 21:53:05','2026-07-12 22:01:49','2026-07-12 22:12:53'),
(632,1,1,1602,572,24,NULL,NULL,'AVAILABLE',60.0000,0.0000,'UN','2026-07-12 21:53:05','2026-07-12 22:01:50','2026-07-12 22:12:54'),
(633,1,1,1603,573,24,NULL,NULL,'AVAILABLE',60.0000,0.0000,'UN','2026-07-12 21:53:05','2026-07-12 22:01:52','2026-07-12 22:12:54'),
(634,1,1,1604,574,24,NULL,NULL,'AVAILABLE',60.0000,0.0000,'UN','2026-07-12 21:53:05','2026-07-12 22:01:53','2026-07-12 22:12:54'),
(635,1,1,1605,575,24,NULL,NULL,'AVAILABLE',60.0000,0.0000,'UN','2026-07-12 21:53:05','2026-07-12 22:01:54','2026-07-12 22:12:54'),
(636,1,1,1606,576,24,NULL,NULL,'AVAILABLE',60.0000,0.0000,'UN','2026-07-12 21:53:05','2026-07-12 22:01:55','2026-07-12 22:12:54'),
(637,1,1,1607,577,24,NULL,NULL,'AVAILABLE',60.0000,0.0000,'UN','2026-07-12 21:53:05','2026-07-12 22:01:57','2026-07-12 22:12:54'),
(638,1,1,1608,578,24,NULL,NULL,'AVAILABLE',60.0000,0.0000,'UN','2026-07-12 21:53:05','2026-07-12 22:01:58','2026-07-12 22:12:54'),
(639,1,1,1609,579,24,NULL,NULL,'AVAILABLE',60.0000,0.0000,'UN','2026-07-12 21:53:05','2026-07-12 22:01:59','2026-07-12 22:12:54'),
(640,1,1,1610,580,24,NULL,NULL,'AVAILABLE',60.0000,0.0000,'UN','2026-07-12 21:53:05','2026-07-12 22:02:00','2026-07-12 22:12:54'),
(641,1,1,1611,581,24,NULL,NULL,'AVAILABLE',60.0000,0.0000,'UN','2026-07-12 21:53:05','2026-07-12 22:02:01','2026-07-12 22:12:54'),
(642,1,1,1612,582,24,NULL,NULL,'AVAILABLE',60.0000,0.0000,'UN','2026-07-12 21:53:05','2026-07-12 22:02:03','2026-07-12 22:12:54'),
(643,1,1,1613,583,24,NULL,NULL,'AVAILABLE',60.0000,0.0000,'UN','2026-07-12 21:53:05','2026-07-12 22:02:04','2026-07-12 22:12:54'),
(644,1,1,1614,584,24,NULL,NULL,'AVAILABLE',60.0000,0.0000,'UN','2026-07-12 21:53:05','2026-07-12 22:02:05','2026-07-12 22:12:54'),
(645,1,1,1615,585,24,NULL,NULL,'AVAILABLE',60.0000,0.0000,'UN','2026-07-12 21:53:05','2026-07-12 22:02:06','2026-07-12 22:12:54'),
(646,1,1,1616,586,23,NULL,NULL,'AVAILABLE',60.0000,0.0000,'UN','2026-07-12 21:53:05','2026-07-12 22:02:07','2026-07-12 22:12:54'),
(647,1,1,1617,587,23,NULL,NULL,'AVAILABLE',60.0000,0.0000,'UN','2026-07-12 21:53:05','2026-07-12 22:02:09','2026-07-12 22:12:54'),
(648,1,1,1618,588,23,NULL,NULL,'AVAILABLE',60.0000,0.0000,'UN','2026-07-12 21:53:05','2026-07-12 22:02:10','2026-07-12 22:12:54'),
(649,1,1,1619,589,23,NULL,NULL,'AVAILABLE',60.0000,0.0000,'UN','2026-07-12 21:53:05','2026-07-12 22:02:11','2026-07-12 22:12:54'),
(650,1,1,1620,590,23,NULL,NULL,'AVAILABLE',60.0000,0.0000,'UN','2026-07-12 21:53:05','2026-07-12 22:02:12','2026-07-12 22:12:54'),
(651,1,1,1621,591,23,NULL,NULL,'AVAILABLE',60.0000,0.0000,'UN','2026-07-12 21:53:05','2026-07-12 22:02:13','2026-07-12 22:12:54'),
(652,1,1,1622,592,23,NULL,NULL,'AVAILABLE',60.0000,0.0000,'UN','2026-07-12 21:53:05','2026-07-12 22:02:15','2026-07-12 22:12:54'),
(653,1,1,1623,593,23,NULL,NULL,'AVAILABLE',60.0000,0.0000,'UN','2026-07-12 21:53:05','2026-07-12 22:02:16','2026-07-12 22:12:54'),
(654,1,1,1624,594,23,NULL,NULL,'AVAILABLE',60.0000,0.0000,'UN','2026-07-12 21:53:05','2026-07-12 22:02:17','2026-07-12 22:12:54'),
(655,1,1,1625,595,23,NULL,NULL,'AVAILABLE',60.0000,0.0000,'UN','2026-07-12 21:53:05','2026-07-12 22:02:18','2026-07-12 22:12:54'),
(656,1,1,1626,596,23,NULL,NULL,'AVAILABLE',60.0000,0.0000,'UN','2026-07-12 21:53:05','2026-07-12 22:02:20','2026-07-12 22:12:54'),
(657,1,1,1627,597,23,NULL,NULL,'AVAILABLE',60.0000,0.0000,'UN','2026-07-12 21:53:05','2026-07-12 22:02:21','2026-07-12 22:12:54'),
(658,1,1,1628,598,23,NULL,NULL,'AVAILABLE',60.0000,0.0000,'UN','2026-07-12 21:53:05','2026-07-12 22:02:22','2026-07-12 22:12:54'),
(659,1,1,1629,599,23,NULL,NULL,'AVAILABLE',60.0000,0.0000,'UN','2026-07-12 21:53:05','2026-07-12 22:02:23','2026-07-12 22:12:54'),
(660,1,1,1630,600,23,NULL,NULL,'AVAILABLE',60.0000,0.0000,'UN','2026-07-12 21:53:05','2026-07-12 22:02:24','2026-07-12 22:12:54'),
(661,1,1,1631,601,23,NULL,NULL,'AVAILABLE',60.0000,0.0000,'UN','2026-07-12 21:53:05','2026-07-12 22:02:26','2026-07-12 22:12:54'),
(662,1,1,1632,602,23,NULL,NULL,'AVAILABLE',60.0000,0.0000,'UN','2026-07-12 21:53:05','2026-07-12 22:02:27','2026-07-12 22:12:54'),
(663,1,1,1633,603,23,NULL,NULL,'AVAILABLE',60.0000,0.0000,'UN','2026-07-12 21:53:05','2026-07-12 22:02:28','2026-07-12 22:12:54'),
(664,1,1,1634,604,23,NULL,NULL,'AVAILABLE',60.0000,0.0000,'UN','2026-07-12 21:53:05','2026-07-12 22:02:29','2026-07-12 22:12:54'),
(665,1,1,1635,605,23,NULL,NULL,'AVAILABLE',60.0000,0.0000,'UN','2026-07-12 21:53:05','2026-07-12 22:02:31','2026-07-12 22:12:54'),
(666,1,1,1636,606,23,NULL,NULL,'AVAILABLE',60.0000,0.0000,'UN','2026-07-12 21:53:05','2026-07-12 22:02:32','2026-07-12 22:12:54'),
(667,1,1,1637,607,23,NULL,NULL,'AVAILABLE',60.0000,0.0000,'UN','2026-07-12 21:53:05','2026-07-12 22:02:33','2026-07-12 22:12:54'),
(668,1,1,1638,608,23,NULL,NULL,'AVAILABLE',60.0000,0.0000,'UN','2026-07-12 21:53:05','2026-07-12 22:02:34','2026-07-12 22:12:54'),
(669,1,1,1639,609,23,NULL,NULL,'AVAILABLE',60.0000,0.0000,'UN','2026-07-12 21:53:05','2026-07-12 22:02:35','2026-07-12 22:12:54'),
(670,1,1,1640,610,23,NULL,NULL,'AVAILABLE',60.0000,0.0000,'UN','2026-07-12 21:53:05','2026-07-12 22:02:37','2026-07-12 22:12:54'),
(671,1,1,1641,611,23,NULL,NULL,'AVAILABLE',60.0000,0.0000,'UN','2026-07-12 21:53:05','2026-07-12 22:02:38','2026-07-12 22:12:54'),
(672,1,1,1642,612,23,NULL,NULL,'AVAILABLE',60.0000,0.0000,'UN','2026-07-12 21:53:05','2026-07-12 22:02:39','2026-07-12 22:12:54'),
(673,1,1,1643,613,23,NULL,NULL,'AVAILABLE',60.0000,0.0000,'UN','2026-07-12 21:53:05','2026-07-12 22:02:40','2026-07-12 22:12:54'),
(674,1,1,1644,614,23,NULL,NULL,'AVAILABLE',60.0000,0.0000,'UN','2026-07-12 21:53:05','2026-07-12 22:02:41','2026-07-12 22:12:54'),
(675,1,1,1645,615,23,NULL,NULL,'AVAILABLE',60.0000,0.0000,'UN','2026-07-12 21:53:05','2026-07-12 22:02:43','2026-07-12 22:12:54'),
(676,1,1,1646,616,23,NULL,NULL,'AVAILABLE',60.0000,0.0000,'UN','2026-07-12 21:53:05','2026-07-12 22:02:44','2026-07-12 22:12:54'),
(677,1,1,1647,617,23,NULL,NULL,'AVAILABLE',60.0000,0.0000,'UN','2026-07-12 21:53:05','2026-07-12 22:02:45','2026-07-12 22:12:54'),
(678,1,1,1648,618,23,NULL,NULL,'AVAILABLE',60.0000,0.0000,'UN','2026-07-12 21:53:05','2026-07-12 22:02:46','2026-07-12 22:12:54'),
(679,1,1,1649,619,23,NULL,NULL,'AVAILABLE',60.0000,0.0000,'UN','2026-07-12 21:53:05','2026-07-12 22:02:48','2026-07-12 22:12:54'),
(680,1,1,1650,620,9,NULL,NULL,'AVAILABLE',60.0000,0.0000,'UN','2026-07-12 21:53:05','2026-07-12 22:02:49','2026-07-12 22:12:54'),
(681,1,1,1651,621,9,NULL,NULL,'AVAILABLE',60.0000,0.0000,'UN','2026-07-12 21:53:05','2026-07-12 22:02:50','2026-07-12 22:12:54'),
(682,1,1,1652,622,9,NULL,NULL,'AVAILABLE',60.0000,0.0000,'UN','2026-07-12 21:53:05','2026-07-12 22:02:51','2026-07-12 22:12:54'),
(683,1,1,1653,623,9,NULL,NULL,'AVAILABLE',60.0000,0.0000,'UN','2026-07-12 21:53:05','2026-07-12 22:02:53','2026-07-12 22:12:54'),
(684,1,1,1654,624,9,NULL,NULL,'AVAILABLE',60.0000,0.0000,'UN','2026-07-12 21:53:05','2026-07-12 22:02:54','2026-07-12 22:12:54'),
(685,1,1,1655,625,9,NULL,NULL,'AVAILABLE',60.0000,0.0000,'UN','2026-07-12 21:53:05','2026-07-12 22:02:55','2026-07-12 22:12:54'),
(686,1,1,1656,626,9,NULL,NULL,'AVAILABLE',60.0000,0.0000,'UN','2026-07-12 21:53:05','2026-07-12 22:02:56','2026-07-12 22:12:54'),
(687,1,1,1657,627,9,NULL,NULL,'AVAILABLE',60.0000,0.0000,'UN','2026-07-12 21:53:05','2026-07-12 22:02:58','2026-07-12 22:12:54'),
(688,1,1,1658,628,9,NULL,NULL,'AVAILABLE',60.0000,0.0000,'UN','2026-07-12 21:53:05','2026-07-12 22:02:59','2026-07-12 22:12:54'),
(689,1,1,1659,629,9,NULL,NULL,'AVAILABLE',60.0000,0.0000,'UN','2026-07-12 21:53:05','2026-07-12 22:03:00','2026-07-12 22:12:54'),
(690,1,1,1660,630,9,NULL,NULL,'AVAILABLE',60.0000,0.0000,'UN','2026-07-12 21:53:05','2026-07-12 22:03:01','2026-07-12 22:12:54'),
(691,1,1,1661,631,9,NULL,NULL,'AVAILABLE',60.0000,0.0000,'UN','2026-07-12 21:53:05','2026-07-12 22:03:03','2026-07-12 22:12:54'),
(692,1,1,1662,632,9,NULL,NULL,'AVAILABLE',60.0000,0.0000,'UN','2026-07-12 21:53:05','2026-07-12 22:03:04','2026-07-12 22:12:54'),
(693,1,1,1663,633,9,NULL,NULL,'AVAILABLE',60.0000,0.0000,'UN','2026-07-12 21:53:05','2026-07-12 22:03:05','2026-07-12 22:12:54'),
(694,1,1,1664,634,9,NULL,NULL,'AVAILABLE',60.0000,0.0000,'UN','2026-07-12 21:53:05','2026-07-12 22:03:06','2026-07-12 22:12:54'),
(695,1,1,1665,635,9,NULL,NULL,'AVAILABLE',60.0000,0.0000,'UN','2026-07-12 21:53:05','2026-07-12 22:03:07','2026-07-12 22:12:54'),
(696,1,1,1666,636,9,NULL,NULL,'AVAILABLE',60.0000,0.0000,'UN','2026-07-12 21:53:05','2026-07-12 22:03:09','2026-07-12 22:12:54'),
(697,1,1,1667,637,9,NULL,NULL,'AVAILABLE',60.0000,0.0000,'UN','2026-07-12 21:53:05','2026-07-12 22:03:10','2026-07-12 22:12:54'),
(698,1,1,1668,638,9,NULL,NULL,'AVAILABLE',60.0000,0.0000,'UN','2026-07-12 21:53:05','2026-07-12 22:03:11','2026-07-12 22:12:54'),
(699,1,1,1669,639,9,NULL,NULL,'AVAILABLE',60.0000,0.0000,'UN','2026-07-12 21:53:05','2026-07-12 22:03:12','2026-07-12 22:12:54'),
(700,1,1,1670,640,9,NULL,NULL,'AVAILABLE',60.0000,0.0000,'UN','2026-07-12 21:53:05','2026-07-12 22:03:14','2026-07-12 22:12:54'),
(701,1,1,1671,641,9,NULL,NULL,'AVAILABLE',60.0000,0.0000,'UN','2026-07-12 21:53:05','2026-07-12 22:03:15','2026-07-12 22:12:54'),
(702,1,1,1672,642,9,NULL,NULL,'AVAILABLE',60.0000,0.0000,'UN','2026-07-12 21:53:05','2026-07-12 22:03:16','2026-07-12 22:12:54'),
(703,1,1,1673,643,9,NULL,NULL,'AVAILABLE',60.0000,0.0000,'UN','2026-07-12 21:53:05','2026-07-12 22:03:17','2026-07-12 22:12:54'),
(704,1,1,1674,644,9,NULL,NULL,'AVAILABLE',60.0000,0.0000,'UN','2026-07-12 21:53:05','2026-07-12 22:03:18','2026-07-12 22:12:54'),
(705,1,1,1675,645,9,NULL,NULL,'AVAILABLE',60.0000,0.0000,'UN','2026-07-12 21:53:05','2026-07-12 22:03:20','2026-07-12 22:12:54'),
(706,1,1,1676,646,9,NULL,NULL,'AVAILABLE',60.0000,0.0000,'UN','2026-07-12 21:53:05','2026-07-12 22:03:21','2026-07-12 22:12:54'),
(707,1,1,1677,647,9,NULL,NULL,'AVAILABLE',60.0000,0.0000,'UN','2026-07-12 21:53:05','2026-07-12 22:03:22','2026-07-12 22:12:54'),
(708,1,1,1678,648,9,NULL,NULL,'AVAILABLE',60.0000,0.0000,'UN','2026-07-12 21:53:05','2026-07-12 22:03:23','2026-07-12 22:12:54'),
(709,1,1,1679,649,9,NULL,NULL,'AVAILABLE',60.0000,0.0000,'UN','2026-07-12 21:53:05','2026-07-12 22:03:25','2026-07-12 22:12:54'),
(710,1,1,1680,650,9,NULL,NULL,'AVAILABLE',60.0000,0.0000,'UN','2026-07-12 21:53:05','2026-07-12 22:03:26','2026-07-12 22:12:54'),
(711,1,1,1681,651,9,NULL,NULL,'AVAILABLE',60.0000,0.0000,'UN','2026-07-12 21:53:05','2026-07-12 22:03:27','2026-07-12 22:12:54'),
(712,1,1,1682,652,9,NULL,NULL,'AVAILABLE',60.0000,0.0000,'UN','2026-07-12 21:53:05','2026-07-12 22:03:28','2026-07-12 22:12:55'),
(713,1,1,1683,653,9,NULL,NULL,'AVAILABLE',60.0000,0.0000,'UN','2026-07-12 21:53:05','2026-07-12 22:03:30','2026-07-12 22:12:55'),
(714,1,1,1684,654,10,NULL,NULL,'AVAILABLE',60.0000,0.0000,'UN','2026-07-12 21:53:05','2026-07-12 22:03:31','2026-07-12 22:12:55'),
(715,1,1,1685,655,10,NULL,NULL,'AVAILABLE',60.0000,0.0000,'UN','2026-07-12 21:53:05','2026-07-12 22:03:32','2026-07-12 22:12:55'),
(716,1,1,1686,656,10,NULL,NULL,'AVAILABLE',60.0000,0.0000,'UN','2026-07-12 21:53:05','2026-07-12 22:03:33','2026-07-12 22:12:55'),
(717,1,1,1687,657,10,NULL,NULL,'AVAILABLE',60.0000,0.0000,'UN','2026-07-12 21:53:05','2026-07-12 22:03:34','2026-07-12 22:12:55'),
(718,1,1,1688,658,10,NULL,NULL,'AVAILABLE',60.0000,0.0000,'UN','2026-07-12 21:53:05','2026-07-12 22:03:36','2026-07-12 22:12:55'),
(719,1,1,1689,659,10,NULL,NULL,'AVAILABLE',60.0000,0.0000,'UN','2026-07-12 21:53:05','2026-07-12 22:03:37','2026-07-12 22:12:55'),
(720,1,1,1690,660,10,NULL,NULL,'AVAILABLE',60.0000,0.0000,'UN','2026-07-12 21:53:05','2026-07-12 22:03:38','2026-07-12 22:12:55'),
(721,1,1,1691,661,10,NULL,NULL,'AVAILABLE',60.0000,0.0000,'UN','2026-07-12 21:53:05','2026-07-12 22:03:39','2026-07-12 22:12:55'),
(722,1,1,1692,662,10,NULL,NULL,'AVAILABLE',60.0000,0.0000,'UN','2026-07-12 21:53:05','2026-07-12 22:03:41','2026-07-12 22:12:55'),
(723,1,1,1693,663,10,NULL,NULL,'AVAILABLE',60.0000,0.0000,'UN','2026-07-12 21:53:05','2026-07-12 22:03:42','2026-07-12 22:12:55'),
(724,1,1,1694,664,10,NULL,NULL,'AVAILABLE',60.0000,0.0000,'UN','2026-07-12 21:53:05','2026-07-12 22:03:43','2026-07-12 22:12:55'),
(725,1,1,1695,665,10,NULL,NULL,'AVAILABLE',60.0000,0.0000,'UN','2026-07-12 21:53:05','2026-07-12 22:03:44','2026-07-12 22:12:55'),
(726,1,1,1696,666,10,NULL,NULL,'AVAILABLE',60.0000,0.0000,'UN','2026-07-12 21:53:05','2026-07-12 22:03:45','2026-07-12 22:12:55'),
(727,1,1,1697,667,10,NULL,NULL,'AVAILABLE',60.0000,0.0000,'UN','2026-07-12 21:53:05','2026-07-12 22:03:47','2026-07-12 22:12:55'),
(728,1,1,1698,668,10,NULL,NULL,'AVAILABLE',60.0000,0.0000,'UN','2026-07-12 21:53:05','2026-07-12 22:03:48','2026-07-12 22:12:55'),
(729,1,1,1699,669,10,NULL,NULL,'AVAILABLE',60.0000,0.0000,'UN','2026-07-12 21:53:05','2026-07-12 22:03:49','2026-07-12 22:12:55'),
(730,1,1,1700,670,10,NULL,NULL,'AVAILABLE',60.0000,0.0000,'UN','2026-07-12 21:53:05','2026-07-12 22:03:50','2026-07-12 22:12:55'),
(731,1,1,1701,671,10,NULL,NULL,'AVAILABLE',60.0000,0.0000,'UN','2026-07-12 21:53:05','2026-07-12 22:03:52','2026-07-12 22:12:55'),
(732,1,1,1702,672,10,NULL,NULL,'AVAILABLE',60.0000,0.0000,'UN','2026-07-12 21:53:05','2026-07-12 22:03:53','2026-07-12 22:12:55'),
(733,1,1,1703,673,10,NULL,NULL,'AVAILABLE',60.0000,0.0000,'UN','2026-07-12 21:53:05','2026-07-12 22:03:54','2026-07-12 22:12:55'),
(734,1,1,1704,674,10,NULL,NULL,'AVAILABLE',60.0000,0.0000,'UN','2026-07-12 21:53:05','2026-07-12 22:03:55','2026-07-12 22:12:55'),
(735,1,1,1705,675,10,NULL,NULL,'AVAILABLE',60.0000,0.0000,'UN','2026-07-12 21:53:05','2026-07-12 22:03:56','2026-07-12 22:12:55'),
(736,1,1,1706,676,10,NULL,NULL,'AVAILABLE',60.0000,0.0000,'UN','2026-07-12 21:53:05','2026-07-12 22:03:58','2026-07-12 22:12:55'),
(737,1,1,1707,677,10,NULL,NULL,'AVAILABLE',60.0000,0.0000,'UN','2026-07-12 21:53:05','2026-07-12 22:03:59','2026-07-12 22:12:55'),
(738,1,1,1708,678,10,NULL,NULL,'AVAILABLE',60.0000,0.0000,'UN','2026-07-12 21:53:05','2026-07-12 22:04:00','2026-07-12 22:12:55'),
(739,1,1,1709,679,10,NULL,NULL,'AVAILABLE',60.0000,0.0000,'UN','2026-07-12 21:53:05','2026-07-12 22:04:01','2026-07-12 22:12:55'),
(740,1,1,1710,680,10,NULL,NULL,'AVAILABLE',60.0000,0.0000,'UN','2026-07-12 21:53:05','2026-07-12 22:04:02','2026-07-12 22:12:55'),
(741,1,1,1711,681,10,NULL,NULL,'AVAILABLE',60.0000,0.0000,'UN','2026-07-12 21:53:05','2026-07-12 22:04:04','2026-07-12 22:12:55'),
(742,1,1,1712,682,10,NULL,NULL,'AVAILABLE',60.0000,0.0000,'UN','2026-07-12 21:53:05','2026-07-12 22:04:05','2026-07-12 22:12:55'),
(743,1,1,1713,683,10,NULL,NULL,'AVAILABLE',60.0000,0.0000,'UN','2026-07-12 21:53:05','2026-07-12 22:04:06','2026-07-12 22:12:55'),
(744,1,1,1714,684,10,NULL,NULL,'AVAILABLE',60.0000,0.0000,'UN','2026-07-12 21:53:05','2026-07-12 22:04:07','2026-07-12 22:12:55'),
(745,1,1,1715,685,10,NULL,NULL,'AVAILABLE',60.0000,0.0000,'UN','2026-07-12 21:53:05','2026-07-12 22:04:09','2026-07-12 22:12:55'),
(746,1,1,1716,686,10,NULL,NULL,'AVAILABLE',60.0000,0.0000,'UN','2026-07-12 21:53:05','2026-07-12 22:04:10','2026-07-12 22:12:55'),
(747,1,1,1717,687,10,NULL,NULL,'AVAILABLE',60.0000,0.0000,'UN','2026-07-12 21:53:05','2026-07-12 22:04:11','2026-07-12 22:12:55'),
(748,1,1,1718,688,26,NULL,NULL,'AVAILABLE',60.0000,0.0000,'UN','2026-07-12 21:53:05','2026-07-12 22:04:12','2026-07-12 22:12:55'),
(749,1,1,1719,689,26,NULL,NULL,'AVAILABLE',60.0000,0.0000,'UN','2026-07-12 21:53:05','2026-07-12 22:04:13','2026-07-12 22:12:55'),
(750,1,1,1720,690,26,NULL,NULL,'AVAILABLE',60.0000,0.0000,'UN','2026-07-12 21:53:05','2026-07-12 22:04:15','2026-07-12 22:12:55'),
(751,1,1,1721,691,26,NULL,NULL,'AVAILABLE',60.0000,0.0000,'UN','2026-07-12 21:53:05','2026-07-12 22:04:16','2026-07-12 22:12:55'),
(752,1,1,1722,692,26,NULL,NULL,'AVAILABLE',60.0000,0.0000,'UN','2026-07-12 21:53:05','2026-07-12 22:04:17','2026-07-12 22:12:55'),
(753,1,1,1723,693,26,NULL,NULL,'AVAILABLE',60.0000,0.0000,'UN','2026-07-12 21:53:05','2026-07-12 22:04:18','2026-07-12 22:12:55'),
(754,1,1,1724,694,26,NULL,NULL,'AVAILABLE',60.0000,0.0000,'UN','2026-07-12 21:53:05','2026-07-12 22:04:19','2026-07-12 22:12:55'),
(755,1,1,1725,695,26,NULL,NULL,'AVAILABLE',60.0000,0.0000,'UN','2026-07-12 21:53:05','2026-07-12 22:04:21','2026-07-12 22:12:55'),
(756,1,1,1726,696,26,NULL,NULL,'AVAILABLE',60.0000,0.0000,'UN','2026-07-12 21:53:05','2026-07-12 22:04:22','2026-07-12 22:12:55'),
(757,1,1,1727,697,26,NULL,NULL,'AVAILABLE',60.0000,0.0000,'UN','2026-07-12 21:53:05','2026-07-12 22:04:23','2026-07-12 22:12:55'),
(758,1,1,1728,698,26,NULL,NULL,'AVAILABLE',60.0000,0.0000,'UN','2026-07-12 21:53:05','2026-07-12 22:04:24','2026-07-12 22:12:55'),
(759,1,1,1729,699,26,NULL,NULL,'AVAILABLE',60.0000,0.0000,'UN','2026-07-12 21:53:05','2026-07-12 22:04:26','2026-07-12 22:12:55'),
(760,1,1,1730,700,26,NULL,NULL,'AVAILABLE',60.0000,0.0000,'UN','2026-07-12 21:53:05','2026-07-12 22:04:27','2026-07-12 22:12:55'),
(761,1,1,1731,701,26,NULL,NULL,'AVAILABLE',60.0000,0.0000,'UN','2026-07-12 21:53:05','2026-07-12 22:04:28','2026-07-12 22:12:55'),
(762,1,1,1732,702,26,NULL,NULL,'AVAILABLE',60.0000,0.0000,'UN','2026-07-12 21:53:05','2026-07-12 22:04:29','2026-07-12 22:12:55'),
(763,1,1,1733,703,26,NULL,NULL,'AVAILABLE',60.0000,0.0000,'UN','2026-07-12 21:53:05','2026-07-12 22:04:31','2026-07-12 22:12:55'),
(764,1,1,1734,704,26,NULL,NULL,'AVAILABLE',60.0000,0.0000,'UN','2026-07-12 21:53:05','2026-07-12 22:04:32','2026-07-12 22:12:55'),
(765,1,1,1735,705,26,NULL,NULL,'AVAILABLE',60.0000,0.0000,'UN','2026-07-12 21:53:05','2026-07-12 22:04:33','2026-07-12 22:12:55'),
(766,1,1,1736,706,26,NULL,NULL,'AVAILABLE',60.0000,0.0000,'UN','2026-07-12 21:53:05','2026-07-12 22:04:34','2026-07-12 22:12:55'),
(767,1,1,1737,707,26,NULL,NULL,'AVAILABLE',60.0000,0.0000,'UN','2026-07-12 21:53:05','2026-07-12 22:04:36','2026-07-12 22:12:55'),
(768,1,1,1738,708,26,NULL,NULL,'AVAILABLE',60.0000,0.0000,'UN','2026-07-12 21:53:05','2026-07-12 22:04:37','2026-07-12 22:12:55'),
(769,1,1,1739,709,26,NULL,NULL,'AVAILABLE',60.0000,0.0000,'UN','2026-07-12 21:53:05','2026-07-12 22:04:38','2026-07-12 22:12:55'),
(770,1,1,1740,710,26,NULL,NULL,'AVAILABLE',60.0000,0.0000,'UN','2026-07-12 21:53:05','2026-07-12 22:04:39','2026-07-12 22:12:55'),
(771,1,1,1741,711,26,NULL,NULL,'AVAILABLE',60.0000,0.0000,'UN','2026-07-12 21:53:05','2026-07-12 22:04:40','2026-07-12 22:12:55'),
(772,1,1,1742,712,26,NULL,NULL,'AVAILABLE',60.0000,0.0000,'UN','2026-07-12 21:53:05','2026-07-12 22:04:42','2026-07-12 22:12:55'),
(773,1,1,1743,713,26,NULL,NULL,'AVAILABLE',60.0000,0.0000,'UN','2026-07-12 21:53:05','2026-07-12 22:04:43','2026-07-12 22:12:55'),
(774,1,1,1744,714,26,NULL,NULL,'AVAILABLE',60.0000,0.0000,'UN','2026-07-12 21:53:05','2026-07-12 22:04:44','2026-07-12 22:12:55'),
(775,1,1,1745,715,26,NULL,NULL,'AVAILABLE',60.0000,0.0000,'UN','2026-07-12 21:53:05','2026-07-12 22:04:45','2026-07-12 22:12:55'),
(776,1,1,1746,716,26,NULL,NULL,'AVAILABLE',60.0000,0.0000,'UN','2026-07-12 21:53:05','2026-07-12 22:04:46','2026-07-12 22:12:55'),
(777,1,1,1747,717,26,NULL,NULL,'AVAILABLE',60.0000,0.0000,'UN','2026-07-12 21:53:05','2026-07-12 22:04:48','2026-07-12 22:12:55'),
(778,1,1,1748,718,26,NULL,NULL,'AVAILABLE',60.0000,0.0000,'UN','2026-07-12 21:53:05','2026-07-12 22:04:49','2026-07-12 22:12:55'),
(779,1,1,1749,719,26,NULL,NULL,'AVAILABLE',60.0000,0.0000,'UN','2026-07-12 21:53:05','2026-07-12 22:04:50','2026-07-12 22:12:55'),
(780,1,1,1750,720,26,NULL,NULL,'AVAILABLE',60.0000,0.0000,'UN','2026-07-12 21:53:05','2026-07-12 22:04:51','2026-07-12 22:12:55'),
(781,1,1,1751,721,26,NULL,NULL,'AVAILABLE',60.0000,0.0000,'UN','2026-07-12 21:53:05','2026-07-12 22:04:53','2026-07-12 22:12:55'),
(782,1,1,1752,722,11,NULL,NULL,'AVAILABLE',60.0000,0.0000,'UN','2026-07-12 21:53:05','2026-07-12 22:04:54','2026-07-12 22:12:55'),
(783,1,1,1753,723,11,NULL,NULL,'AVAILABLE',60.0000,0.0000,'UN','2026-07-12 21:53:05','2026-07-12 22:04:55','2026-07-12 22:12:55'),
(784,1,1,1754,724,11,NULL,NULL,'AVAILABLE',60.0000,0.0000,'UN','2026-07-12 21:53:05','2026-07-12 22:04:56','2026-07-12 22:12:55'),
(785,1,1,1755,725,11,NULL,NULL,'AVAILABLE',60.0000,0.0000,'UN','2026-07-12 21:53:05','2026-07-12 22:04:58','2026-07-12 22:12:55'),
(786,1,1,1756,726,11,NULL,NULL,'AVAILABLE',60.0000,0.0000,'UN','2026-07-12 21:53:05','2026-07-12 22:05:00','2026-07-12 22:12:55'),
(787,1,1,1757,727,11,NULL,NULL,'AVAILABLE',60.0000,0.0000,'UN','2026-07-12 21:53:05','2026-07-12 22:05:01','2026-07-12 22:12:55'),
(788,1,1,1758,728,11,NULL,NULL,'AVAILABLE',60.0000,0.0000,'UN','2026-07-12 21:53:05','2026-07-12 22:05:02','2026-07-12 22:12:55'),
(789,1,1,1759,729,11,NULL,NULL,'AVAILABLE',60.0000,0.0000,'UN','2026-07-12 21:53:05','2026-07-12 22:05:04','2026-07-12 22:12:56'),
(790,1,1,1760,730,11,NULL,NULL,'AVAILABLE',60.0000,0.0000,'UN','2026-07-12 21:53:05','2026-07-12 22:05:05','2026-07-12 22:12:56'),
(791,1,1,1761,731,11,NULL,NULL,'AVAILABLE',60.0000,0.0000,'UN','2026-07-12 21:53:05','2026-07-12 22:05:06','2026-07-12 22:12:56'),
(792,1,1,1762,732,11,NULL,NULL,'AVAILABLE',60.0000,0.0000,'UN','2026-07-12 21:53:05','2026-07-12 22:05:07','2026-07-12 22:12:56'),
(793,1,1,1763,733,11,NULL,NULL,'AVAILABLE',60.0000,0.0000,'UN','2026-07-12 21:53:05','2026-07-12 22:05:08','2026-07-12 22:12:56'),
(794,1,1,1764,734,11,NULL,NULL,'AVAILABLE',60.0000,0.0000,'UN','2026-07-12 21:53:05','2026-07-12 22:05:09','2026-07-12 22:12:56'),
(795,1,1,1765,735,11,NULL,NULL,'AVAILABLE',60.0000,0.0000,'UN','2026-07-12 21:53:05','2026-07-12 22:05:11','2026-07-12 22:12:56'),
(796,1,1,1766,736,11,NULL,NULL,'AVAILABLE',60.0000,0.0000,'UN','2026-07-12 21:53:05','2026-07-12 22:05:12','2026-07-12 22:12:56'),
(797,1,1,1767,737,11,NULL,NULL,'AVAILABLE',60.0000,0.0000,'UN','2026-07-12 21:53:05','2026-07-12 22:05:13','2026-07-12 22:12:56'),
(798,1,1,1768,738,11,NULL,NULL,'AVAILABLE',60.0000,0.0000,'UN','2026-07-12 21:53:05','2026-07-12 22:05:14','2026-07-12 22:12:56'),
(799,1,1,1769,739,11,NULL,NULL,'AVAILABLE',60.0000,0.0000,'UN','2026-07-12 21:53:05','2026-07-12 22:05:15','2026-07-12 22:12:56'),
(800,1,1,1770,740,11,NULL,NULL,'AVAILABLE',60.0000,0.0000,'UN','2026-07-12 21:53:05','2026-07-12 22:05:17','2026-07-12 22:12:56'),
(801,1,1,1771,741,11,NULL,NULL,'AVAILABLE',60.0000,0.0000,'UN','2026-07-12 21:53:05','2026-07-12 22:05:18','2026-07-12 22:12:56'),
(802,1,1,1772,742,11,NULL,NULL,'AVAILABLE',60.0000,0.0000,'UN','2026-07-12 21:53:05','2026-07-12 22:05:19','2026-07-12 22:12:56'),
(803,1,1,1773,743,11,NULL,NULL,'AVAILABLE',60.0000,0.0000,'UN','2026-07-12 21:53:05','2026-07-12 22:05:20','2026-07-12 22:12:56'),
(804,1,1,1774,744,11,NULL,NULL,'AVAILABLE',60.0000,0.0000,'UN','2026-07-12 21:53:05','2026-07-12 22:05:22','2026-07-12 22:12:56'),
(805,1,1,1775,745,11,NULL,NULL,'AVAILABLE',60.0000,0.0000,'UN','2026-07-12 21:53:05','2026-07-12 22:05:23','2026-07-12 22:12:56'),
(806,1,1,1776,746,11,NULL,NULL,'AVAILABLE',60.0000,0.0000,'UN','2026-07-12 21:53:05','2026-07-12 22:05:24','2026-07-12 22:12:56'),
(807,1,1,1778,747,11,NULL,NULL,'AVAILABLE',60.0000,0.0000,'UN','2026-07-12 21:53:05','2026-07-12 22:05:25','2026-07-12 22:12:56'),
(808,1,1,1781,748,11,NULL,NULL,'AVAILABLE',60.0000,0.0000,'UN','2026-07-12 21:53:05','2026-07-12 22:05:26','2026-07-12 22:12:56'),
(809,1,1,1782,749,11,NULL,NULL,'AVAILABLE',60.0000,0.0000,'UN','2026-07-12 21:53:05','2026-07-12 22:05:28','2026-07-12 22:12:56'),
(810,1,1,1783,750,11,NULL,NULL,'AVAILABLE',60.0000,0.0000,'UN','2026-07-12 21:53:05','2026-07-12 22:05:29','2026-07-12 22:12:56'),
(811,1,1,1784,751,11,NULL,NULL,'AVAILABLE',60.0000,0.0000,'UN','2026-07-12 21:53:05','2026-07-12 22:05:30','2026-07-12 22:12:56'),
(812,1,1,1785,752,11,NULL,NULL,'AVAILABLE',60.0000,0.0000,'UN','2026-07-12 21:53:05','2026-07-12 22:05:31','2026-07-12 22:12:56'),
(813,1,1,1786,753,11,NULL,NULL,'AVAILABLE',60.0000,0.0000,'UN','2026-07-12 21:53:05','2026-07-12 22:05:33','2026-07-12 22:12:56'),
(814,1,1,1787,754,11,NULL,NULL,'AVAILABLE',60.0000,0.0000,'UN','2026-07-12 21:53:05','2026-07-12 22:05:34','2026-07-12 22:12:56'),
(815,1,1,1788,755,11,NULL,NULL,'AVAILABLE',60.0000,0.0000,'UN','2026-07-12 21:53:05','2026-07-12 22:05:35','2026-07-12 22:12:56'),
(816,1,1,1789,756,13,NULL,NULL,'AVAILABLE',60.0000,0.0000,'UN','2026-07-12 21:53:05','2026-07-12 22:05:36','2026-07-12 22:12:56'),
(817,1,1,1790,757,13,NULL,NULL,'AVAILABLE',60.0000,0.0000,'UN','2026-07-12 21:53:05','2026-07-12 22:05:38','2026-07-12 22:12:56'),
(818,1,1,1791,758,13,NULL,NULL,'AVAILABLE',60.0000,0.0000,'UN','2026-07-12 21:53:05','2026-07-12 22:05:39','2026-07-12 22:12:56'),
(819,1,1,1792,759,13,NULL,NULL,'AVAILABLE',60.0000,0.0000,'UN','2026-07-12 21:53:05','2026-07-12 22:05:40','2026-07-12 22:12:56'),
(820,1,1,1793,760,13,NULL,NULL,'AVAILABLE',60.0000,0.0000,'UN','2026-07-12 21:53:05','2026-07-12 22:05:41','2026-07-12 22:12:56'),
(821,1,1,1794,761,13,NULL,NULL,'AVAILABLE',60.0000,0.0000,'UN','2026-07-12 21:53:05','2026-07-12 22:05:43','2026-07-12 22:12:56'),
(822,1,1,1795,762,13,NULL,NULL,'AVAILABLE',60.0000,0.0000,'UN','2026-07-12 21:53:05','2026-07-12 22:05:44','2026-07-12 22:12:56'),
(823,1,1,1796,763,13,NULL,NULL,'AVAILABLE',60.0000,0.0000,'UN','2026-07-12 21:53:05','2026-07-12 22:05:45','2026-07-12 22:12:56'),
(824,1,1,1797,764,13,NULL,NULL,'AVAILABLE',60.0000,0.0000,'UN','2026-07-12 21:53:05','2026-07-12 22:05:46','2026-07-12 22:12:56'),
(825,1,1,1798,765,13,NULL,NULL,'AVAILABLE',60.0000,0.0000,'UN','2026-07-12 21:53:05','2026-07-12 22:05:47','2026-07-12 22:12:56'),
(826,1,1,1799,766,13,NULL,NULL,'AVAILABLE',60.0000,0.0000,'UN','2026-07-12 21:53:05','2026-07-12 22:05:49','2026-07-12 22:12:56'),
(827,1,1,1800,767,13,NULL,NULL,'AVAILABLE',60.0000,0.0000,'UN','2026-07-12 21:53:05','2026-07-12 22:05:50','2026-07-12 22:12:56'),
(828,1,1,1801,768,13,NULL,NULL,'AVAILABLE',60.0000,0.0000,'UN','2026-07-12 21:53:05','2026-07-12 22:05:51','2026-07-12 22:12:56'),
(829,1,1,1802,769,13,NULL,NULL,'AVAILABLE',60.0000,0.0000,'UN','2026-07-12 21:53:05','2026-07-12 22:05:52','2026-07-12 22:12:56'),
(830,1,1,1803,770,13,NULL,NULL,'AVAILABLE',60.0000,0.0000,'UN','2026-07-12 21:53:05','2026-07-12 22:05:53','2026-07-12 22:12:56'),
(831,1,1,1804,771,13,NULL,NULL,'AVAILABLE',60.0000,0.0000,'UN','2026-07-12 21:53:05','2026-07-12 22:05:55','2026-07-12 22:12:56'),
(832,1,1,1805,772,13,NULL,NULL,'AVAILABLE',60.0000,0.0000,'UN','2026-07-12 21:53:05','2026-07-12 22:05:56','2026-07-12 22:12:56'),
(833,1,1,1806,773,13,NULL,NULL,'AVAILABLE',60.0000,0.0000,'UN','2026-07-12 21:53:05','2026-07-12 22:05:57','2026-07-12 22:12:56'),
(834,1,1,1807,774,13,NULL,NULL,'AVAILABLE',60.0000,0.0000,'UN','2026-07-12 21:53:05','2026-07-12 22:05:58','2026-07-12 22:12:56'),
(835,1,1,1808,775,13,NULL,NULL,'AVAILABLE',60.0000,0.0000,'UN','2026-07-12 21:53:05','2026-07-12 22:06:00','2026-07-12 22:12:56'),
(836,1,1,1809,776,13,NULL,NULL,'AVAILABLE',60.0000,0.0000,'UN','2026-07-12 21:53:05','2026-07-12 22:06:01','2026-07-12 22:12:56'),
(837,1,1,1810,777,13,NULL,NULL,'AVAILABLE',60.0000,0.0000,'UN','2026-07-12 21:53:05','2026-07-12 22:06:02','2026-07-12 22:12:56'),
(838,1,1,1811,778,13,NULL,NULL,'AVAILABLE',60.0000,0.0000,'UN','2026-07-12 21:53:05','2026-07-12 22:06:03','2026-07-12 22:12:56'),
(839,1,1,1812,779,13,NULL,NULL,'AVAILABLE',60.0000,0.0000,'UN','2026-07-12 21:53:05','2026-07-12 22:06:05','2026-07-12 22:12:56'),
(840,1,1,1813,780,13,NULL,NULL,'AVAILABLE',60.0000,0.0000,'UN','2026-07-12 21:53:05','2026-07-12 22:06:06','2026-07-12 22:12:56'),
(841,1,1,1814,781,13,NULL,NULL,'AVAILABLE',60.0000,0.0000,'UN','2026-07-12 21:53:05','2026-07-12 22:06:07','2026-07-12 22:12:56'),
(842,1,1,1815,782,13,NULL,NULL,'AVAILABLE',60.0000,0.0000,'UN','2026-07-12 21:53:05','2026-07-12 22:06:08','2026-07-12 22:12:56'),
(843,1,1,1816,783,13,NULL,NULL,'AVAILABLE',60.0000,0.0000,'UN','2026-07-12 21:53:05','2026-07-12 22:06:09','2026-07-12 22:12:56'),
(844,1,1,1817,784,13,NULL,NULL,'AVAILABLE',60.0000,0.0000,'UN','2026-07-12 21:53:05','2026-07-12 22:06:11','2026-07-12 22:12:56'),
(845,1,1,1818,785,13,NULL,NULL,'AVAILABLE',60.0000,0.0000,'UN','2026-07-12 21:53:05','2026-07-12 22:06:12','2026-07-12 22:12:56'),
(846,1,1,1819,786,13,NULL,NULL,'AVAILABLE',60.0000,0.0000,'UN','2026-07-12 21:53:05','2026-07-12 22:06:13','2026-07-12 22:12:56'),
(847,1,1,1820,787,13,NULL,NULL,'AVAILABLE',60.0000,0.0000,'UN','2026-07-12 21:53:05','2026-07-12 22:06:14','2026-07-12 22:12:56'),
(848,1,1,1821,788,13,NULL,NULL,'AVAILABLE',60.0000,0.0000,'UN','2026-07-12 21:53:05','2026-07-12 22:06:16','2026-07-12 22:12:56'),
(849,1,1,1822,789,13,NULL,NULL,'AVAILABLE',60.0000,0.0000,'UN','2026-07-12 21:53:05','2026-07-12 22:06:17','2026-07-12 22:12:56'),
(850,1,1,1823,790,12,NULL,NULL,'AVAILABLE',60.0000,0.0000,'UN','2026-07-12 21:53:05','2026-07-12 22:06:18','2026-07-12 22:12:56'),
(851,1,1,1824,791,12,NULL,NULL,'AVAILABLE',60.0000,0.0000,'UN','2026-07-12 21:53:05','2026-07-12 22:06:19','2026-07-12 22:12:56'),
(852,1,1,1825,792,12,NULL,NULL,'AVAILABLE',60.0000,0.0000,'UN','2026-07-12 21:53:05','2026-07-12 22:06:20','2026-07-12 22:12:56'),
(853,1,1,1826,793,12,NULL,NULL,'AVAILABLE',60.0000,0.0000,'UN','2026-07-12 21:53:05','2026-07-12 22:06:22','2026-07-12 22:12:56'),
(854,1,1,1827,794,12,NULL,NULL,'AVAILABLE',60.0000,0.0000,'UN','2026-07-12 21:53:05','2026-07-12 22:06:23','2026-07-12 22:12:56'),
(855,1,1,1828,795,12,NULL,NULL,'AVAILABLE',60.0000,0.0000,'UN','2026-07-12 21:53:05','2026-07-12 22:06:24','2026-07-12 22:12:56'),
(856,1,1,1829,796,12,NULL,NULL,'AVAILABLE',60.0000,0.0000,'UN','2026-07-12 21:53:05','2026-07-12 22:06:25','2026-07-12 22:12:56'),
(857,1,1,1830,797,12,NULL,NULL,'AVAILABLE',60.0000,0.0000,'UN','2026-07-12 21:53:05','2026-07-12 22:06:27','2026-07-12 22:12:56'),
(858,1,1,1831,798,12,NULL,NULL,'AVAILABLE',60.0000,0.0000,'UN','2026-07-12 21:53:05','2026-07-12 22:06:28','2026-07-12 22:12:57'),
(859,1,1,1832,799,12,NULL,NULL,'AVAILABLE',60.0000,0.0000,'UN','2026-07-12 21:53:05','2026-07-12 22:06:29','2026-07-12 22:12:57'),
(860,1,1,1833,800,12,NULL,NULL,'AVAILABLE',60.0000,0.0000,'UN','2026-07-12 21:53:05','2026-07-12 22:06:30','2026-07-12 22:12:57'),
(861,1,1,1834,801,12,NULL,NULL,'AVAILABLE',60.0000,0.0000,'UN','2026-07-12 21:53:05','2026-07-12 22:06:31','2026-07-12 22:12:57'),
(862,1,1,1835,802,12,NULL,NULL,'AVAILABLE',60.0000,0.0000,'UN','2026-07-12 21:53:05','2026-07-12 22:06:33','2026-07-12 22:12:57'),
(863,1,1,1836,803,12,NULL,NULL,'AVAILABLE',60.0000,0.0000,'UN','2026-07-12 21:53:05','2026-07-12 22:06:34','2026-07-12 22:12:57'),
(864,1,1,1837,804,12,NULL,NULL,'AVAILABLE',60.0000,0.0000,'UN','2026-07-12 21:53:05','2026-07-12 22:06:35','2026-07-12 22:12:57'),
(865,1,1,1838,805,12,NULL,NULL,'AVAILABLE',60.0000,0.0000,'UN','2026-07-12 21:53:05','2026-07-12 22:06:36','2026-07-12 22:12:57'),
(866,1,1,1839,806,12,NULL,NULL,'AVAILABLE',60.0000,0.0000,'UN','2026-07-12 21:53:05','2026-07-12 22:06:38','2026-07-12 22:12:57'),
(867,1,1,1840,807,12,NULL,NULL,'AVAILABLE',60.0000,0.0000,'UN','2026-07-12 21:53:05','2026-07-12 22:06:39','2026-07-12 22:12:57'),
(868,1,1,1841,808,12,NULL,NULL,'AVAILABLE',60.0000,0.0000,'UN','2026-07-12 21:53:05','2026-07-12 22:06:40','2026-07-12 22:12:57'),
(869,1,1,1842,809,12,NULL,NULL,'AVAILABLE',60.0000,0.0000,'UN','2026-07-12 21:53:05','2026-07-12 22:06:41','2026-07-12 22:12:57'),
(870,1,1,1843,810,12,NULL,NULL,'AVAILABLE',60.0000,0.0000,'UN','2026-07-12 21:53:05','2026-07-12 22:06:42','2026-07-12 22:12:57'),
(871,1,1,1844,811,12,NULL,NULL,'AVAILABLE',60.0000,0.0000,'UN','2026-07-12 21:53:05','2026-07-12 22:06:44','2026-07-12 22:12:57'),
(872,1,1,1845,812,12,NULL,NULL,'AVAILABLE',60.0000,0.0000,'UN','2026-07-12 21:53:05','2026-07-12 22:06:45','2026-07-12 22:12:57'),
(873,1,1,1846,813,12,NULL,NULL,'AVAILABLE',60.0000,0.0000,'UN','2026-07-12 21:53:05','2026-07-12 22:06:46','2026-07-12 22:12:57'),
(874,1,1,1847,814,12,NULL,NULL,'AVAILABLE',60.0000,0.0000,'UN','2026-07-12 21:53:05','2026-07-12 22:06:47','2026-07-12 22:12:57'),
(875,1,1,1848,815,12,NULL,NULL,'AVAILABLE',60.0000,0.0000,'UN','2026-07-12 21:53:05','2026-07-12 22:06:49','2026-07-12 22:12:57'),
(876,1,1,1849,816,12,NULL,NULL,'AVAILABLE',60.0000,0.0000,'UN','2026-07-12 21:53:05','2026-07-12 22:06:50','2026-07-12 22:12:57'),
(877,1,1,1850,817,12,NULL,NULL,'AVAILABLE',60.0000,0.0000,'UN','2026-07-12 21:53:05','2026-07-12 22:06:51','2026-07-12 22:12:57'),
(878,1,1,1851,818,12,NULL,NULL,'AVAILABLE',60.0000,0.0000,'UN','2026-07-12 21:53:05','2026-07-12 22:06:52','2026-07-12 22:12:57'),
(879,1,1,1852,819,12,NULL,NULL,'AVAILABLE',60.0000,0.0000,'UN','2026-07-12 21:53:05','2026-07-12 22:06:53','2026-07-12 22:12:57'),
(880,1,1,1853,820,12,NULL,NULL,'AVAILABLE',60.0000,0.0000,'UN','2026-07-12 21:53:05','2026-07-12 22:06:55','2026-07-12 22:12:57'),
(881,1,1,1854,821,12,NULL,NULL,'AVAILABLE',60.0000,0.0000,'UN','2026-07-12 21:53:05','2026-07-12 22:06:56','2026-07-12 22:12:57'),
(882,1,1,1855,822,12,NULL,NULL,'AVAILABLE',60.0000,0.0000,'UN','2026-07-12 21:53:05','2026-07-12 22:06:57','2026-07-12 22:12:57'),
(883,1,1,1856,823,12,NULL,NULL,'AVAILABLE',60.0000,0.0000,'UN','2026-07-12 21:53:05','2026-07-12 22:06:58','2026-07-12 22:12:57'),
(884,1,1,1857,824,14,NULL,NULL,'AVAILABLE',60.0000,0.0000,'UN','2026-07-12 21:53:05','2026-07-12 22:06:59','2026-07-12 22:12:57'),
(885,1,1,1858,825,14,NULL,NULL,'AVAILABLE',60.0000,0.0000,'UN','2026-07-12 21:53:05','2026-07-12 22:07:01','2026-07-12 22:12:57'),
(886,1,1,1859,826,14,NULL,NULL,'AVAILABLE',60.0000,0.0000,'UN','2026-07-12 21:53:05','2026-07-12 22:07:02','2026-07-12 22:12:57'),
(887,1,1,1860,827,14,NULL,NULL,'AVAILABLE',60.0000,0.0000,'UN','2026-07-12 21:53:05','2026-07-12 22:07:03','2026-07-12 22:12:57'),
(888,1,1,1861,828,14,NULL,NULL,'AVAILABLE',60.0000,0.0000,'UN','2026-07-12 21:53:05','2026-07-12 22:07:04','2026-07-12 22:12:57'),
(889,1,1,1862,829,14,NULL,NULL,'AVAILABLE',60.0000,0.0000,'UN','2026-07-12 21:53:05','2026-07-12 22:07:06','2026-07-12 22:12:57'),
(890,1,1,1863,830,14,NULL,NULL,'AVAILABLE',60.0000,0.0000,'UN','2026-07-12 21:53:05','2026-07-12 22:07:07','2026-07-12 22:12:57'),
(891,1,1,1864,831,14,NULL,NULL,'AVAILABLE',60.0000,0.0000,'UN','2026-07-12 21:53:05','2026-07-12 22:07:08','2026-07-12 22:12:57'),
(892,1,1,1865,832,14,NULL,NULL,'AVAILABLE',60.0000,0.0000,'UN','2026-07-12 21:53:05','2026-07-12 22:07:09','2026-07-12 22:12:57'),
(893,1,1,1866,833,14,NULL,NULL,'AVAILABLE',60.0000,0.0000,'UN','2026-07-12 21:53:05','2026-07-12 22:07:10','2026-07-12 22:12:57'),
(894,1,1,1867,834,14,NULL,NULL,'AVAILABLE',60.0000,0.0000,'UN','2026-07-12 21:53:05','2026-07-12 22:07:12','2026-07-12 22:12:57'),
(895,1,1,1868,835,14,NULL,NULL,'AVAILABLE',60.0000,0.0000,'UN','2026-07-12 21:53:05','2026-07-12 22:07:13','2026-07-12 22:12:57'),
(896,1,1,1869,836,14,NULL,NULL,'AVAILABLE',60.0000,0.0000,'UN','2026-07-12 21:53:05','2026-07-12 22:07:14','2026-07-12 22:12:57'),
(897,1,1,1870,837,14,NULL,NULL,'AVAILABLE',60.0000,0.0000,'UN','2026-07-12 21:53:05','2026-07-12 22:07:15','2026-07-12 22:12:57'),
(898,1,1,1871,838,14,NULL,NULL,'AVAILABLE',60.0000,0.0000,'UN','2026-07-12 21:53:05','2026-07-12 22:07:17','2026-07-12 22:12:57'),
(899,1,1,1872,839,14,NULL,NULL,'AVAILABLE',60.0000,0.0000,'UN','2026-07-12 21:53:05','2026-07-12 22:07:18','2026-07-12 22:12:57'),
(900,1,1,1873,840,14,NULL,NULL,'AVAILABLE',60.0000,0.0000,'UN','2026-07-12 21:53:05','2026-07-12 22:07:19','2026-07-12 22:12:57'),
(901,1,1,1874,841,14,NULL,NULL,'AVAILABLE',60.0000,0.0000,'UN','2026-07-12 21:53:05','2026-07-12 22:07:20','2026-07-12 22:12:57'),
(902,1,1,1875,842,14,NULL,NULL,'AVAILABLE',60.0000,0.0000,'UN','2026-07-12 21:53:05','2026-07-12 22:07:22','2026-07-12 22:12:57'),
(903,1,1,1876,843,14,NULL,NULL,'AVAILABLE',60.0000,0.0000,'UN','2026-07-12 21:53:05','2026-07-12 22:07:23','2026-07-12 22:12:57'),
(904,1,1,1877,844,14,NULL,NULL,'AVAILABLE',60.0000,0.0000,'UN','2026-07-12 21:53:05','2026-07-12 22:07:24','2026-07-12 22:12:57'),
(905,1,1,1878,845,14,NULL,NULL,'AVAILABLE',60.0000,0.0000,'UN','2026-07-12 21:53:05','2026-07-12 22:07:25','2026-07-12 22:12:57'),
(906,1,1,1879,846,14,NULL,NULL,'AVAILABLE',60.0000,0.0000,'UN','2026-07-12 21:53:05','2026-07-12 22:07:26','2026-07-12 22:12:57'),
(907,1,1,1880,847,14,NULL,NULL,'AVAILABLE',60.0000,0.0000,'UN','2026-07-12 21:53:05','2026-07-12 22:07:28','2026-07-12 22:12:57'),
(908,1,1,1881,848,14,NULL,NULL,'AVAILABLE',60.0000,0.0000,'UN','2026-07-12 21:53:05','2026-07-12 22:07:29','2026-07-12 22:12:57'),
(909,1,1,1882,849,14,NULL,NULL,'AVAILABLE',60.0000,0.0000,'UN','2026-07-12 21:53:05','2026-07-12 22:07:30','2026-07-12 22:12:57'),
(910,1,1,1051,850,14,NULL,NULL,'AVAILABLE',60.0000,0.0000,'UN','2026-07-12 21:53:05','2026-07-12 22:07:31','2026-07-14 02:03:29'),
(912,1,1,1051,851,35,17,NULL,'QA',300.0000,0.0000,'KG','2026-07-13 12:09:38','2026-07-13 12:10:29','2026-07-13 12:15:19'),
(915,1,3,1,852,39,19,NULL,'QA',80.0000,0.0000,'KG','2026-07-12 19:55:46','2026-07-14 16:54:19','2026-07-14 19:55:46'),
(917,1,3,1,853,40,20,NULL,'QA',500.0000,0.0000,'M','2026-07-13 19:55:46','2026-07-14 16:54:19','2026-07-14 19:55:46'),
(933,1,3,3,854,41,NULL,'SN-MP-TAG-RFID-PALLET-0001','QA',1.0000,0.0000,'UN','2026-07-14 13:55:46','2026-07-14 16:54:19','2026-07-14 19:55:46'),
(934,1,3,3,854,41,NULL,'SN-MP-TAG-RFID-PALLET-0002','QA',1.0000,0.0000,'UN','2026-07-14 13:55:46','2026-07-14 16:54:19','2026-07-14 19:55:46'),
(935,1,3,3,854,41,NULL,'SN-MP-TAG-RFID-PALLET-0003','QA',1.0000,0.0000,'UN','2026-07-14 13:55:46','2026-07-14 16:54:19','2026-07-14 19:55:46'),
(936,1,3,3,854,41,NULL,'SN-MP-TAG-RFID-PALLET-0004','QA',1.0000,0.0000,'UN','2026-07-14 13:55:46','2026-07-14 16:54:19','2026-07-14 19:55:46'),
(937,1,3,3,854,41,NULL,'SN-MP-TAG-RFID-PALLET-0005','QA',1.0000,0.0000,'UN','2026-07-14 13:55:46','2026-07-14 16:54:19','2026-07-14 19:55:46'),
(938,1,3,3,854,41,NULL,'SN-MP-TAG-RFID-PALLET-0006','QA',1.0000,0.0000,'UN','2026-07-14 13:55:46','2026-07-14 16:54:19','2026-07-14 19:55:46'),
(939,1,3,3,854,41,NULL,'SN-MP-TAG-RFID-PALLET-0007','QA',1.0000,0.0000,'UN','2026-07-14 13:55:46','2026-07-14 16:54:19','2026-07-14 19:55:46'),
(940,1,3,3,854,41,NULL,'SN-MP-TAG-RFID-PALLET-0008','QA',1.0000,0.0000,'UN','2026-07-14 13:55:46','2026-07-14 16:54:19','2026-07-14 19:55:46'),
(941,1,3,3,854,41,NULL,'SN-MP-TAG-RFID-PALLET-0009','QA',1.0000,0.0000,'UN','2026-07-14 13:55:46','2026-07-14 16:54:19','2026-07-14 19:55:46'),
(942,1,3,3,854,41,NULL,'SN-MP-TAG-RFID-PALLET-0010','QA',1.0000,0.0000,'UN','2026-07-14 13:55:46','2026-07-14 16:54:19','2026-07-14 19:55:46'),
(943,1,3,3,854,41,NULL,'SN-MP-TAG-RFID-PALLET-0011','QA',1.0000,0.0000,'UN','2026-07-14 13:55:46','2026-07-14 16:54:19','2026-07-14 19:55:46'),
(944,1,3,3,854,41,NULL,'SN-MP-TAG-RFID-PALLET-0012','QA',1.0000,0.0000,'UN','2026-07-14 13:55:46','2026-07-14 16:54:19','2026-07-14 19:55:46'),
(945,1,3,3,854,41,NULL,'SN-MP-TAG-RFID-PALLET-0013','QA',1.0000,0.0000,'UN','2026-07-14 13:55:46','2026-07-14 16:54:19','2026-07-14 19:55:46'),
(946,1,3,3,854,41,NULL,'SN-MP-TAG-RFID-PALLET-0014','QA',1.0000,0.0000,'UN','2026-07-14 13:55:46','2026-07-14 16:54:19','2026-07-14 19:55:46'),
(947,1,3,3,854,41,NULL,'SN-MP-TAG-RFID-PALLET-0015','QA',1.0000,0.0000,'UN','2026-07-14 13:55:46','2026-07-14 16:54:19','2026-07-14 19:55:46'),
(950,1,1,7048,855,43,NULL,NULL,'QA',720.0000,0.0000,'UN','2026-07-12 19:55:46','2026-07-14 16:54:20','2026-07-14 19:55:46'),
(952,1,1,7048,856,44,NULL,NULL,'QA',96.0000,0.0000,'UN','2026-07-13 19:55:46','2026-07-14 16:54:20','2026-07-14 19:55:46'),
(973,1,1,1051,857,45,NULL,'SN-BOT-PET-750-NUM-0001','QA',1.0000,0.0000,'UN','2026-07-14 13:55:46','2026-07-14 16:54:21','2026-07-14 19:55:46'),
(974,1,1,1051,857,45,NULL,'SN-BOT-PET-750-NUM-0002','QA',1.0000,0.0000,'UN','2026-07-14 13:55:46','2026-07-14 16:54:21','2026-07-14 19:55:46'),
(975,1,1,1051,857,45,NULL,'SN-BOT-PET-750-NUM-0003','QA',1.0000,0.0000,'UN','2026-07-14 13:55:46','2026-07-14 16:54:21','2026-07-14 19:55:46'),
(976,1,1,1051,857,45,NULL,'SN-BOT-PET-750-NUM-0004','QA',1.0000,0.0000,'UN','2026-07-14 13:55:46','2026-07-14 16:54:21','2026-07-14 19:55:46'),
(977,1,1,1051,857,45,NULL,'SN-BOT-PET-750-NUM-0005','QA',1.0000,0.0000,'UN','2026-07-14 13:55:46','2026-07-14 16:54:21','2026-07-14 19:55:46'),
(978,1,1,1051,857,45,NULL,'SN-BOT-PET-750-NUM-0006','QA',1.0000,0.0000,'UN','2026-07-14 13:55:46','2026-07-14 16:54:21','2026-07-14 19:55:46'),
(979,1,1,1051,857,45,NULL,'SN-BOT-PET-750-NUM-0007','QA',1.0000,0.0000,'UN','2026-07-14 13:55:46','2026-07-14 16:54:21','2026-07-14 19:55:46'),
(980,1,1,1051,857,45,NULL,'SN-BOT-PET-750-NUM-0008','QA',1.0000,0.0000,'UN','2026-07-14 13:55:46','2026-07-14 16:54:21','2026-07-14 19:55:46'),
(981,1,1,1051,857,45,NULL,'SN-BOT-PET-750-NUM-0009','QA',1.0000,0.0000,'UN','2026-07-14 13:55:46','2026-07-14 16:54:21','2026-07-14 19:55:46'),
(982,1,1,1051,857,45,NULL,'SN-BOT-PET-750-NUM-0010','QA',1.0000,0.0000,'UN','2026-07-14 13:55:46','2026-07-14 16:54:21','2026-07-14 19:55:46'),
(983,1,1,1051,857,45,NULL,'SN-BOT-PET-750-NUM-0011','QA',1.0000,0.0000,'UN','2026-07-14 13:55:46','2026-07-14 16:54:21','2026-07-14 19:55:46'),
(984,1,1,1051,857,45,NULL,'SN-BOT-PET-750-NUM-0012','QA',1.0000,0.0000,'UN','2026-07-14 13:55:46','2026-07-14 16:54:21','2026-07-14 19:55:46'),
(985,1,1,1051,857,45,NULL,'SN-BOT-PET-750-NUM-0013','QA',1.0000,0.0000,'UN','2026-07-14 13:55:46','2026-07-14 16:54:21','2026-07-14 19:55:46'),
(986,1,1,1051,857,45,NULL,'SN-BOT-PET-750-NUM-0014','QA',1.0000,0.0000,'UN','2026-07-14 13:55:46','2026-07-14 16:54:21','2026-07-14 19:55:46'),
(987,1,1,1051,857,45,NULL,'SN-BOT-PET-750-NUM-0015','QA',1.0000,0.0000,'UN','2026-07-14 13:55:46','2026-07-14 16:54:21','2026-07-14 19:55:46'),
(988,1,1,1051,857,45,NULL,'SN-BOT-PET-750-NUM-0016','QA',1.0000,0.0000,'UN','2026-07-14 13:55:46','2026-07-14 16:54:21','2026-07-14 19:55:46'),
(989,1,1,1051,857,45,NULL,'SN-BOT-PET-750-NUM-0017','QA',1.0000,0.0000,'UN','2026-07-14 13:55:46','2026-07-14 16:54:21','2026-07-14 19:55:46'),
(990,1,1,1051,857,45,NULL,'SN-BOT-PET-750-NUM-0018','QA',1.0000,0.0000,'UN','2026-07-14 13:55:46','2026-07-14 16:54:21','2026-07-14 19:55:46'),
(991,1,1,1051,857,45,NULL,'SN-BOT-PET-750-NUM-0019','QA',1.0000,0.0000,'UN','2026-07-14 13:55:46','2026-07-14 16:54:21','2026-07-14 19:55:46'),
(992,1,1,1051,857,45,NULL,'SN-BOT-PET-750-NUM-0020','QA',1.0000,0.0000,'UN','2026-07-14 13:55:46','2026-07-14 16:54:21','2026-07-14 19:55:46'),
(999,1,1,7048,855,42,NULL,NULL,'QA',144.0000,0.0000,'UN','2026-07-11 19:55:46','2026-07-18 18:25:31','2026-07-18 18:25:31'),
(1000,1,3,1,858,38,18,NULL,'QA',250.0000,0.0000,'KG','2026-07-11 19:55:46','2026-07-18 18:25:51','2026-07-18 18:25:51');

--
